{"id":105074,"date":"2022-01-04T14:56:40","date_gmt":"2022-01-04T13:56:40","guid":{"rendered":"https:\/\/nabytoklaguna.sk\/sk\/?post_type=product&#038;p=105074"},"modified":"2026-02-04T14:15:42","modified_gmt":"2026-02-04T13:15:42","slug":"pyka-adam","status":"publish","type":"product","link":"https:\/\/nabytoklaguna.sk\/sk\/produkt\/pyka-adam\/","title":{"rendered":"ADAM ko\u017een\u00e1 sedacia s\u00faprava D3"},"content":{"rendered":"<p><strong>Ko\u017een\u00e1<\/strong> sedacia s\u00faprava <strong>ADAM<\/strong> sa p\u00fd\u0161i svoj\u00edm <strong>\u0161t\u00fdlov\u00fdm preveden\u00edm<\/strong>, ktor\u00e9 je doplnen\u00e9 mas\u00edvnymi vyrez\u00e1van\u00fdmi nohami. \u00a0Podstavec je vyroben\u00fd z<strong> mas\u00edvneho dubov\u00e9ho dreva<\/strong>, pohodln\u00e9 sedenie zaru\u010duj\u00fa pru\u017einy Bonell. \u010cal\u00fanenie na seda\u010dke je z <strong>kvalitnej talianskej ko\u017ee<\/strong>. Zobrazen\u00fd set pon\u00faka 3N- 3sed bez rozkladu, 2sed a kreslo. Za pr\u00edplatok je mo\u017en\u00e9 objedna\u0165 3-sed s rozkladom. T\u00e1to sedacia s\u00faprava ohrom\u00ed najm\u00e4 <strong>milovn\u00edkov luxusu.<\/strong><\/p>\n<p>Mo\u017enos\u0165 zak\u00fapi\u0165 aj\u00a0<strong>taburet<\/strong>\u00a0o rozmeroch (\u0161 x h x v) 55 x 55 x 47 cm za cenu<strong> 309 eur<\/strong><\/p>\n<p><strong>Rozmer trojsed:<\/strong><\/p>\n<p><strong>\u0160\u00edrka:\u00a0<\/strong>190 cm<\/p>\n<p><strong>V\u00fd\u0161ka:<\/strong>\u00a095 cm<\/p>\n<p><strong>H\u013abka:<\/strong>\u00a090 cm<\/p>\n<p><strong>Spacia plocha:\u00a0<\/strong>140&#215;190 cm<\/p>\n<p>&nbsp;<\/p>\n<p><strong>Rozmer dvojsed:<\/strong><\/p>\n<p><strong>\u0160\u00edrka:\u00a0<\/strong>130 cm<\/p>\n<p><strong>V\u00fd\u0161ka:<\/strong>\u00a095 cm<\/p>\n<p><strong>H\u013abka:<\/strong>\u00a090 cm<\/p>\n<p>&nbsp;<\/p>\n<p><strong>Rozmer kresla:<\/strong><\/p>\n<p><strong>\u0160\u00edrka:\u00a0<\/strong>90 cm<\/p>\n<p><strong>V\u00fd\u0161ka:<\/strong>\u00a095 cm<\/p>\n<p><strong>H\u013abka:<\/strong>\u00a090 cm<\/p>\n<p><strong>Materi\u00e1l:<\/strong> ko\u017ea\/mas\u00edvne drevo<\/p>\n<ul>\n<li>Farebn\u00e9 prevedenie dreva a ko\u017ee sa na z\u00e1klade nastavenia jasu na Va\u0161ej obrazovke m\u00f4\u017ee l\u00ed\u0161i\u0165<\/li>\n<\/ul>\n","protected":false},"excerpt":{"rendered":"<p>Ko\u017een\u00e1 sedacia s\u00faprava ADAM sa p\u00fd\u0161i svoj\u00edm \u0161t\u00fdlov\u00fdm preveden\u00edm, ktor\u00e9 je doplnen\u00e9 mas\u00edvnymi vyrez\u00e1van\u00fdmi nohami. \u00a0Podstavec je vyroben\u00fd z mas\u00edvneho dubov\u00e9ho dreva, pohodln\u00e9 sedenie zaru\u010duj\u00fa pru\u017einy Bonell. \u010cal\u00fanenie na seda\u010dke je z kvalitnej talianskej ko\u017ee. Zobrazen\u00fd set pon\u00faka 3N- 3sed bez rozkladu, 2sed a kreslo. Za pr\u00edplatok je mo\u017en\u00e9 objedna\u0165 3-sed s rozkladom. T\u00e1to sedacia&#8230;<\/p>\n","protected":false},"featured_media":116161,"comment_status":"closed","ping_status":"closed","template":"","meta":{"_seopress_robots_primary_cat":"none","_seopress_titles_title":"","_seopress_titles_desc":"","_seopress_robots_index":""},"product_brand":[],"product_cat":[256,140,214],"product_tag":[],"class_list":{"0":"post-105074","1":"product","2":"type-product","3":"status-publish","4":"has-post-thumbnail","6":"product_cat-supravy-311","7":"product_cat-sedacie-supravy","8":"product_cat-kozene-sedacie-supravy","9":"pa_typ-produktu-2-sed-2","10":"pa_typ-produktu-3-sed-bez-rozkladu","11":"pa_typ-produktu-3-sed-s-rozkladom","12":"pa_typ-produktu-3n11","13":"pa_typ-produktu-3n21","14":"pa_typ-produktu-kreslo","16":"first","17":"instock","18":"shipping-taxable","19":"purchasable","20":"product-type-variable"},"_links":{"self":[{"href":"https:\/\/nabytoklaguna.sk\/sk\/wp-json\/wp\/v2\/product\/105074","targetHints":{"allow":["GET"]}}],"collection":[{"href":"https:\/\/nabytoklaguna.sk\/sk\/wp-json\/wp\/v2\/product"}],"about":[{"href":"https:\/\/nabytoklaguna.sk\/sk\/wp-json\/wp\/v2\/types\/product"}],"replies":[{"embeddable":true,"href":"https:\/\/nabytoklaguna.sk\/sk\/wp-json\/wp\/v2\/comments?post=105074"}],"wp:featuredmedia":[{"embeddable":true,"href":"https:\/\/nabytoklaguna.sk\/sk\/wp-json\/wp\/v2\/media\/116161"}],"wp:attachment":[{"href":"https:\/\/nabytoklaguna.sk\/sk\/wp-json\/wp\/v2\/media?parent=105074"}],"wp:term":[{"taxonomy":"product_brand","embeddable":true,"href":"https:\/\/nabytoklaguna.sk\/sk\/wp-json\/wp\/v2\/product_brand?post=105074"},{"taxonomy":"product_cat","embeddable":true,"href":"https:\/\/nabytoklaguna.sk\/sk\/wp-json\/wp\/v2\/product_cat?post=105074"},{"taxonomy":"product_tag","embeddable":true,"href":"https:\/\/nabytoklaguna.sk\/sk\/wp-json\/wp\/v2\/product_tag?post=105074"}],"curies":[{"name":"wp","href":"https:\/\/api.w.org\/{rel}","templated":true}]}}

ADAM kožená sedacia súprava D3

<p><strong>Kožená</strong> sedacia súprava <strong>ADAM</strong> sa pýši svojím <strong>štýlovým prevedením</strong>, ktoré je doplnené masívnymi vyrezávanými nohami.  Podstavec je vyrobený z<strong> masívneho dubového dreva</strong>, pohodlné sedenie zaručujú pružiny Bonell. Čalúnenie na sedačke je z <strong>kvalitnej talianskej kože</strong>. Zobrazený set ponúka 3N- 3sed bez rozkladu, 2sed a kreslo. Za príplatok je možné objednať 3-sed s rozkladom. Táto sedacia súprava ohromí najmä <strong>milovníkov luxusu.</strong></p>
<p>Možnosť zakúpiť aj <strong>taburet</strong> o rozmeroch (š x h x v) 55 x 55 x 47 cm za cenu<strong> 309 eur</strong></p>
<p><strong>Rozmer trojsed:</strong></p>
<p><strong>Šírka: </strong>190 cm</p>
<p><strong>Výška:</strong> 95 cm</p>
<p><strong>Hĺbka:</strong> 90 cm</p>
<p><strong>Spacia plocha: </strong>140&#215;190 cm</p>
<p>&nbsp;</p>
<p><strong>Rozmer dvojsed:</strong></p>
<p><strong>Šírka: </strong>130 cm</p>
<p><strong>Výška:</strong> 95 cm</p>
<p><strong>Hĺbka:</strong> 90 cm</p>
<p>&nbsp;</p>
<p><strong>Rozmer kresla:</strong></p>
<p><strong>Šírka: </strong>90 cm</p>
<p><strong>Výška:</strong> 95 cm</p>
<p><strong>Hĺbka:</strong> 90 cm</p>
<p><strong>Materiál:</strong> koža/masívne drevo</p>
<ul>
<li>Farebné prevedenie dreva a kože sa na základe nastavenia jasu na Vašej obrazovke môže líšiť</li>
</ul>

<p>Kožená sedacia súprava ADAM sa pýši svojím štýlovým prevedením, ktoré je doplnené masívnymi vyrezávanými nohami.  Podstavec je vyrobený z masívneho dubového dreva, pohodlné sedenie zaručujú pružiny Bonell. Čalúnenie na sedačke je z kvalitnej talianskej kože. Zobrazený set ponúka 3N- 3sed bez rozkladu, 2sed a kreslo. Za príplatok je možné objednať 3-sed s rozkladom. Táto sedacia&#8230;</p>
