{"id":105114,"date":"2022-01-05T12:31:26","date_gmt":"2022-01-05T11:31:26","guid":{"rendered":"https:\/\/nabytoklaguna.sk\/sk\/?post_type=product&#038;p=105114"},"modified":"2025-06-05T12:18:04","modified_gmt":"2025-06-05T10:18:04","slug":"pyka-kevin","status":"publish","type":"product","link":"https:\/\/nabytoklaguna.sk\/sk\/produkt\/pyka-kevin\/","title":{"rendered":"KEVIN ko\u017een\u00e1 sedacia s\u00faprava D3"},"content":{"rendered":"<p><strong>P\u00f4vabn\u00e1<\/strong> ko\u017een\u00e1 sedacia s\u00faprava <strong>KEVIN<\/strong> vnesie do V\u00e1\u0161ho domova kus starod\u00e1vneho <strong>\u0161t\u00fdlu<\/strong>. O <strong>kvalitn\u00e9 a dlhodob\u00e9<\/strong> pru\u017en\u00e9 sedenia sa postaraj\u00fa pru\u017einy typu Bonell. Podstavec seda\u010dky je<strong> z mas\u00edvneho dreva.<\/strong> Sedacia s\u00faprava je \u010dal\u00fanen\u00e1 <strong>pravou talianskou hov\u00e4dzou ko\u017eou.<\/strong> Zadn\u00e1 strana je \u010dal\u00fanen\u00e1 univerz\u00e1lnou l\u00e1tkou, je mo\u017en\u00e9 ju o\u010dal\u00fani\u0165<strong> ko\u017eou<\/strong> v tej istej farbe za pr\u00edplatok. Zobrazen\u00e1 zostava sa sklad\u00e1 z 3- sedu bez rozkladu. 2-sed a kreslo. Je mo\u017en\u00e9 objedna\u0165<strong> 3-sed s rozkladom<\/strong> za pr\u00edplatok. S touto sedacou s\u00fapravou budete nadmieru spokojn\u00ed.<\/p>\n<p><strong>Rozmer trojsedu:<\/strong><\/p>\n<p><strong>\u0160\u00edrka:\u00a0<\/strong>200 cm<\/p>\n<p><strong>V\u00fd\u0161ka:\u00a0<\/strong>105 cm<\/p>\n<p><strong>H\u013abka:\u00a0<\/strong>95 cm<\/p>\n<p><strong>Spacia plocha:\u00a0<\/strong>140&#215;190 cm<\/p>\n<p>&nbsp;<\/p>\n<p><strong>Rozmer dvojsedu:<\/strong><\/p>\n<p><strong>\u0160\u00edrka:\u00a0<\/strong>145 cm<\/p>\n<p><strong>V\u00fd\u0161ka:\u00a0<\/strong>105 cm<\/p>\n<p><strong>H\u013abka:\u00a0<\/strong>95 cm<\/p>\n<p>&nbsp;<\/p>\n<p><strong>Rozmer kresla:<\/strong><\/p>\n<p><strong>\u0160\u00edrka:\u00a0<\/strong>100 cm<\/p>\n<p><strong>V\u00fd\u0161ka:\u00a0<\/strong>105 cm<\/p>\n<p><strong>H\u013abka:\u00a0<\/strong>95 cm<\/p>\n<p><strong>Materi\u00e1l:<\/strong>\u00a0ko\u017ea\/mas\u00edvne drevo<\/p>\n<p>&nbsp;<\/p>\n<ul>\n<li>Farebn\u00e9 prevedenie dreva a ko\u017ee sa na z\u00e1klade nastavenia jasu na Va\u0161ej obrazovke m\u00f4\u017ee l\u00ed\u0161i\u0165<\/li>\n<\/ul>\n","protected":false},"excerpt":{"rendered":"<p>P\u00f4vabn\u00e1 ko\u017een\u00e1 sedacia s\u00faprava KEVIN vnesie do V\u00e1\u0161ho domova kus starod\u00e1vneho \u0161t\u00fdlu. O kvalitn\u00e9 a dlhodob\u00e9 pru\u017en\u00e9 sedenia sa postaraj\u00fa pru\u017einy typu Bonell. Podstavec seda\u010dky je z mas\u00edvneho dreva. Sedacia s\u00faprava je \u010dal\u00fanen\u00e1 pravou talianskou hov\u00e4dzou ko\u017eou. Zadn\u00e1 strana je \u010dal\u00fanen\u00e1 univerz\u00e1lnou l\u00e1tkou, je mo\u017en\u00e9 ju o\u010dal\u00fani\u0165 ko\u017eou v tej istej farbe za pr\u00edplatok. Zobrazen\u00e1&#8230;<\/p>\n","protected":false},"featured_media":105117,"comment_status":"closed","ping_status":"closed","template":"","meta":{"_seopress_robots_primary_cat":"none","_seopress_titles_title":"","_seopress_titles_desc":"","_seopress_robots_index":""},"product_brand":[],"product_cat":[256,140,214],"product_tag":[],"class_list":{"0":"post-105114","1":"product","2":"type-product","3":"status-publish","4":"has-post-thumbnail","6":"product_cat-supravy-311","7":"product_cat-sedacie-supravy","8":"product_cat-kozene-sedacie-supravy","9":"pa_typ-produktu-2-sed-2","10":"pa_typ-produktu-3-sed-bez-rozkladu","11":"pa_typ-produktu-3-sed-s-rozkladom","12":"pa_typ-produktu-3n11","13":"pa_typ-produktu-3n21","14":"pa_typ-produktu-kreslo","16":"first","17":"instock","18":"shipping-taxable","19":"purchasable","20":"product-type-variable"},"_links":{"self":[{"href":"https:\/\/nabytoklaguna.sk\/sk\/wp-json\/wp\/v2\/product\/105114","targetHints":{"allow":["GET"]}}],"collection":[{"href":"https:\/\/nabytoklaguna.sk\/sk\/wp-json\/wp\/v2\/product"}],"about":[{"href":"https:\/\/nabytoklaguna.sk\/sk\/wp-json\/wp\/v2\/types\/product"}],"replies":[{"embeddable":true,"href":"https:\/\/nabytoklaguna.sk\/sk\/wp-json\/wp\/v2\/comments?post=105114"}],"wp:featuredmedia":[{"embeddable":true,"href":"https:\/\/nabytoklaguna.sk\/sk\/wp-json\/wp\/v2\/media\/105117"}],"wp:attachment":[{"href":"https:\/\/nabytoklaguna.sk\/sk\/wp-json\/wp\/v2\/media?parent=105114"}],"wp:term":[{"taxonomy":"product_brand","embeddable":true,"href":"https:\/\/nabytoklaguna.sk\/sk\/wp-json\/wp\/v2\/product_brand?post=105114"},{"taxonomy":"product_cat","embeddable":true,"href":"https:\/\/nabytoklaguna.sk\/sk\/wp-json\/wp\/v2\/product_cat?post=105114"},{"taxonomy":"product_tag","embeddable":true,"href":"https:\/\/nabytoklaguna.sk\/sk\/wp-json\/wp\/v2\/product_tag?post=105114"}],"curies":[{"name":"wp","href":"https:\/\/api.w.org\/{rel}","templated":true}]}}

KEVIN kožená sedacia súprava D3

<p><strong>Pôvabná</strong> kožená sedacia súprava <strong>KEVIN</strong> vnesie do Vášho domova kus starodávneho <strong>štýlu</strong>. O <strong>kvalitné a dlhodobé</strong> pružné sedenia sa postarajú pružiny typu Bonell. Podstavec sedačky je<strong> z masívneho dreva.</strong> Sedacia súprava je čalúnená <strong>pravou talianskou hovädzou kožou.</strong> Zadná strana je čalúnená univerzálnou látkou, je možné ju očalúniť<strong> kožou</strong> v tej istej farbe za príplatok. Zobrazená zostava sa skladá z 3- sedu bez rozkladu. 2-sed a kreslo. Je možné objednať<strong> 3-sed s rozkladom</strong> za príplatok. S touto sedacou súpravou budete nadmieru spokojní.</p>
<p><strong>Rozmer trojsedu:</strong></p>
<p><strong>Šírka: </strong>200 cm</p>
<p><strong>Výška: </strong>105 cm</p>
<p><strong>Hĺbka: </strong>95 cm</p>
<p><strong>Spacia plocha: </strong>140&#215;190 cm</p>
<p>&nbsp;</p>
<p><strong>Rozmer dvojsedu:</strong></p>
<p><strong>Šírka: </strong>145 cm</p>
<p><strong>Výška: </strong>105 cm</p>
<p><strong>Hĺbka: </strong>95 cm</p>
<p>&nbsp;</p>
<p><strong>Rozmer kresla:</strong></p>
<p><strong>Šírka: </strong>100 cm</p>
<p><strong>Výška: </strong>105 cm</p>
<p><strong>Hĺbka: </strong>95 cm</p>
<p><strong>Materiál:</strong> koža/masívne drevo</p>
<p>&nbsp;</p>
<ul>
<li>Farebné prevedenie dreva a kože sa na základe nastavenia jasu na Vašej obrazovke môže líšiť</li>
</ul>

<p>Pôvabná kožená sedacia súprava KEVIN vnesie do Vášho domova kus starodávneho štýlu. O kvalitné a dlhodobé pružné sedenia sa postarajú pružiny typu Bonell. Podstavec sedačky je z masívneho dreva. Sedacia súprava je čalúnená pravou talianskou hovädzou kožou. Zadná strana je čalúnená univerzálnou látkou, je možné ju očalúniť kožou v tej istej farbe za príplatok. Zobrazená&#8230;</p>
