{"id":105381,"date":"2022-01-14T13:03:21","date_gmt":"2022-01-14T12:03:21","guid":{"rendered":"https:\/\/nabytoklaguna.sk\/sk\/?post_type=product&#038;p=105381"},"modified":"2026-02-05T12:19:06","modified_gmt":"2026-02-05T11:19:06","slug":"pyka-sara","status":"publish","type":"product","link":"https:\/\/nabytoklaguna.sk\/sk\/produkt\/pyka-sara\/","title":{"rendered":"SARA ko\u017een\u00e1 sedacia s\u00faprava"},"content":{"rendered":"<p><strong>Ko\u017een\u00e1 sedacia<\/strong> s\u00faprava <strong>SARA<\/strong> sa stane dominantn\u00fdm k\u00faskom n\u00e1bytku vo Va\u0161ej dom\u00e1cnosti. \u010cal\u00fanen\u00e1 je kvalitnou <strong>hov\u00e4dzou talianskou ko\u017eou<\/strong>. O pohodln\u00e9 a <strong>komfortn\u00e9 sedenie<\/strong> sa postar\u00e1 HR pena v kombin\u00e1cii s pru\u017einou Faliste. Mo\u017enos\u0165 vyrobi\u0165 nohy za pr\u00edplatok z vysokokvalitn\u00e9ho dubu. Zobrazen\u00e1 zostava pozost\u00e1va z <strong>3-sedu bez rozkladu, 2-sedu a kresla.<\/strong> Mo\u017enos\u0165 objednania 3- sedu s rozkladom za pr\u00edplatok. Tieto zostavy maj\u00fa navy\u0161e nesporn\u00fa v\u00fdhodu v tom, \u017ee umiestnenie jednotliv\u00fdch kusov v ob\u00fdva\u010dke mo\u017eno \u013eubovo\u013ene meni\u0165, a tak razom zmen\u00edte aj charakter miestnosti.<\/p>\n<p><strong>Rozmery:<\/strong> (\u0160xHxVxVsedu)<\/p>\n<ul>\n<li>3-sed &#8211; 205 x 88 x 85 x 46 cm<\/li>\n<li>2-sed &#8211; 149 x 88 x 85 x 46 cm<\/li>\n<li>kreslo &#8211; 100 x 88 x 85 x 46 cm<\/li>\n<\/ul>\n<p>&nbsp;<\/p>\n<ul>\n<li>Farebn\u00e9 prevedenie dreva a ko\u017ee sa na z\u00e1klade nastavenia jasu na Va\u0161ej obrazovke m\u00f4\u017ee l\u00ed\u0161i\u0165<\/li>\n<\/ul>\n","protected":false},"excerpt":{"rendered":"<p>Ko\u017een\u00e1 sedacia s\u00faprava SARA sa stane dominantn\u00fdm k\u00faskom n\u00e1bytku vo Va\u0161ej dom\u00e1cnosti. \u010cal\u00fanen\u00e1 je kvalitnou hov\u00e4dzou talianskou ko\u017eou. O pohodln\u00e9 a komfortn\u00e9 sedenie sa postar\u00e1 HR pena v kombin\u00e1cii s pru\u017einou Faliste. Mo\u017enos\u0165 vyrobi\u0165 nohy za pr\u00edplatok z vysokokvalitn\u00e9ho dubu. Zobrazen\u00e1 zostava pozost\u00e1va z 3-sedu bez rozkladu, 2-sedu a kresla. Mo\u017enos\u0165 objednania 3- sedu s&#8230;<\/p>\n","protected":false},"featured_media":116066,"comment_status":"closed","ping_status":"closed","template":"","meta":{"_seopress_robots_primary_cat":"none","_seopress_titles_title":"","_seopress_titles_desc":"","_seopress_robots_index":""},"product_brand":[],"product_cat":[140,214],"product_tag":[],"class_list":{"0":"post-105381","1":"product","2":"type-product","3":"status-publish","4":"has-post-thumbnail","6":"product_cat-sedacie-supravy","7":"product_cat-kozene-sedacie-supravy","8":"pa_typ-produktu-7371","9":"pa_typ-produktu-2-sed","10":"pa_typ-produktu-3-sed-bez-rozkladu","11":"pa_typ-produktu-3-sed-s-rozkladom","12":"pa_typ-produktu-4479","13":"pa_typ-produktu-3r21","14":"pa_typ-produktu-kreslo","16":"first","17":"instock","18":"sale","19":"shipping-taxable","20":"purchasable","21":"product-type-variable"},"_links":{"self":[{"href":"https:\/\/nabytoklaguna.sk\/sk\/wp-json\/wp\/v2\/product\/105381","targetHints":{"allow":["GET"]}}],"collection":[{"href":"https:\/\/nabytoklaguna.sk\/sk\/wp-json\/wp\/v2\/product"}],"about":[{"href":"https:\/\/nabytoklaguna.sk\/sk\/wp-json\/wp\/v2\/types\/product"}],"replies":[{"embeddable":true,"href":"https:\/\/nabytoklaguna.sk\/sk\/wp-json\/wp\/v2\/comments?post=105381"}],"wp:featuredmedia":[{"embeddable":true,"href":"https:\/\/nabytoklaguna.sk\/sk\/wp-json\/wp\/v2\/media\/116066"}],"wp:attachment":[{"href":"https:\/\/nabytoklaguna.sk\/sk\/wp-json\/wp\/v2\/media?parent=105381"}],"wp:term":[{"taxonomy":"product_brand","embeddable":true,"href":"https:\/\/nabytoklaguna.sk\/sk\/wp-json\/wp\/v2\/product_brand?post=105381"},{"taxonomy":"product_cat","embeddable":true,"href":"https:\/\/nabytoklaguna.sk\/sk\/wp-json\/wp\/v2\/product_cat?post=105381"},{"taxonomy":"product_tag","embeddable":true,"href":"https:\/\/nabytoklaguna.sk\/sk\/wp-json\/wp\/v2\/product_tag?post=105381"}],"curies":[{"name":"wp","href":"https:\/\/api.w.org\/{rel}","templated":true}]}}

SARA kožená sedacia súprava

<p><strong>Kožená sedacia</strong> súprava <strong>SARA</strong> sa stane dominantným kúskom nábytku vo Vašej domácnosti. Čalúnená je kvalitnou <strong>hovädzou talianskou kožou</strong>. O pohodlné a <strong>komfortné sedenie</strong> sa postará HR pena v kombinácii s pružinou Faliste. Možnosť vyrobiť nohy za príplatok z vysokokvalitného dubu. Zobrazená zostava pozostáva z <strong>3-sedu bez rozkladu, 2-sedu a kresla.</strong> Možnosť objednania 3- sedu s rozkladom za príplatok. Tieto zostavy majú navyše nespornú výhodu v tom, že umiestnenie jednotlivých kusov v obývačke možno ľubovoľne meniť, a tak razom zmeníte aj charakter miestnosti.</p>
<p><strong>Rozmery:</strong> (ŠxHxVxVsedu)</p>
<ul>
<li>3-sed &#8211; 205 x 88 x 85 x 46 cm</li>
<li>2-sed &#8211; 149 x 88 x 85 x 46 cm</li>
<li>kreslo &#8211; 100 x 88 x 85 x 46 cm</li>
</ul>
<p>&nbsp;</p>
<ul>
<li>Farebné prevedenie dreva a kože sa na základe nastavenia jasu na Vašej obrazovke môže líšiť</li>
</ul>

<p>Kožená sedacia súprava SARA sa stane dominantným kúskom nábytku vo Vašej domácnosti. Čalúnená je kvalitnou hovädzou talianskou kožou. O pohodlné a komfortné sedenie sa postará HR pena v kombinácii s pružinou Faliste. Možnosť vyrobiť nohy za príplatok z vysokokvalitného dubu. Zobrazená zostava pozostáva z 3-sedu bez rozkladu, 2-sedu a kresla. Možnosť objednania 3- sedu s&#8230;</p>
