{"id":105480,"date":"2022-01-14T14:05:08","date_gmt":"2022-01-14T13:05:08","guid":{"rendered":"https:\/\/nabytoklaguna.sk\/sk\/?post_type=product&#038;p=105480"},"modified":"2026-02-10T16:54:11","modified_gmt":"2026-02-10T15:54:11","slug":"panama","status":"publish","type":"product","link":"https:\/\/nabytoklaguna.sk\/sk\/produkt\/panama\/","title":{"rendered":"PANAMA ko\u017een\u00e1 sedacia s\u00faprava"},"content":{"rendered":"<p><strong>Modern\u00e1<\/strong> <strong>ko\u017een\u00e1<\/strong> rohov\u00e1 sedacia s\u00faprava<strong> PANAMA<\/strong> je v\u010faka svoj\u00edm rozmerom vhodn\u00e1 aj do men\u0161\u00edch priestorov. O pohodln\u00e9 a kvalitn\u00e9 sedenie sa postar\u00e1 <strong>HR pena<\/strong> v kombin\u00e1cii s pru\u017einou<strong> FALISTE.<\/strong> <strong>Funkcia rozkladu<\/strong> tejto kr\u00e1snej sedacej s\u00faprave zaru\u010dene nech\u00fdba. Za p\u00e1r sek\u00fand premen\u00edte sedaciu s\u00fapravu na pr\u00edle\u017eitostn\u00e9 <strong>l\u00f4\u017eko na spanie.<\/strong> Praktick\u00fd <strong>\u00falo\u017en\u00fd priestor<\/strong> n\u00e1jdete v kon\u0161trukcii sedacej s\u00fapravy. Mo\u017enos\u0165 v\u00fdberu prav\u00e9ho alebo \u013eav\u00e9ho prevedenia. T\u00e1to <strong>kr\u00e1sna ko\u017een\u00e1<\/strong> sedacia s\u00faprava sa stane neodmyslite\u013enou s\u00fa\u010das\u0165ou ka\u017edej modernej dom\u00e1cnosti<\/p>\n<p>ROZMERY:<\/p>\n<p>\u0160\u00edrka: 260cm<\/p>\n<p>H\u013abka: 180 cm<\/p>\n<p>V\u00fd\u0161ka: 85 cm<\/p>\n<p>Plocha na spanie: 130x190cm<\/p>\n<ul>\n<li>Farebn\u00e9 prevedenie dreva a ko\u017ee sa na z\u00e1klade nastavenia jasu na Va\u0161ej obrazovke m\u00f4\u017ee l\u00ed\u0161i\u0165<\/li>\n<\/ul>\n","protected":false},"excerpt":{"rendered":"<p>Modern\u00e1 ko\u017een\u00e1 rohov\u00e1 sedacia s\u00faprava PANAMA je v\u010faka svoj\u00edm rozmerom vhodn\u00e1 aj do men\u0161\u00edch priestorov. O pohodln\u00e9 a kvalitn\u00e9 sedenie sa postar\u00e1 HR pena v kombin\u00e1cii s pru\u017einou FALISTE. Funkcia rozkladu tejto kr\u00e1snej sedacej s\u00faprave zaru\u010dene nech\u00fdba. Za p\u00e1r sek\u00fand premen\u00edte sedaciu s\u00fapravu na pr\u00edle\u017eitostn\u00e9 l\u00f4\u017eko na spanie. Praktick\u00fd \u00falo\u017en\u00fd priestor n\u00e1jdete v kon\u0161trukcii sedacej&#8230;<\/p>\n","protected":false},"featured_media":121827,"comment_status":"closed","ping_status":"closed","template":"","meta":{"_seopress_robots_primary_cat":"none","_seopress_titles_title":"","_seopress_titles_desc":"","_seopress_robots_index":""},"product_brand":[],"product_cat":[255,140,214],"product_tag":[],"class_list":{"0":"post-105480","1":"product","2":"type-product","3":"status-publish","4":"has-post-thumbnail","6":"product_cat-rohove-supravy","7":"product_cat-sedacie-supravy","8":"product_cat-kozene-sedacie-supravy","10":"first","11":"onbackorder","12":"shipping-taxable","13":"purchasable","14":"product-type-variable"},"_links":{"self":[{"href":"https:\/\/nabytoklaguna.sk\/sk\/wp-json\/wp\/v2\/product\/105480","targetHints":{"allow":["GET"]}}],"collection":[{"href":"https:\/\/nabytoklaguna.sk\/sk\/wp-json\/wp\/v2\/product"}],"about":[{"href":"https:\/\/nabytoklaguna.sk\/sk\/wp-json\/wp\/v2\/types\/product"}],"replies":[{"embeddable":true,"href":"https:\/\/nabytoklaguna.sk\/sk\/wp-json\/wp\/v2\/comments?post=105480"}],"wp:featuredmedia":[{"embeddable":true,"href":"https:\/\/nabytoklaguna.sk\/sk\/wp-json\/wp\/v2\/media\/121827"}],"wp:attachment":[{"href":"https:\/\/nabytoklaguna.sk\/sk\/wp-json\/wp\/v2\/media?parent=105480"}],"wp:term":[{"taxonomy":"product_brand","embeddable":true,"href":"https:\/\/nabytoklaguna.sk\/sk\/wp-json\/wp\/v2\/product_brand?post=105480"},{"taxonomy":"product_cat","embeddable":true,"href":"https:\/\/nabytoklaguna.sk\/sk\/wp-json\/wp\/v2\/product_cat?post=105480"},{"taxonomy":"product_tag","embeddable":true,"href":"https:\/\/nabytoklaguna.sk\/sk\/wp-json\/wp\/v2\/product_tag?post=105480"}],"curies":[{"name":"wp","href":"https:\/\/api.w.org\/{rel}","templated":true}]}}

PANAMA kožená sedacia súprava

<p><strong>Moderná</strong> <strong>kožená</strong> rohová sedacia súprava<strong> PANAMA</strong> je vďaka svojím rozmerom vhodná aj do menších priestorov. O pohodlné a kvalitné sedenie sa postará <strong>HR pena</strong> v kombinácii s pružinou<strong> FALISTE.</strong> <strong>Funkcia rozkladu</strong> tejto krásnej sedacej súprave zaručene nechýba. Za pár sekúnd premeníte sedaciu súpravu na príležitostné <strong>lôžko na spanie.</strong> Praktický <strong>úložný priestor</strong> nájdete v konštrukcii sedacej súpravy. Možnosť výberu pravého alebo ľavého prevedenia. Táto <strong>krásna kožená</strong> sedacia súprava sa stane neodmysliteľnou súčasťou každej modernej domácnosti</p>
<p>ROZMERY:</p>
<p>Šírka: 260cm</p>
<p>Hĺbka: 180 cm</p>
<p>Výška: 85 cm</p>
<p>Plocha na spanie: 130x190cm</p>
<ul>
<li>Farebné prevedenie dreva a kože sa na základe nastavenia jasu na Vašej obrazovke môže líšiť</li>
</ul>

<p>Moderná kožená rohová sedacia súprava PANAMA je vďaka svojím rozmerom vhodná aj do menších priestorov. O pohodlné a kvalitné sedenie sa postará HR pena v kombinácii s pružinou FALISTE. Funkcia rozkladu tejto krásnej sedacej súprave zaručene nechýba. Za pár sekúnd premeníte sedaciu súpravu na príležitostné lôžko na spanie. Praktický úložný priestor nájdete v konštrukcii sedacej&#8230;</p>
