{"id":105958,"date":"2022-01-20T11:50:02","date_gmt":"2022-01-20T10:50:02","guid":{"rendered":"https:\/\/nabytoklaguna.sk\/sk\/?post_type=product&#038;p=105958"},"modified":"2025-03-13T13:13:35","modified_gmt":"2025-03-13T12:13:35","slug":"wip-mosaic-masiv","status":"publish","type":"product","link":"https:\/\/nabytoklaguna.sk\/sk\/produkt\/wip-mosaic-masiv\/","title":{"rendered":"SAIC MASIV"},"content":{"rendered":"<p>Doma tr\u00e1vime spolo\u010dn\u00e9 chv\u00edle so svojimi bl\u00edzkymi, chv\u00edle ktor\u00e9 s\u00fa oby\u010dajn\u00e9 aj v\u00fdnimo\u010dn\u00e9. Ka\u017ed\u00e1 spolo\u010dne str\u00e1ven\u00e1 chv\u00ed\u013ea je d\u00f4le\u017eit\u00e1, a preto sme navrhli sektorov\u00fd n\u00e1bytok <strong>SAIC<\/strong>, v\u010faka ktor\u00e9mu sa priestor premen\u00ed na domov, kde sa vytv\u00e1raj\u00fa tie najpozit\u00edvnej\u0161ie em\u00f3cie. P\u00fatava kombin\u00e1cia <strong>mas\u00edvu<\/strong> a<strong> kovov\u00fdch prvkov<\/strong> je v s\u00falade s najnov\u0161\u00edmi trendmi a prec\u00edzna v\u00fdroba ka\u017ed\u00e9ho kusu n\u00e1bytku je z\u00e1rukou odolnosti a spo\u013eahlivosti. Tento sektor sa vyr\u00e1ba vo farebnom preveden\u00ed dub medov\u00fd. V kombin\u00e1cii s \u010diernymi detailmi je jasn\u00e9 \u017ee tieto dve farby k sebe dokonale ladia. Jednoducho k n\u00edm dolad\u00edte ak\u00e9ko\u013evek doplnky. Kovov\u00e9 \u00fachytky s\u00fa detailom, ktor\u00fd pod\u010diarkuje<strong> noblesn\u00fd \u0161t\u00fdl<\/strong> ka\u017ed\u00e9ho n\u00e1bytku. V kolekcii n\u00e1bytku SAIC sa nach\u00e1dzaj\u00fa stol\u00edky, vitr\u00edny \u010di komody, ktor\u00e9 V\u00e1m umo\u017enia vytvori\u0165 dokonal\u00fa zostavu do Va\u0161ej ob\u00fdva\u010dky. AK sn\u00edvate o spojen\u00ed funk\u010dnosti a minimalizmu s modern\u00fdm \u0161t\u00fdlom, ur\u010dite mus\u00edte ma\u0165 sektorov\u00fd n\u00e1bytok SAIC<\/p>\n<p><strong>Rozmery jednotliv\u00fdch komponentov:<\/strong><\/p>\n<p>Vitr\u00edna \u013eav\u00e1 SAIC 10, rozmery (\u0160xHxV)&#8230;&#8230;&#8230;&#8230;&#8230;67x42x196cm<br \/>\nVitr\u00edna prav\u00e1 SAIC 11, rozmery (\u0160xHxV)&#8230;&#8230;&#8230;&#8230;.67x42x196cm<br \/>\nVitr\u00edna SAIC 12, rozmery (\u0160xHxV)&#8230;&#8230;&#8230;&#8230;&#8230;&#8230;&#8230;..95x42x196cm<br \/>\nVitr\u00edna SAIC 15, rozmery (\u0160xHxV) &#8230;&#8230;&#8230;&#8230;&#8230;&#8230;&#8230;107x42x143cm<br \/>\nKomoda\u00a0 SAIC 45, rozmery (\u0160xHxV)&#8230;&#8230;&#8230;&#8230;&#8230;&#8230;150x42x90cm<br \/>\nkomoda SAIC 47, rozmery (\u0160xHxV)&#8230;&#8230;&#8230;&#8230;&#8230;&#8230;..170x42x90cm<br \/>\nRTV stol\u00edk, SAIC 24, rozmery (\u0160xHxV)&#8230;&#8230;&#8230;&#8230;&#8230;135x42x46cm<br \/>\nRTV stol\u00edk SAIC 25, rozmery (\u0160xHxV)&#8230;&#8230;&#8230;&#8230;&#8230;.170x42x46cm<br \/>\npolica SAIC 34, rozmery (\u0160xHxV)&#8230;&#8230;&#8230;&#8230;&#8230;&#8230;&#8230;..135x25x28cm<br \/>\npolica SAIC 35, rozmery (\u0160xHxV)&#8230;&#8230;&#8230;&#8230;&#8230;&#8230;&#8230;..170x25x28cm<br \/>\nJed\u00e1lensk\u00fd st\u00f4l SAIC 40, rozmery (\u0160xHxV)&#8230;&#8230;.160\/200x90x78cm<br \/>\nKonf. stol\u00edk SAIC 41, rozmery((\u0160xHxV)&#8230;&#8230;&#8230;&#8230;..110x60x48<\/p>\n<pre id=\"tw-target-text\" class=\"tw-data-text tw-text-large tw-ta\" data-placeholder=\"Preklad\"><\/pre>\n","protected":false},"excerpt":{"rendered":"<p>Doma tr\u00e1vime spolo\u010dn\u00e9 chv\u00edle so svojimi bl\u00edzkymi, chv\u00edle ktor\u00e9 s\u00fa oby\u010dajn\u00e9 aj v\u00fdnimo\u010dn\u00e9. Ka\u017ed\u00e1 spolo\u010dne str\u00e1ven\u00e1 chv\u00ed\u013ea je d\u00f4le\u017eit\u00e1, a preto sme navrhli sektorov\u00fd n\u00e1bytok SAIC, v\u010faka ktor\u00e9mu sa priestor premen\u00ed na domov, kde sa vytv\u00e1raj\u00fa tie najpozit\u00edvnej\u0161ie em\u00f3cie. P\u00fatava kombin\u00e1cia mas\u00edvu a kovov\u00fdch prvkov je v s\u00falade s najnov\u0161\u00edmi trendmi a prec\u00edzna v\u00fdroba ka\u017ed\u00e9ho&#8230;<\/p>\n","protected":false},"featured_media":115687,"comment_status":"closed","ping_status":"closed","template":"","meta":{"_seopress_robots_primary_cat":"none","_seopress_titles_title":"","_seopress_titles_desc":"","_seopress_robots_index":""},"product_brand":[],"product_cat":[7513,182,183],"product_tag":[],"class_list":{"0":"post-105958","1":"product","2":"type-product","3":"status-publish","4":"has-post-thumbnail","6":"product_cat-obyvacie-steny-masiv","7":"product_cat-obyvacie-steny","8":"product_cat-sektorove-obyvacie-steny","9":"pa_typ-produktu-mosaic-10","10":"pa_typ-produktu-mosaic-11","11":"pa_typ-produktu-mosaic-12","12":"pa_typ-produktu-mosaic-15","13":"pa_typ-produktu-mosaic-24","14":"pa_typ-produktu-mosaic-25","15":"pa_typ-produktu-mosaic-34","16":"pa_typ-produktu-mosaic-35","17":"pa_typ-produktu-mosaic-40","18":"pa_typ-produktu-mosaic-41","19":"pa_typ-produktu-mosaic-45","20":"pa_typ-produktu-mosaic-47","22":"first","23":"onbackorder","24":"shipping-taxable","25":"purchasable","26":"product-type-variable"},"_links":{"self":[{"href":"https:\/\/nabytoklaguna.sk\/sk\/wp-json\/wp\/v2\/product\/105958","targetHints":{"allow":["GET"]}}],"collection":[{"href":"https:\/\/nabytoklaguna.sk\/sk\/wp-json\/wp\/v2\/product"}],"about":[{"href":"https:\/\/nabytoklaguna.sk\/sk\/wp-json\/wp\/v2\/types\/product"}],"replies":[{"embeddable":true,"href":"https:\/\/nabytoklaguna.sk\/sk\/wp-json\/wp\/v2\/comments?post=105958"}],"wp:featuredmedia":[{"embeddable":true,"href":"https:\/\/nabytoklaguna.sk\/sk\/wp-json\/wp\/v2\/media\/115687"}],"wp:attachment":[{"href":"https:\/\/nabytoklaguna.sk\/sk\/wp-json\/wp\/v2\/media?parent=105958"}],"wp:term":[{"taxonomy":"product_brand","embeddable":true,"href":"https:\/\/nabytoklaguna.sk\/sk\/wp-json\/wp\/v2\/product_brand?post=105958"},{"taxonomy":"product_cat","embeddable":true,"href":"https:\/\/nabytoklaguna.sk\/sk\/wp-json\/wp\/v2\/product_cat?post=105958"},{"taxonomy":"product_tag","embeddable":true,"href":"https:\/\/nabytoklaguna.sk\/sk\/wp-json\/wp\/v2\/product_tag?post=105958"}],"curies":[{"name":"wp","href":"https:\/\/api.w.org\/{rel}","templated":true}]}}

<p>Doma trávime spoločné chvíle so svojimi blízkymi, chvíle ktoré sú obyčajné aj výnimočné. Každá spoločne strávená chvíľa je dôležitá, a preto sme navrhli sektorový nábytok <strong>SAIC</strong>, vďaka ktorému sa priestor premení na domov, kde sa vytvárajú tie najpozitívnejšie emócie. Pútava kombinácia <strong>masívu</strong> a<strong> kovových prvkov</strong> je v súlade s najnovšími trendmi a precízna výroba každého kusu nábytku je zárukou odolnosti a spoľahlivosti. Tento sektor sa vyrába vo farebnom prevedení dub medový. V kombinácii s čiernymi detailmi je jasné že tieto dve farby k sebe dokonale ladia. Jednoducho k ním doladíte akékoľvek doplnky. Kovové úchytky sú detailom, ktorý podčiarkuje<strong> noblesný štýl</strong> každého nábytku. V kolekcii nábytku SAIC sa nachádzajú stolíky, vitríny či komody, ktoré Vám umožnia vytvoriť dokonalú zostavu do Vašej obývačky. AK snívate o spojení funkčnosti a minimalizmu s moderným štýlom, určite musíte mať sektorový nábytok SAIC</p>
<p><strong>Rozmery jednotlivých komponentov:</strong></p>
<p>Vitrína ľavá SAIC 10, rozmery (ŠxHxV)&#8230;&#8230;&#8230;&#8230;&#8230;67x42x196cm<br />
Vitrína pravá SAIC 11, rozmery (ŠxHxV)&#8230;&#8230;&#8230;&#8230;.67x42x196cm<br />
Vitrína SAIC 12, rozmery (ŠxHxV)&#8230;&#8230;&#8230;&#8230;&#8230;&#8230;&#8230;..95x42x196cm<br />
Vitrína SAIC 15, rozmery (ŠxHxV) &#8230;&#8230;&#8230;&#8230;&#8230;&#8230;&#8230;107x42x143cm<br />
Komoda  SAIC 45, rozmery (ŠxHxV)&#8230;&#8230;&#8230;&#8230;&#8230;&#8230;150x42x90cm<br />
komoda SAIC 47, rozmery (ŠxHxV)&#8230;&#8230;&#8230;&#8230;&#8230;&#8230;..170x42x90cm<br />
RTV stolík, SAIC 24, rozmery (ŠxHxV)&#8230;&#8230;&#8230;&#8230;&#8230;135x42x46cm<br />
RTV stolík SAIC 25, rozmery (ŠxHxV)&#8230;&#8230;&#8230;&#8230;&#8230;.170x42x46cm<br />
polica SAIC 34, rozmery (ŠxHxV)&#8230;&#8230;&#8230;&#8230;&#8230;&#8230;&#8230;..135x25x28cm<br />
polica SAIC 35, rozmery (ŠxHxV)&#8230;&#8230;&#8230;&#8230;&#8230;&#8230;&#8230;..170x25x28cm<br />
Jedálenský stôl SAIC 40, rozmery (ŠxHxV)&#8230;&#8230;.160/200x90x78cm<br />
Konf. stolík SAIC 41, rozmery((ŠxHxV)&#8230;&#8230;&#8230;&#8230;..110x60x48</p>
<pre id="tw-target-text" class="tw-data-text tw-text-large tw-ta" data-placeholder="Preklad"></pre>

<p>Doma trávime spoločné chvíle so svojimi blízkymi, chvíle ktoré sú obyčajné aj výnimočné. Každá spoločne strávená chvíľa je dôležitá, a preto sme navrhli sektorový nábytok SAIC, vďaka ktorému sa priestor premení na domov, kde sa vytvárajú tie najpozitívnejšie emócie. Pútava kombinácia masívu a kovových prvkov je v súlade s najnovšími trendmi a precízna výroba každého&#8230;</p>
