{"id":107927,"date":"2022-04-01T10:07:00","date_gmt":"2022-04-01T08:07:00","guid":{"rendered":"https:\/\/nabytoklaguna.sk\/sk\/?post_type=product&#038;p=107927"},"modified":"2026-04-21T09:22:15","modified_gmt":"2026-04-21T07:22:15","slug":"k-mavis","status":"publish","type":"product","link":"https:\/\/nabytoklaguna.sk\/sk\/produkt\/k-mavis\/","title":{"rendered":"K MAVIS"},"content":{"rendered":"<p>Praktick\u00fa rohov\u00fa sedaciu s\u00fapravu<strong> MAVIS<\/strong> si zamilujete na prv\u00fd poh\u013ead. Oporu hlavy a kr\u010dnej chrbtice\u00a0zabezpe\u010dia\u00a0<strong>\u0161tyri polohovacie opierky<\/strong>.\u00a0MAVIS disponuje aj opierkou na ruky,\u00a0ktor\u00e1 sa p\u00fd\u0161i funkciou skl\u00e1pania. V\u00fdpl\u0148 seda\u010dky tvor\u00ed\u00a0<strong>kvalitn\u00e1 PUR pena<\/strong>, ktor\u00e1 v kombin\u00e1cii s <strong>pru\u017einami falista<\/strong> poskytuje ve\u013emi pohodln\u00e9 m\u00e4kk\u00e9 sedenie. Funkcia <strong>rozkladu<\/strong> je samozrejmos\u0165ou, po rozlo\u017een\u00ed sedacej s\u00fapravy V\u00e1m vznikne plocha na pr\u00edle\u017eitostn\u00e9 spanie a tak si u\u017eije<strong> komfort na seda\u010dke<\/strong> o nie\u010do viac. V otomane sedacej s\u00fapravy sa nach\u00e1dza <strong>priestrann\u00fd \u00falo\u017en\u00fd priestor<\/strong>, kde si n\u00e1jdu svoje miesto napr\u00edklad sez\u00f3nne veci. Sedacia s\u00faprava je vhodn\u00e1 najme do v\u00e4\u010d\u0161\u00edch priestorov. Mo\u017enos\u0165 objednania v pravom alebo v \u013eavom preveden\u00ed<\/p>\n<p>Pon\u00fakame mo\u017enos\u0165 objedna\u0165 seda\u010dku a\u017e v 6 farebn\u00fdch prevedeniach l\u00e1tky Stark v cene 1599,- EUR.<\/p>\n<h3 class=\"page-product-heading\">VLASTNOSTI<\/h3>\n<table class=\"table-data-sheet\">\n<tbody>\n<tr class=\"odd\">\n<td>H\u013abka<\/td>\n<td>220 cm<\/td>\n<\/tr>\n<tr class=\"even\">\n<td>\u0160\u00edrka<\/td>\n<td>345 cm<\/td>\n<\/tr>\n<tr class=\"odd\">\n<td>V\u00fd\u0161ka<\/td>\n<td>103 cm<\/td>\n<\/tr>\n<tr class=\"even\">\n<td>Vhodn\u00e1 miestnos\u0165<\/td>\n<td>ob\u00fdva\u010dka, spolo\u010densk\u00e1 miestnos\u0165, hotely, kaviarne<\/td>\n<\/tr>\n<tr class=\"odd\">\n<td>Typ n\u00e1bytku<\/td>\n<td>rohov\u00e1 sedacia s\u00faprava<\/td>\n<\/tr>\n<tr class=\"even\">\n<td>\u0160t\u00fdl n\u00e1bytku<\/td>\n<td>modern\u00fd<\/td>\n<\/tr>\n<tr class=\"odd\">\n<td>Z\u00e1ruka<\/td>\n<td>2 roky<\/td>\n<\/tr>\n<tr class=\"even\">\n<td>Sp\u00f4sob dodania<\/td>\n<td>demont v bal\u00edkoch<\/td>\n<\/tr>\n<tr class=\"odd\">\n<td>Hmotnos\u0165<\/td>\n<td>210kg<\/td>\n<\/tr>\n<tr class=\"even\">\n<td>\u00dalo\u017en\u00fd priestor<\/td>\n<td>\u00e1no<\/td>\n<\/tr>\n<tr class=\"odd\">\n<td>Rohov\u00e9 prevedenie<\/td>\n<td>\u00e1no<\/td>\n<\/tr>\n<tr class=\"even\">\n<td>V\u00fd\u0161ka sed\u00e1ka<\/td>\n<td>42 cm<\/td>\n<\/tr>\n<tr class=\"odd\">\n<td>V\u00fd\u0161ka zadn\u00e9ho \u010dela<\/td>\n<td>max. 103 cm<\/td>\n<\/tr>\n<tr class=\"even\">\n<td>Mo\u017enos\u0165 rozkladania<\/td>\n<td>\u00e1no<\/td>\n<\/tr>\n<tr class=\"odd\">\n<td>Plocha po rozlo\u017een\u00ed<\/td>\n<td>118\u00d7184 cm<\/td>\n<\/tr>\n<tr class=\"even\">\n<td>Kon\u0161trukcia<\/td>\n<td>DTD<\/td>\n<\/tr>\n<tr class=\"odd\">\n<td><\/td>\n<td><\/td>\n<\/tr>\n<tr class=\"even\">\n<td>Obsahuje vank\u00fa\u0161e<\/td>\n<td>nie<\/td>\n<\/tr>\n<tr class=\"odd\">\n<td>Nastavenie opierok<\/td>\n<td>\u00e1no<\/td>\n<\/tr>\n<tr class=\"even\">\n<td>V\u00fdpl\u0148 seda\u010dky<\/td>\n<td>pena+ pru\u017eina<\/td>\n<\/tr>\n<\/tbody>\n<\/table>\n<p>Nastavenie displeja m\u00f4\u017ee sp\u00f4sobi\u0165 odch\u00fdlku vo farbe vzoriek po\u0165ahov\u00fdch l\u00e1tok.<\/p>\n","protected":false},"excerpt":{"rendered":"<p>Praktick\u00fa rohov\u00fa sedaciu s\u00fapravu MAVIS si zamilujete na prv\u00fd poh\u013ead. Oporu hlavy a kr\u010dnej chrbtice\u00a0zabezpe\u010dia\u00a0\u0161tyri polohovacie opierky.\u00a0MAVIS disponuje aj opierkou na ruky,\u00a0ktor\u00e1 sa p\u00fd\u0161i funkciou skl\u00e1pania. V\u00fdpl\u0148 seda\u010dky tvor\u00ed\u00a0kvalitn\u00e1 PUR pena, ktor\u00e1 v kombin\u00e1cii s pru\u017einami falista poskytuje ve\u013emi pohodln\u00e9 m\u00e4kk\u00e9 sedenie. Funkcia rozkladu je samozrejmos\u0165ou, po rozlo\u017een\u00ed sedacej s\u00fapravy V\u00e1m vznikne plocha na pr\u00edle\u017eitostn\u00e9&#8230;<\/p>\n","protected":false},"featured_media":107929,"comment_status":"closed","ping_status":"closed","template":"","meta":{"_seopress_robots_primary_cat":"none","_seopress_titles_title":"","_seopress_titles_desc":"","_seopress_robots_index":""},"product_brand":[],"product_cat":[255,140],"product_tag":[],"class_list":{"0":"post-107927","1":"product","2":"type-product","3":"status-publish","4":"has-post-thumbnail","6":"product_cat-rohove-supravy","7":"product_cat-sedacie-supravy","9":"first","10":"onbackorder","11":"shipping-taxable","12":"purchasable","13":"product-type-variable"},"_links":{"self":[{"href":"https:\/\/nabytoklaguna.sk\/sk\/wp-json\/wp\/v2\/product\/107927","targetHints":{"allow":["GET"]}}],"collection":[{"href":"https:\/\/nabytoklaguna.sk\/sk\/wp-json\/wp\/v2\/product"}],"about":[{"href":"https:\/\/nabytoklaguna.sk\/sk\/wp-json\/wp\/v2\/types\/product"}],"replies":[{"embeddable":true,"href":"https:\/\/nabytoklaguna.sk\/sk\/wp-json\/wp\/v2\/comments?post=107927"}],"wp:featuredmedia":[{"embeddable":true,"href":"https:\/\/nabytoklaguna.sk\/sk\/wp-json\/wp\/v2\/media\/107929"}],"wp:attachment":[{"href":"https:\/\/nabytoklaguna.sk\/sk\/wp-json\/wp\/v2\/media?parent=107927"}],"wp:term":[{"taxonomy":"product_brand","embeddable":true,"href":"https:\/\/nabytoklaguna.sk\/sk\/wp-json\/wp\/v2\/product_brand?post=107927"},{"taxonomy":"product_cat","embeddable":true,"href":"https:\/\/nabytoklaguna.sk\/sk\/wp-json\/wp\/v2\/product_cat?post=107927"},{"taxonomy":"product_tag","embeddable":true,"href":"https:\/\/nabytoklaguna.sk\/sk\/wp-json\/wp\/v2\/product_tag?post=107927"}],"curies":[{"name":"wp","href":"https:\/\/api.w.org\/{rel}","templated":true}]}}

<p>Praktickú rohovú sedaciu súpravu<strong> MAVIS</strong> si zamilujete na prvý pohľad. Oporu hlavy a krčnej chrbtice zabezpečia <strong>štyri polohovacie opierky</strong>. MAVIS disponuje aj opierkou na ruky, ktorá sa pýši funkciou sklápania. Výplň sedačky tvorí <strong>kvalitná PUR pena</strong>, ktorá v kombinácii s <strong>pružinami falista</strong> poskytuje veľmi pohodlné mäkké sedenie. Funkcia <strong>rozkladu</strong> je samozrejmosťou, po rozložení sedacej súpravy Vám vznikne plocha na príležitostné spanie a tak si užije<strong> komfort na sedačke</strong> o niečo viac. V otomane sedacej súpravy sa nachádza <strong>priestranný úložný priestor</strong>, kde si nájdu svoje miesto napríklad sezónne veci. Sedacia súprava je vhodná najme do väčších priestorov. Možnosť objednania v pravom alebo v ľavom prevedení</p>
<p>Ponúkame možnosť objednať sedačku až v 6 farebných prevedeniach látky Stark v cene 1599,- EUR.</p>
<h3 class="page-product-heading">VLASTNOSTI</h3>
<table class="table-data-sheet">
<tbody>
<tr class="odd">
<td>Hĺbka</td>
<td>220 cm</td>
</tr>
<tr class="even">
<td>Šírka</td>
<td>345 cm</td>
</tr>
<tr class="odd">
<td>Výška</td>
<td>103 cm</td>
</tr>
<tr class="even">
<td>Vhodná miestnosť</td>
<td>obývačka, spoločenská miestnosť, hotely, kaviarne</td>
</tr>
<tr class="odd">
<td>Typ nábytku</td>
<td>rohová sedacia súprava</td>
</tr>
<tr class="even">
<td>Štýl nábytku</td>
<td>moderný</td>
</tr>
<tr class="odd">
<td>Záruka</td>
<td>2 roky</td>
</tr>
<tr class="even">
<td>Spôsob dodania</td>
<td>demont v balíkoch</td>
</tr>
<tr class="odd">
<td>Hmotnosť</td>
<td>210kg</td>
</tr>
<tr class="even">
<td>Úložný priestor</td>
<td>áno</td>
</tr>
<tr class="odd">
<td>Rohové prevedenie</td>
<td>áno</td>
</tr>
<tr class="even">
<td>Výška sedáka</td>
<td>42 cm</td>
</tr>
<tr class="odd">
<td>Výška zadného čela</td>
<td>max. 103 cm</td>
</tr>
<tr class="even">
<td>Možnosť rozkladania</td>
<td>áno</td>
</tr>
<tr class="odd">
<td>Plocha po rozložení</td>
<td>118×184 cm</td>
</tr>
<tr class="even">
<td>Konštrukcia</td>
<td>DTD</td>
</tr>
<tr class="odd">
<td></td>
<td></td>
</tr>
<tr class="even">
<td>Obsahuje vankúše</td>
<td>nie</td>
</tr>
<tr class="odd">
<td>Nastavenie opierok</td>
<td>áno</td>
</tr>
<tr class="even">
<td>Výplň sedačky</td>
<td>pena+ pružina</td>
</tr>
</tbody>
</table>
<p>Nastavenie displeja môže spôsobiť odchýlku vo farbe vzoriek poťahových látok.</p>

<p>Praktickú rohovú sedaciu súpravu MAVIS si zamilujete na prvý pohľad. Oporu hlavy a krčnej chrbtice zabezpečia štyri polohovacie opierky. MAVIS disponuje aj opierkou na ruky, ktorá sa pýši funkciou sklápania. Výplň sedačky tvorí kvalitná PUR pena, ktorá v kombinácii s pružinami falista poskytuje veľmi pohodlné mäkké sedenie. Funkcia rozkladu je samozrejmosťou, po rozložení sedacej súpravy Vám vznikne plocha na príležitostné&#8230;</p>
