{"id":108226,"date":"2022-04-06T15:28:27","date_gmt":"2022-04-06T13:28:27","guid":{"rendered":"https:\/\/nabytoklaguna.sk\/sk\/?post_type=product&#038;p=108226"},"modified":"2025-09-24T12:27:10","modified_gmt":"2025-09-24T10:27:10","slug":"k-eshly","status":"publish","type":"product","link":"https:\/\/nabytoklaguna.sk\/sk\/produkt\/k-eshly\/","title":{"rendered":"K ESHLY"},"content":{"rendered":"<p>Boxspringov\u00e1 poste\u013e <strong>ESHLY<\/strong> je modern\u00e1, praktick\u00e1 a pohodln\u00e1. Spacia plocha je zlo\u017een\u00e1 z 2 matracov\u00fdch vrstiev. Spodn\u00fd matrac je vyroben\u00fd z PUR peny a jednej vrstvy bonelov\u00fdch pru\u017e\u00edn, na \u0148om je druh\u00fd matrac, tzv. toper vyroben\u00fd z polyuret\u00e1novej peny s v\u00fd\u0161kou cca 5 cm. Kombin\u00e1cia t\u00fdchto dvoch matracov zaru\u010duje dokonal\u00e9 pohodlie a kvalitn\u00fd sp\u00e1nok. V\u00fd\u0161ku lo\u017enej plochy a\u017e 65 cm ocen\u00edte pri ka\u017edom vst\u00e1van\u00ed z postele. Pri \u010d\u00edtan\u00ed alebo pozeran\u00ed TV V\u00e1s vysok\u00e9 m\u00e4kk\u00e9 \u010delo prekvap\u00ed ne\u010dakan\u00fdm komfortom.. Pod l\u00f4\u017ekom n\u00e1jdete \u00falo\u017en\u00fd priestor, do ktor\u00e9ho si m\u00f4\u017eete odklada\u0165 v\u0161etky va\u0161e drobnosti. \u010cal\u00fanen\u00e1 je b\u00e9\u017eovou l\u00e1tkou a vysok\u00e9 \u010delo je elegantne pre\u0161it\u00e9 a obohaten\u00e9 o dekorat\u00edvne gomb\u00edky.<\/p>\n<div class=\"text\">\n<ul>\n<li><b>Materi\u00e1l:<\/b>\u00a0l\u00e1tka Mono<\/li>\n<li><b>Farba:<\/b> 232 b\u00e9\u017eov\u00e1<\/li>\n<li><b>Rozmery (\u0160xHxV):<\/b>\u00a0180x211x118 cm,\u00a0<b>Plocha na spanie (\u0160xD):<\/b>\u00a0180\u00d7200 cm<\/li>\n<li><b>Rozmery (\u0160xHxV):<\/b>\u00a0160x211x118 cm,\u00a0<b>Plocha na spanie (\u0160xD):<\/b>\u00a0160\u00d7200 cm<\/li>\n<li><b>Nosnos\u0165:<\/b>\u00a0110 kg<\/li>\n<li><b>V\u00fd\u0161ka plochy na spanie:<\/b>\u00a065 cm<\/li>\n<li>S \u00falo\u017en\u00fdm priestorom<\/li>\n<li>Vysok\u00e9 \u010delo<\/li>\n<li>Matrac s vrstvou z bonelov\u00fdch pru\u017e\u00edn a PUR peny<\/li>\n<li>Toper s v\u00fd\u0161kou 5 cm<\/li>\n<li>Dod\u00e1van\u00e9 v demonte<\/li>\n<\/ul>\n<\/div>\n","protected":false},"excerpt":{"rendered":"<p>Boxspringov\u00e1 poste\u013e ESHLY je modern\u00e1, praktick\u00e1 a pohodln\u00e1. Spacia plocha je zlo\u017een\u00e1 z 2 matracov\u00fdch vrstiev. Spodn\u00fd matrac je vyroben\u00fd z PUR peny a jednej vrstvy bonelov\u00fdch pru\u017e\u00edn, na \u0148om je druh\u00fd matrac, tzv. toper vyroben\u00fd z polyuret\u00e1novej peny s v\u00fd\u0161kou cca 5 cm. Kombin\u00e1cia t\u00fdchto dvoch matracov zaru\u010duje dokonal\u00e9 pohodlie a kvalitn\u00fd sp\u00e1nok. V\u00fd\u0161ku&#8230;<\/p>\n","protected":false},"featured_media":108228,"comment_status":"closed","ping_status":"closed","template":"","meta":{"_seopress_robots_primary_cat":"none","_seopress_titles_title":"","_seopress_titles_desc":"","_seopress_robots_index":""},"product_brand":[],"product_cat":[4012,617],"product_tag":[],"class_list":{"0":"post-108226","1":"product","2":"type-product","3":"status-publish","4":"has-post-thumbnail","6":"product_cat-postele","7":"product_cat-boxspring-postele","9":"first","10":"onbackorder","11":"shipping-taxable","12":"purchasable","13":"product-type-variable"},"_links":{"self":[{"href":"https:\/\/nabytoklaguna.sk\/sk\/wp-json\/wp\/v2\/product\/108226","targetHints":{"allow":["GET"]}}],"collection":[{"href":"https:\/\/nabytoklaguna.sk\/sk\/wp-json\/wp\/v2\/product"}],"about":[{"href":"https:\/\/nabytoklaguna.sk\/sk\/wp-json\/wp\/v2\/types\/product"}],"replies":[{"embeddable":true,"href":"https:\/\/nabytoklaguna.sk\/sk\/wp-json\/wp\/v2\/comments?post=108226"}],"wp:featuredmedia":[{"embeddable":true,"href":"https:\/\/nabytoklaguna.sk\/sk\/wp-json\/wp\/v2\/media\/108228"}],"wp:attachment":[{"href":"https:\/\/nabytoklaguna.sk\/sk\/wp-json\/wp\/v2\/media?parent=108226"}],"wp:term":[{"taxonomy":"product_brand","embeddable":true,"href":"https:\/\/nabytoklaguna.sk\/sk\/wp-json\/wp\/v2\/product_brand?post=108226"},{"taxonomy":"product_cat","embeddable":true,"href":"https:\/\/nabytoklaguna.sk\/sk\/wp-json\/wp\/v2\/product_cat?post=108226"},{"taxonomy":"product_tag","embeddable":true,"href":"https:\/\/nabytoklaguna.sk\/sk\/wp-json\/wp\/v2\/product_tag?post=108226"}],"curies":[{"name":"wp","href":"https:\/\/api.w.org\/{rel}","templated":true}]}}

<p>Boxspringová posteľ <strong>ESHLY</strong> je moderná, praktická a pohodlná. Spacia plocha je zložená z 2 matracových vrstiev. Spodný matrac je vyrobený z PUR peny a jednej vrstvy bonelových pružín, na ňom je druhý matrac, tzv. toper vyrobený z polyuretánovej peny s výškou cca 5 cm. Kombinácia týchto dvoch matracov zaručuje dokonalé pohodlie a kvalitný spánok. Výšku ložnej plochy až 65 cm oceníte pri každom vstávaní z postele. Pri čítaní alebo pozeraní TV Vás vysoké mäkké čelo prekvapí nečakaným komfortom.. Pod lôžkom nájdete úložný priestor, do ktorého si môžete odkladať všetky vaše drobnosti. Čalúnená je béžovou látkou a vysoké čelo je elegantne prešité a obohatené o dekoratívne gombíky.</p>
<div class="text">
<ul>
<li><b>Materiál:</b> látka Mono</li>
<li><b>Farba:</b> 232 béžová</li>
<li><b>Rozmery (ŠxHxV):</b> 180x211x118 cm, <b>Plocha na spanie (ŠxD):</b> 180×200 cm</li>
<li><b>Rozmery (ŠxHxV):</b> 160x211x118 cm, <b>Plocha na spanie (ŠxD):</b> 160×200 cm</li>
<li><b>Nosnosť:</b> 110 kg</li>
<li><b>Výška plochy na spanie:</b> 65 cm</li>
<li>S úložným priestorom</li>
<li>Vysoké čelo</li>
<li>Matrac s vrstvou z bonelových pružín a PUR peny</li>
<li>Toper s výškou 5 cm</li>
<li>Dodávané v demonte</li>
</ul>
</div>

<p>Boxspringová posteľ ESHLY je moderná, praktická a pohodlná. Spacia plocha je zložená z 2 matracových vrstiev. Spodný matrac je vyrobený z PUR peny a jednej vrstvy bonelových pružín, na ňom je druhý matrac, tzv. toper vyrobený z polyuretánovej peny s výškou cca 5 cm. Kombinácia týchto dvoch matracov zaručuje dokonalé pohodlie a kvalitný spánok. Výšku&#8230;</p>
