{"id":109584,"date":"2022-05-27T14:44:32","date_gmt":"2022-05-27T12:44:32","guid":{"rendered":"https:\/\/nabytoklaguna.sk\/sk\/?post_type=product&#038;p=109584"},"modified":"2025-03-27T12:53:36","modified_gmt":"2025-03-27T11:53:36","slug":"mirko-obyvacia-stena-adrk","status":"publish","type":"product","link":"https:\/\/nabytoklaguna.sk\/sk\/produkt\/mirko-obyvacia-stena-adrk\/","title":{"rendered":"Mirko ob\u00fdvacia stena ADRK"},"content":{"rendered":"<p>Modern\u00e1 ob\u00fdvacia\u00a0 zostava <strong>MIRKO<\/strong> poskytuje dostatok \u00falo\u017en\u00e9ho priestoru, a z\u00e1rove\u0148 z\u00fatuln\u00ed Va\u0161u ob\u00fdva\u010dku.\u00a0 Zostava je vyroben\u00e1 z kvalitnej odolnej laminovanej<b>\u00a0drevotriesky<\/b>, ob\u013e\u00faben\u00e9 a modern\u00e9 farebn\u00e9 prevedenie v kombin\u00e1cii bielej a \u010diernej alebo v dekore dub sonoma a bielej \u013eahko skombinujete s ak\u00fdmko\u013evek n\u00e1bytkom. Zostava sa sklad\u00e1 z <b>RTV stol\u00edka<\/b>, ktor\u00fd m\u00e1\u00a0<b>otvoren\u00fd \u00falo\u017en\u00fd priestor<\/b> a jednu <strong>zatv\u00e1raciu<\/strong> skrinku, zo <strong>z<\/strong><b>\u00e1vesnej vitr\u00edny a<\/b>\u00a0<strong>police<\/strong> ur\u010denej napr\u00edklad na dekorat\u00edvne predmety, knihy, \u010di CD nosi\u010de.<\/p>\n<ul>\n<li><b>Materi\u00e1l:<\/b>\u00a0laminovan\u00e1 DTD<\/li>\n<li><b>Farba:<\/b> biela\/sonoma alebo biela\/\u010dierny vysok\u00fd lesk<\/li>\n<li><strong>\u00daprava:<\/strong>\u00a0Matn\u00e1 alebo leskl\u00e1<\/li>\n<li><b>Rozmery z\u00e1vesnej vitr\u00edny (\u0160xVxH):\u00a0<\/b>28 x 98,5 x 27 cm<\/li>\n<li><b>Rozmery RTV stol\u00edka (\u0160xVxH):<\/b> 178 x 45,5 x 44 cm<\/li>\n<li><b>Rozmery police (\u0160xVxH):<\/b> 150 x 23,5 x 19,5 cm<\/li>\n<li>Dod\u00e1van\u00e9 v demonte<\/li>\n<\/ul>\n","protected":false},"excerpt":{"rendered":"<p>Modern\u00e1 ob\u00fdvacia\u00a0 zostava MIRKO poskytuje dostatok \u00falo\u017en\u00e9ho priestoru, a z\u00e1rove\u0148 z\u00fatuln\u00ed Va\u0161u ob\u00fdva\u010dku.\u00a0 Zostava je vyroben\u00e1 z kvalitnej odolnej laminovanej\u00a0drevotriesky, ob\u013e\u00faben\u00e9 a modern\u00e9 farebn\u00e9 prevedenie v kombin\u00e1cii bielej a \u010diernej alebo v dekore dub sonoma a bielej \u013eahko skombinujete s ak\u00fdmko\u013evek n\u00e1bytkom. Zostava sa sklad\u00e1 z RTV stol\u00edka, ktor\u00fd m\u00e1\u00a0otvoren\u00fd \u00falo\u017en\u00fd priestor a jednu zatv\u00e1raciu&#8230;<\/p>\n","protected":false},"featured_media":109587,"comment_status":"closed","ping_status":"closed","template":"","meta":{"_seopress_robots_primary_cat":"","_seopress_titles_title":"","_seopress_titles_desc":"","_seopress_robots_index":""},"product_brand":[],"product_cat":[182,251],"product_tag":[],"class_list":{"0":"post-109584","1":"product","2":"type-product","3":"status-publish","4":"has-post-thumbnail","6":"product_cat-obyvacie-steny","7":"product_cat-steny","9":"first","10":"onbackorder","11":"shipping-taxable","12":"purchasable","13":"product-type-variable"},"_links":{"self":[{"href":"https:\/\/nabytoklaguna.sk\/sk\/wp-json\/wp\/v2\/product\/109584","targetHints":{"allow":["GET"]}}],"collection":[{"href":"https:\/\/nabytoklaguna.sk\/sk\/wp-json\/wp\/v2\/product"}],"about":[{"href":"https:\/\/nabytoklaguna.sk\/sk\/wp-json\/wp\/v2\/types\/product"}],"replies":[{"embeddable":true,"href":"https:\/\/nabytoklaguna.sk\/sk\/wp-json\/wp\/v2\/comments?post=109584"}],"wp:featuredmedia":[{"embeddable":true,"href":"https:\/\/nabytoklaguna.sk\/sk\/wp-json\/wp\/v2\/media\/109587"}],"wp:attachment":[{"href":"https:\/\/nabytoklaguna.sk\/sk\/wp-json\/wp\/v2\/media?parent=109584"}],"wp:term":[{"taxonomy":"product_brand","embeddable":true,"href":"https:\/\/nabytoklaguna.sk\/sk\/wp-json\/wp\/v2\/product_brand?post=109584"},{"taxonomy":"product_cat","embeddable":true,"href":"https:\/\/nabytoklaguna.sk\/sk\/wp-json\/wp\/v2\/product_cat?post=109584"},{"taxonomy":"product_tag","embeddable":true,"href":"https:\/\/nabytoklaguna.sk\/sk\/wp-json\/wp\/v2\/product_tag?post=109584"}],"curies":[{"name":"wp","href":"https:\/\/api.w.org\/{rel}","templated":true}]}}

Mirko obývacia stena ADRK

<p>Moderná obývacia  zostava <strong>MIRKO</strong> poskytuje dostatok úložného priestoru, a zároveň zútulní Vašu obývačku.  Zostava je vyrobená z kvalitnej odolnej laminovanej<b> drevotriesky</b>, obľúbené a moderné farebné prevedenie v kombinácii bielej a čiernej alebo v dekore dub sonoma a bielej ľahko skombinujete s akýmkoľvek nábytkom. Zostava sa skladá z <b>RTV stolíka</b>, ktorý má <b>otvorený úložný priestor</b> a jednu <strong>zatváraciu</strong> skrinku, zo <strong>z</strong><b>ávesnej vitríny a</b> <strong>police</strong> určenej napríklad na dekoratívne predmety, knihy, či CD nosiče.</p>
<ul>
<li><b>Materiál:</b> laminovaná DTD</li>
<li><b>Farba:</b> biela/sonoma alebo biela/čierny vysoký lesk</li>
<li><strong>Úprava:</strong> Matná alebo lesklá</li>
<li><b>Rozmery závesnej vitríny (ŠxVxH): </b>28 x 98,5 x 27 cm</li>
<li><b>Rozmery RTV stolíka (ŠxVxH):</b> 178 x 45,5 x 44 cm</li>
<li><b>Rozmery police (ŠxVxH):</b> 150 x 23,5 x 19,5 cm</li>
<li>Dodávané v demonte</li>
</ul>

<p>Moderná obývacia  zostava MIRKO poskytuje dostatok úložného priestoru, a zároveň zútulní Vašu obývačku.  Zostava je vyrobená z kvalitnej odolnej laminovanej drevotriesky, obľúbené a moderné farebné prevedenie v kombinácii bielej a čiernej alebo v dekore dub sonoma a bielej ľahko skombinujete s akýmkoľvek nábytkom. Zostava sa skladá z RTV stolíka, ktorý má otvorený úložný priestor a jednu zatváraciu&#8230;</p>
