{"id":109590,"date":"2022-05-27T15:00:38","date_gmt":"2022-05-27T13:00:38","guid":{"rendered":"https:\/\/nabytoklaguna.sk\/sk\/?post_type=product&#038;p=109590"},"modified":"2025-03-27T12:52:08","modified_gmt":"2025-03-27T11:52:08","slug":"nadia-obyvacia-stena-adrk","status":"publish","type":"product","link":"https:\/\/nabytoklaguna.sk\/sk\/produkt\/nadia-obyvacia-stena-adrk\/","title":{"rendered":"NADIA ob\u00fdvacia stena ADRK"},"content":{"rendered":"<p>Modern\u00e1 ob\u00fdvacia\u00a0 zostava\u00a0<strong>NADIA<\/strong> poskytuje dostatok \u00falo\u017en\u00e9ho priestoru. Svojimi \u010dist\u00fdmi l\u00edniami a kvalitn\u00fdm spracovan\u00edm o\u017eiv\u00ed priestor Va\u0161ej ob\u00fdvacej izby.\u00a0 Zostava je vyroben\u00e1 z kvalitnej odolnej laminovanej<b>\u00a0drevotriesky<\/b>, ob\u013e\u00faben\u00e9 a modern\u00e9 farebn\u00e9 prevedenie v kombin\u00e1cii dub sonoma a bielej \u013eahko skombinujete s ak\u00fdmko\u013evek n\u00e1bytkom. Zostava sa sklad\u00e1 z <b>RTV stol\u00edka<\/b>, ktor\u00fd m\u00e1\u00a0<b>otvoren\u00fd \u00falo\u017en\u00fd priestor<\/b>\u00a0a jednu\u00a0<strong>zatv\u00e1raciu<\/strong>\u00a0skrinku, zo\u00a0<strong>z<\/strong><b>\u00e1vesnej vitr\u00edny a<\/b>\u00a0<strong>otvoren\u00e9ho reg\u00e1lu<\/strong> , ktor\u00fd vyu\u017eijete na ulo\u017eenie dekorat\u00edvnych predmetov, ob\u013e\u00faben\u00fdch kn\u00edh, \u010di rodinn\u00fdch fotografi\u00ed.<\/p>\n<ul>\n<li><b>Materi\u00e1l:<\/b>\u00a0laminovan\u00e1 DTD<\/li>\n<li><b>Farba:<\/b> biela\/sonoma<\/li>\n<li><strong>\u00daprava:<\/strong> Matn\u00e1<\/li>\n<li><b>Rozmery z\u00e1vesnej vitr\u00edny (\u0160xVxH):\u00a0<\/b>28 x 98,5 x 27 cm<\/li>\n<li><b>Rozmery RTV stol\u00edka (\u0160xVxH):<\/b> 181 x 37 x 44 cm<\/li>\n<li><b>Rozmery reg\u00e1lu (\u0160xVxH):<\/b> 20 x 99 x 25 cm<\/li>\n<li>Dod\u00e1van\u00e9 v demonte<\/li>\n<\/ul>\n","protected":false},"excerpt":{"rendered":"<p>Modern\u00e1 ob\u00fdvacia\u00a0 zostava\u00a0NADIA poskytuje dostatok \u00falo\u017en\u00e9ho priestoru. Svojimi \u010dist\u00fdmi l\u00edniami a kvalitn\u00fdm spracovan\u00edm o\u017eiv\u00ed priestor Va\u0161ej ob\u00fdvacej izby.\u00a0 Zostava je vyroben\u00e1 z kvalitnej odolnej laminovanej\u00a0drevotriesky, ob\u013e\u00faben\u00e9 a modern\u00e9 farebn\u00e9 prevedenie v kombin\u00e1cii dub sonoma a bielej \u013eahko skombinujete s ak\u00fdmko\u013evek n\u00e1bytkom. Zostava sa sklad\u00e1 z RTV stol\u00edka, ktor\u00fd m\u00e1\u00a0otvoren\u00fd \u00falo\u017en\u00fd priestor\u00a0a jednu\u00a0zatv\u00e1raciu\u00a0skrinku, zo\u00a0z\u00e1vesnej vitr\u00edny a\u00a0otvoren\u00e9ho&#8230;<\/p>\n","protected":false},"featured_media":115836,"comment_status":"closed","ping_status":"closed","template":"","meta":{"_seopress_robots_primary_cat":"none","_seopress_titles_title":"","_seopress_titles_desc":"","_seopress_robots_index":""},"product_brand":[],"product_cat":[182,251],"product_tag":[],"class_list":{"0":"post-109590","1":"product","2":"type-product","3":"status-publish","4":"has-post-thumbnail","6":"product_cat-obyvacie-steny","7":"product_cat-steny","9":"first","10":"onbackorder","11":"shipping-taxable","12":"purchasable","13":"product-type-variable"},"_links":{"self":[{"href":"https:\/\/nabytoklaguna.sk\/sk\/wp-json\/wp\/v2\/product\/109590","targetHints":{"allow":["GET"]}}],"collection":[{"href":"https:\/\/nabytoklaguna.sk\/sk\/wp-json\/wp\/v2\/product"}],"about":[{"href":"https:\/\/nabytoklaguna.sk\/sk\/wp-json\/wp\/v2\/types\/product"}],"replies":[{"embeddable":true,"href":"https:\/\/nabytoklaguna.sk\/sk\/wp-json\/wp\/v2\/comments?post=109590"}],"wp:featuredmedia":[{"embeddable":true,"href":"https:\/\/nabytoklaguna.sk\/sk\/wp-json\/wp\/v2\/media\/115836"}],"wp:attachment":[{"href":"https:\/\/nabytoklaguna.sk\/sk\/wp-json\/wp\/v2\/media?parent=109590"}],"wp:term":[{"taxonomy":"product_brand","embeddable":true,"href":"https:\/\/nabytoklaguna.sk\/sk\/wp-json\/wp\/v2\/product_brand?post=109590"},{"taxonomy":"product_cat","embeddable":true,"href":"https:\/\/nabytoklaguna.sk\/sk\/wp-json\/wp\/v2\/product_cat?post=109590"},{"taxonomy":"product_tag","embeddable":true,"href":"https:\/\/nabytoklaguna.sk\/sk\/wp-json\/wp\/v2\/product_tag?post=109590"}],"curies":[{"name":"wp","href":"https:\/\/api.w.org\/{rel}","templated":true}]}}

NADIA obývacia stena ADRK

<p>Moderná obývacia  zostava <strong>NADIA</strong> poskytuje dostatok úložného priestoru. Svojimi čistými líniami a kvalitným spracovaním oživí priestor Vašej obývacej izby.  Zostava je vyrobená z kvalitnej odolnej laminovanej<b> drevotriesky</b>, obľúbené a moderné farebné prevedenie v kombinácii dub sonoma a bielej ľahko skombinujete s akýmkoľvek nábytkom. Zostava sa skladá z <b>RTV stolíka</b>, ktorý má <b>otvorený úložný priestor</b> a jednu <strong>zatváraciu</strong> skrinku, zo <strong>z</strong><b>ávesnej vitríny a</b> <strong>otvoreného regálu</strong> , ktorý využijete na uloženie dekoratívnych predmetov, obľúbených kníh, či rodinných fotografií.</p>
<ul>
<li><b>Materiál:</b> laminovaná DTD</li>
<li><b>Farba:</b> biela/sonoma</li>
<li><strong>Úprava:</strong> Matná</li>
<li><b>Rozmery závesnej vitríny (ŠxVxH): </b>28 x 98,5 x 27 cm</li>
<li><b>Rozmery RTV stolíka (ŠxVxH):</b> 181 x 37 x 44 cm</li>
<li><b>Rozmery regálu (ŠxVxH):</b> 20 x 99 x 25 cm</li>
<li>Dodávané v demonte</li>
</ul>

<p>Moderná obývacia  zostava NADIA poskytuje dostatok úložného priestoru. Svojimi čistými líniami a kvalitným spracovaním oživí priestor Vašej obývacej izby.  Zostava je vyrobená z kvalitnej odolnej laminovanej drevotriesky, obľúbené a moderné farebné prevedenie v kombinácii dub sonoma a bielej ľahko skombinujete s akýmkoľvek nábytkom. Zostava sa skladá z RTV stolíka, ktorý má otvorený úložný priestor a jednu zatváraciu skrinku, zo závesnej vitríny a otvoreného&#8230;</p>
