{"id":112974,"date":"2022-10-13T15:11:27","date_gmt":"2022-10-13T13:11:27","guid":{"rendered":"https:\/\/nabytoklaguna.sk\/sk\/?post_type=product&#038;p=112974"},"modified":"2023-05-04T15:20:09","modified_gmt":"2023-05-04T13:20:09","slug":"w-tis-obyvacia-stena-2","status":"publish","type":"product","link":"https:\/\/nabytoklaguna.sk\/sk\/produkt\/w-tis-obyvacia-stena-2\/","title":{"rendered":"W TIS ob\u00fdvacia stena"},"content":{"rendered":"<p><strong>Ob\u00fdvacia stena W TIS<\/strong>\u00a0je\u00a0<strong>sektorov\u00fd ob\u00fdvac\u00ed syst\u00e9m<\/strong>, ktor\u00fd prinesie do va\u0161ej ob\u00fdvacej izby eleganciu a exkluzivitu. Je navrhnut\u00fd v s\u00falade s\u00a0<strong>najnov\u0161\u00edmi trendmi.<\/strong>\u00a0Kolekcia sa sklad\u00e1 z r\u00f4znorod\u00fdch prvkov, v\u010faka \u010domu si m\u00f4\u017ee umiestni\u0165 n\u00e1bytok v premyslenej\u00a0<strong>vlastnej kompoz\u00edcii<\/strong>. Prvky kompletu vyplnia a dod\u00e1vaj\u00fa\u00a0<strong>p\u00f4vab miestnosti<\/strong>\u00a0a stvoria\u00a0<strong>v\u00fdnimo\u010dn\u00fa atmosf\u00e9ru<\/strong>\u00a0v interi\u00e9ri.\u00a0Syst\u00e9m je charakterizovan\u00fd \u010deln\u00fdmi panelmi z MDF,<strong>ABS hrany, tich\u00e9 zatv\u00e1ranie<\/strong>. \u010eal\u0161\u00edm atrakt\u00edvnym detailom je<strong>\u00a0dr\u00e1\u017ekovan\u00fd p\u00e1s<\/strong>, ktor\u00fd d\u00e1va n\u00e1bytku charakter. Syst\u00e9m W TIS je vo farebnom preveden\u00ed\u00a0<strong>DUB ARTISAN<\/strong>. Mo\u017enos\u0165 dok\u00fapi\u0165\u00a0<strong>LED osvetlenie<\/strong>\u00a0do vitr\u00edn W TIS 03, W TIS 04 a W TIS 05 za pr\u00edplatok.<\/p>\n<p>ob\u00fdvacia stena obsahuje<\/p>\n<ul>\n<li>skri\u0148a W TIS 01, rozmer\u2026v x \u0161 x h 200\/92\/55 cm, 345<strong>\u00a0EUR<\/strong><\/li>\n<li>vitr\u00edna W TIS 05, rozmer\u2026v x \u0161 x h 140\/92\/40 cm, 304<strong>\u00a0EUR<\/strong><\/li>\n<li>komoda W TIS 08, rozmer\u2026v x \u0161 x h 94\/165\/40 cm, 358<strong>\u00a0EUR<\/strong><\/li>\n<li>RTV W TIS 11, rozmer\u2026v x \u0161 x h 52\/150\/40 cm, 252<strong>\u00a0EUR<\/strong><\/li>\n<li>2x polica W TIS 12, rozmer\u2026v x \u0161 x h 28\/120\/22 cm, 62<strong>\u00a0EUR \/ks\u00a0<\/strong><\/li>\n<li>stol\u00edk W TIS 13, rozmer\u2026v x \u0161 x h 57\/96\/60 cm, 111<strong>\u00a0EUR<\/strong><\/li>\n<\/ul>\n<p>k ob\u00fdvacej stene je mo\u017en\u00e9 dok\u00fapi\u0165:<\/p>\n<ul>\n<li>skri\u0148a W TIS 02, rozmer\u2026v x \u0161 x h 200\/55\/40 cm, 223<strong>\u00a0EUR<\/strong><\/li>\n<li>vitr\u00edna W TIS 03, rozmer\u2026v x \u0161 x h 200\/55\/40 cm, 242<strong>\u00a0EUR<\/strong><\/li>\n<li>vitr\u00edna W TIS 04, rozmer\u2026v x \u0161 x h 200\/92\/40 cm, 353<strong>\u00a0EUR<\/strong><\/li>\n<li>komoda W TIS 06, rozmer\u2026v x \u0161 x h 140\/92\/40 cm, 329<strong>\u00a0EUR<\/strong><\/li>\n<li>komoda W TIS 07, rozmer\u2026v x \u0161 x h 94\/138\/40 cm, 350<strong>\u00a0EUR<\/strong><\/li>\n<li>komoda W TIS 09, rozmer\u2026v x \u0161 x h 94\/92\/40 cm, 282<strong>\u00a0EUR<\/strong><\/li>\n<li>komoda W TIS 10, rozmer\u2026v x \u0161 x h 70\/138\/40 cm, 252<strong>\u00a0EUR<\/strong><\/li>\n<\/ul>\n","protected":false},"excerpt":{"rendered":"<p>Ob\u00fdvacia stena W TIS\u00a0je\u00a0sektorov\u00fd ob\u00fdvac\u00ed syst\u00e9m, ktor\u00fd prinesie do va\u0161ej ob\u00fdvacej izby eleganciu a exkluzivitu. Je navrhnut\u00fd v s\u00falade s\u00a0najnov\u0161\u00edmi trendmi.\u00a0Kolekcia sa sklad\u00e1 z r\u00f4znorod\u00fdch prvkov, v\u010faka \u010domu si m\u00f4\u017ee umiestni\u0165 n\u00e1bytok v premyslenej\u00a0vlastnej kompoz\u00edcii. Prvky kompletu vyplnia a dod\u00e1vaj\u00fa\u00a0p\u00f4vab miestnosti\u00a0a stvoria\u00a0v\u00fdnimo\u010dn\u00fa atmosf\u00e9ru\u00a0v interi\u00e9ri.\u00a0Syst\u00e9m je charakterizovan\u00fd \u010deln\u00fdmi panelmi z MDF,ABS hrany, tich\u00e9 zatv\u00e1ranie. \u010eal\u0161\u00edm atrakt\u00edvnym&#8230;<\/p>\n","protected":false},"featured_media":112728,"comment_status":"closed","ping_status":"closed","template":"","meta":{"_seopress_robots_primary_cat":"none","_seopress_titles_title":"","_seopress_titles_desc":"","_seopress_robots_index":""},"product_brand":[],"product_cat":[182,251],"product_tag":[],"class_list":{"0":"post-112974","1":"product","2":"type-product","3":"status-publish","4":"has-post-thumbnail","6":"product_cat-obyvacie-steny","7":"product_cat-steny","9":"first","10":"onbackorder","11":"shipping-taxable","12":"purchasable","13":"product-type-simple"},"_links":{"self":[{"href":"https:\/\/nabytoklaguna.sk\/sk\/wp-json\/wp\/v2\/product\/112974","targetHints":{"allow":["GET"]}}],"collection":[{"href":"https:\/\/nabytoklaguna.sk\/sk\/wp-json\/wp\/v2\/product"}],"about":[{"href":"https:\/\/nabytoklaguna.sk\/sk\/wp-json\/wp\/v2\/types\/product"}],"replies":[{"embeddable":true,"href":"https:\/\/nabytoklaguna.sk\/sk\/wp-json\/wp\/v2\/comments?post=112974"}],"wp:featuredmedia":[{"embeddable":true,"href":"https:\/\/nabytoklaguna.sk\/sk\/wp-json\/wp\/v2\/media\/112728"}],"wp:attachment":[{"href":"https:\/\/nabytoklaguna.sk\/sk\/wp-json\/wp\/v2\/media?parent=112974"}],"wp:term":[{"taxonomy":"product_brand","embeddable":true,"href":"https:\/\/nabytoklaguna.sk\/sk\/wp-json\/wp\/v2\/product_brand?post=112974"},{"taxonomy":"product_cat","embeddable":true,"href":"https:\/\/nabytoklaguna.sk\/sk\/wp-json\/wp\/v2\/product_cat?post=112974"},{"taxonomy":"product_tag","embeddable":true,"href":"https:\/\/nabytoklaguna.sk\/sk\/wp-json\/wp\/v2\/product_tag?post=112974"}],"curies":[{"name":"wp","href":"https:\/\/api.w.org\/{rel}","templated":true}]}}

W TIS obývacia stena

<p><strong>Obývacia stena W TIS</strong> je <strong>sektorový obývací systém</strong>, ktorý prinesie do vašej obývacej izby eleganciu a exkluzivitu. Je navrhnutý v súlade s <strong>najnovšími trendmi.</strong> Kolekcia sa skladá z rôznorodých prvkov, vďaka čomu si môže umiestniť nábytok v premyslenej <strong>vlastnej kompozícii</strong>. Prvky kompletu vyplnia a dodávajú <strong>pôvab miestnosti</strong> a stvoria <strong>výnimočnú atmosféru</strong> v interiéri. Systém je charakterizovaný čelnými panelmi z MDF,<strong>ABS hrany, tiché zatváranie</strong>. Ďalším atraktívnym detailom je<strong> drážkovaný pás</strong>, ktorý dáva nábytku charakter. Systém W TIS je vo farebnom prevedení <strong>DUB ARTISAN</strong>. Možnosť dokúpiť <strong>LED osvetlenie</strong> do vitrín W TIS 03, W TIS 04 a W TIS 05 za príplatok.</p>
<p>obývacia stena obsahuje</p>
<ul>
<li>skriňa W TIS 01, rozmer…v x š x h 200/92/55 cm, 345<strong> EUR</strong></li>
<li>vitrína W TIS 05, rozmer…v x š x h 140/92/40 cm, 304<strong> EUR</strong></li>
<li>komoda W TIS 08, rozmer…v x š x h 94/165/40 cm, 358<strong> EUR</strong></li>
<li>RTV W TIS 11, rozmer…v x š x h 52/150/40 cm, 252<strong> EUR</strong></li>
<li>2x polica W TIS 12, rozmer…v x š x h 28/120/22 cm, 62<strong> EUR /ks </strong></li>
<li>stolík W TIS 13, rozmer…v x š x h 57/96/60 cm, 111<strong> EUR</strong></li>
</ul>
<p>k obývacej stene je možné dokúpiť:</p>
<ul>
<li>skriňa W TIS 02, rozmer…v x š x h 200/55/40 cm, 223<strong> EUR</strong></li>
<li>vitrína W TIS 03, rozmer…v x š x h 200/55/40 cm, 242<strong> EUR</strong></li>
<li>vitrína W TIS 04, rozmer…v x š x h 200/92/40 cm, 353<strong> EUR</strong></li>
<li>komoda W TIS 06, rozmer…v x š x h 140/92/40 cm, 329<strong> EUR</strong></li>
<li>komoda W TIS 07, rozmer…v x š x h 94/138/40 cm, 350<strong> EUR</strong></li>
<li>komoda W TIS 09, rozmer…v x š x h 94/92/40 cm, 282<strong> EUR</strong></li>
<li>komoda W TIS 10, rozmer…v x š x h 70/138/40 cm, 252<strong> EUR</strong></li>
</ul>

<p>Obývacia stena W TIS je sektorový obývací systém, ktorý prinesie do vašej obývacej izby eleganciu a exkluzivitu. Je navrhnutý v súlade s najnovšími trendmi. Kolekcia sa skladá z rôznorodých prvkov, vďaka čomu si môže umiestniť nábytok v premyslenej vlastnej kompozícii. Prvky kompletu vyplnia a dodávajú pôvab miestnosti a stvoria výnimočnú atmosféru v interiéri. Systém je charakterizovaný čelnými panelmi z MDF,ABS hrany, tiché zatváranie. Ďalším atraktívnym&#8230;</p>
