{"id":113874,"date":"2022-12-03T11:22:18","date_gmt":"2022-12-03T10:22:18","guid":{"rendered":"https:\/\/nabytoklaguna.sk\/sk\/?post_type=product&#038;p=113874"},"modified":"2022-12-09T09:18:45","modified_gmt":"2022-12-09T08:18:45","slug":"verner-obyvacia-stena-2","status":"publish","type":"product","link":"https:\/\/nabytoklaguna.sk\/sk\/produkt\/verner-obyvacia-stena-2\/","title":{"rendered":"VERNER -OB\u00ddVACIA STENA"},"content":{"rendered":"<p>Ak h\u013ead\u00e1te n\u00e1bytok ktor\u00fd zaujme svojim<strong>\u00a0\u0161t\u00fdlom a kvalitou<\/strong>\u00a0spracovania, sektorov\u00e1 ob\u00fdvacia stena\u00a0<strong>VERNER<\/strong>\u00a0uspokoj\u00ed aj toho najn\u00e1ro\u010dnej\u0161ieho z\u00e1kazn\u00edka. V\u00fdhodou s\u00fa<strong>\u00a0jednoduch\u00e9 geometrick\u00e9 l\u00ednie, bez\u00fachytkov\u00e9 otv\u00e1ranie<\/strong>\u00a0a\u00a0<strong>MDF li\u0161ta<\/strong>\u00a0umiestnen\u00e1 na prednej strane n\u00e1bytku, ktor\u00fa je mo\u017en\u00e9 zv\u00fdrazni\u0165<strong>\u00a0LED osvetlen\u00edm<\/strong>\u00a0za pr\u00edplatok. N\u00e1bytok je vyroben\u00fd z\u00a0<strong>kvalitn\u00e9ho lamina.\u00a0<\/strong>\u00a0Syst\u00e9m pozost\u00e1va z nieko\u013ek\u00fdch komponentov, v\u010faka ktor\u00fdm si origin\u00e1lne zariadite interi\u00e9r V\u00e1\u0161ho domova. Sektor<strong>\u00a0VERNER<\/strong>\u00a0sa vyr\u00e1ba vo farebnom preveden\u00ed\u00a0<strong>dub wotan<\/strong>, ktor\u00fd vnesie do V\u00e1\u0161ho interi\u00e9ru svie\u017eos\u0165 a mimoriadny jas. Jednoducho a r\u00fdchlo t\u00fdmto syst\u00e9mom zariadite ob\u00fdvaciu izbu pod\u013ea va\u0161ich predst\u00e1v.<\/p>\n<p>Ob\u00fdvacia stena sa sklad\u00e1 z komponentov<\/p>\n<ul>\n<li>RTV stol\u00edk VERNER (\u0160xHxV)\u2026\u2026\u2026\u2026\u2026\u2026.1532x584x402cm<\/li>\n<li>vitr\u00edna VERNER 1D1V (\u0160xHxV)\u2026\u2026\u2026\u2026\u2026.594x2100x402cm<\/li>\n<li>vitr\u00edna VERNER 2D2V (\u0160xHxV)\u2026\u2026\u2026\u2026\u2026.1062x1640x402cm<\/li>\n<li>poli\u010dka VERNER 150 (\u0160xHxV).\u2026\u2026\u2026\u2026\u2026\u20261530x200x206cm<\/li>\n<\/ul>\n<p>V na\u0161ej ponuke n\u00e1jdete aj \u010fal\u0161\u00ed sortiment z rady <strong>VERNER.<\/strong> Dod\u00e1vame v demonte.<\/p>\n<p>komoda\u00a0 VERNER\u00a0 2D (\u0160xHxV)\u2026.\u2026\u2026\u2026\u20261062x945x402cm<br \/>\nkomoda\u00a0 VERNER\u00a0 2D3S (\u0160xHxV)\u2026\u2026\u2026\u20261532x945x402cm<br \/>\nstol\u00edk konferen\u010dn\u00fd VERNER (\u0160xHxV)\u2026\u2026..1100x500x560cm<br \/>\npoli\u010dka VERNER 100 (\u0160xHxV).\u2026\u2026\u2026\u2026\u2026\u20261062x200x206cm<br \/>\npoli\u010dka VERNER 150 (\u0160xHxV).\u2026\u2026\u2026\u2026\u2026\u20261530x200x206cm<br \/>\nreg\u00e1l otvoren\u00fd 1D VERNER (\u0160xHxV)\u2026\u2026\u2026594x2100x402cm<br \/>\nSkri\u0148a VERNER 4D (\u0160xHxV)\u2026\u2026\u2026\u2026\u2026\u2026.1062x2100x602cm\u00a0 .<\/p>\n","protected":false},"excerpt":{"rendered":"<p>Ak h\u013ead\u00e1te n\u00e1bytok ktor\u00fd zaujme svojim\u00a0\u0161t\u00fdlom a kvalitou\u00a0spracovania, sektorov\u00e1 ob\u00fdvacia stena\u00a0VERNER\u00a0uspokoj\u00ed aj toho najn\u00e1ro\u010dnej\u0161ieho z\u00e1kazn\u00edka. V\u00fdhodou s\u00fa\u00a0jednoduch\u00e9 geometrick\u00e9 l\u00ednie, bez\u00fachytkov\u00e9 otv\u00e1ranie\u00a0a\u00a0MDF li\u0161ta\u00a0umiestnen\u00e1 na prednej strane n\u00e1bytku, ktor\u00fa je mo\u017en\u00e9 zv\u00fdrazni\u0165\u00a0LED osvetlen\u00edm\u00a0za pr\u00edplatok. N\u00e1bytok je vyroben\u00fd z\u00a0kvalitn\u00e9ho lamina.\u00a0\u00a0Syst\u00e9m pozost\u00e1va z nieko\u013ek\u00fdch komponentov, v\u010faka ktor\u00fdm si origin\u00e1lne zariadite interi\u00e9r V\u00e1\u0161ho domova. Sektor\u00a0VERNER\u00a0sa vyr\u00e1ba vo farebnom preveden\u00ed\u00a0dub wotan,&#8230;<\/p>\n","protected":false},"featured_media":113880,"comment_status":"closed","ping_status":"closed","template":"","meta":{"_seopress_robots_primary_cat":"none","_seopress_titles_title":"","_seopress_titles_desc":"","_seopress_robots_index":""},"product_brand":[],"product_cat":[182,251],"product_tag":[],"class_list":{"0":"post-113874","1":"product","2":"type-product","3":"status-publish","4":"has-post-thumbnail","6":"product_cat-obyvacie-steny","7":"product_cat-steny","8":"pa_style-bez-osvetlenia","9":"pa_style-s-led-osvetlenim","11":"first","12":"onbackorder","13":"shipping-taxable","14":"purchasable","15":"product-type-variable"},"_links":{"self":[{"href":"https:\/\/nabytoklaguna.sk\/sk\/wp-json\/wp\/v2\/product\/113874","targetHints":{"allow":["GET"]}}],"collection":[{"href":"https:\/\/nabytoklaguna.sk\/sk\/wp-json\/wp\/v2\/product"}],"about":[{"href":"https:\/\/nabytoklaguna.sk\/sk\/wp-json\/wp\/v2\/types\/product"}],"replies":[{"embeddable":true,"href":"https:\/\/nabytoklaguna.sk\/sk\/wp-json\/wp\/v2\/comments?post=113874"}],"wp:featuredmedia":[{"embeddable":true,"href":"https:\/\/nabytoklaguna.sk\/sk\/wp-json\/wp\/v2\/media\/113880"}],"wp:attachment":[{"href":"https:\/\/nabytoklaguna.sk\/sk\/wp-json\/wp\/v2\/media?parent=113874"}],"wp:term":[{"taxonomy":"product_brand","embeddable":true,"href":"https:\/\/nabytoklaguna.sk\/sk\/wp-json\/wp\/v2\/product_brand?post=113874"},{"taxonomy":"product_cat","embeddable":true,"href":"https:\/\/nabytoklaguna.sk\/sk\/wp-json\/wp\/v2\/product_cat?post=113874"},{"taxonomy":"product_tag","embeddable":true,"href":"https:\/\/nabytoklaguna.sk\/sk\/wp-json\/wp\/v2\/product_tag?post=113874"}],"curies":[{"name":"wp","href":"https:\/\/api.w.org\/{rel}","templated":true}]}}

VERNER -OBÝVACIA STENA

<p>Ak hľadáte nábytok ktorý zaujme svojim<strong> štýlom a kvalitou</strong> spracovania, sektorová obývacia stena <strong>VERNER</strong> uspokojí aj toho najnáročnejšieho zákazníka. Výhodou sú<strong> jednoduché geometrické línie, bezúchytkové otváranie</strong> a <strong>MDF lišta</strong> umiestnená na prednej strane nábytku, ktorú je možné zvýrazniť<strong> LED osvetlením</strong> za príplatok. Nábytok je vyrobený z <strong>kvalitného lamina. </strong> Systém pozostáva z niekoľkých komponentov, vďaka ktorým si originálne zariadite interiér Vášho domova. Sektor<strong> VERNER</strong> sa vyrába vo farebnom prevedení <strong>dub wotan</strong>, ktorý vnesie do Vášho interiéru sviežosť a mimoriadny jas. Jednoducho a rýchlo týmto systémom zariadite obývaciu izbu podľa vašich predstáv.</p>
<p>Obývacia stena sa skladá z komponentov</p>
<ul>
<li>RTV stolík VERNER (ŠxHxV)……………….1532x584x402cm</li>
<li>vitrína VERNER 1D1V (ŠxHxV)…………….594x2100x402cm</li>
<li>vitrína VERNER 2D2V (ŠxHxV)…………….1062x1640x402cm</li>
<li>polička VERNER 150 (ŠxHxV).………………1530x200x206cm</li>
</ul>
<p>V našej ponuke nájdete aj ďalší sortiment z rady <strong>VERNER.</strong> Dodávame v demonte.</p>
<p>komoda  VERNER  2D (ŠxHxV)….…………1062x945x402cm<br />
komoda  VERNER  2D3S (ŠxHxV)…………1532x945x402cm<br />
stolík konferenčný VERNER (ŠxHxV)……..1100x500x560cm<br />
polička VERNER 100 (ŠxHxV).………………1062x200x206cm<br />
polička VERNER 150 (ŠxHxV).………………1530x200x206cm<br />
regál otvorený 1D VERNER (ŠxHxV)………594x2100x402cm<br />
Skriňa VERNER 4D (ŠxHxV)……………….1062x2100x602cm  .</p>

<p>Ak hľadáte nábytok ktorý zaujme svojim štýlom a kvalitou spracovania, sektorová obývacia stena VERNER uspokojí aj toho najnáročnejšieho zákazníka. Výhodou sú jednoduché geometrické línie, bezúchytkové otváranie a MDF lišta umiestnená na prednej strane nábytku, ktorú je možné zvýrazniť LED osvetlením za príplatok. Nábytok je vyrobený z kvalitného lamina.  Systém pozostáva z niekoľkých komponentov, vďaka ktorým si originálne zariadite interiér Vášho domova. Sektor VERNER sa vyrába vo farebnom prevedení dub wotan,&#8230;</p>
