{"id":114981,"date":"2023-01-18T10:19:19","date_gmt":"2023-01-18T09:19:19","guid":{"rendered":"https:\/\/nabytoklaguna.sk\/sk\/?post_type=product&#038;p=114981"},"modified":"2023-02-13T12:25:33","modified_gmt":"2023-02-13T11:25:33","slug":"konferencny-stolik-jareri","status":"publish","type":"product","link":"https:\/\/nabytoklaguna.sk\/sk\/produkt\/konferencny-stolik-jareri\/","title":{"rendered":"konferen\u010dn\u00fd stol\u00edk JARERI"},"content":{"rendered":"<p>Konferen\u010dn\u00fd <strong>stol\u00edk JARERI<\/strong>\u00a0je kr\u00e1sny a hlavne <strong>funk\u010dn\u00fd, rozkladac\u00ed stol\u00edk<\/strong>, ktor\u00fd o\u017eiv\u00fd ka\u017ed\u00fa izbu. Stol\u00edk JARERI je skvel\u00fdm <strong>rie\u0161en\u00edm do mal\u00fdch bytov<\/strong>. Ka\u017ed\u00fd de\u0148 \u00fah\u013eadn\u00fd\u00a0<strong>konferen\u010dn\u00fd stol\u00edk<\/strong> a v pr\u00edpade potreby sa konferen\u010dn\u00fd stol\u00edk zmen\u00ed na <strong>ve\u013ek\u00fd st\u00f4l<\/strong>\u00a0s\u00a0<strong>d\u013a\u017ekou 200 cm<\/strong>\u00a0.\u00a0\u013dahko sa rozlo\u017e\u00ed a zlo\u017e\u00ed\u00a0. <strong>St\u00f4l je pevn\u00fd<\/strong> a pre\u017eije ve\u013ea ve\u010dierkov. Mo\u017enos\u0165 v\u00fdberu a\u017e z <strong>15-tich farebn\u00fdch preveden\u00ed<\/strong> (v\u00fdber potrebn\u00e9 uvies\u0165 v pozn\u00e1mke).<\/p>\n<div>\n<div><strong>parametre stol\u00edka:<\/strong><\/div>\n<div><\/div>\n<div>\n<div>\n<div><span style=\"color: #000000\">V\u00fd\u0161ka (cm) : 53-78<\/span><\/div>\n<\/div>\n<div>\n<div><span style=\"color: #000000\">\u0160\u00edrka (cm): 80<\/span><\/div>\n<\/div>\n<div>\n<div><span style=\"color: #000000\">D\u013a\u017eka po rozlo\u017een\u00ed (cm): 200<\/span><\/div>\n<\/div>\n<div>\n<div><span style=\"color: #000000\">D\u013a\u017eka pred rozlo\u017een\u00edm (cm): 100<\/span><\/div>\n<\/div>\n<div>\n<div><span style=\"color: #000000\">Povrchov\u00e1 \u00faprava dosky: mat<\/span><\/div>\n<\/div>\n<div>\n<div><span style=\"color: #000000\">Materi\u00e1l dosky: laminovan\u00e1 drevotrieska<\/span><\/div>\n<\/div>\n<div>\n<div><span style=\"color: #000000\">Materi\u00e1l r\u00e1mu: laminovan\u00e1 doska<\/span><\/div>\n<\/div>\n<div>\n<div><span style=\"color: #000000\">Skladac\u00ed st\u00f4l: \u00e1no<\/span><\/div>\n<\/div>\n<div>\n<div><span style=\"color: #000000\">Potrebn\u00e9 zlo\u017ei\u0165: \u00e1no<\/span><\/div>\n<\/div>\n<div>\n<div><span style=\"color: #000000\">Typ sortimentu: konferen\u010dn\u00fd stol\u00edk<\/span><\/div>\n<\/div>\n<div>\n<div><span style=\"color: #000000\">\u0160t\u00fdl: klasick\u00fd<\/span><\/div>\n<\/div>\n<div>\n<div><span style=\"color: #000000\">V\u00fd\u0161kov\u00e9 nastavenie dosky stola:\u00e1no<\/span><\/div>\n<\/div>\n<\/div>\n<\/div>\n","protected":false},"excerpt":{"rendered":"<p>Konferen\u010dn\u00fd stol\u00edk JARERI\u00a0je kr\u00e1sny a hlavne funk\u010dn\u00fd, rozkladac\u00ed stol\u00edk, ktor\u00fd o\u017eiv\u00fd ka\u017ed\u00fa izbu. Stol\u00edk JARERI je skvel\u00fdm rie\u0161en\u00edm do mal\u00fdch bytov. Ka\u017ed\u00fd de\u0148 \u00fah\u013eadn\u00fd\u00a0konferen\u010dn\u00fd stol\u00edk a v pr\u00edpade potreby sa konferen\u010dn\u00fd stol\u00edk zmen\u00ed na ve\u013ek\u00fd st\u00f4l\u00a0s\u00a0d\u013a\u017ekou 200 cm\u00a0.\u00a0\u013dahko sa rozlo\u017e\u00ed a zlo\u017e\u00ed\u00a0. St\u00f4l je pevn\u00fd a pre\u017eije ve\u013ea ve\u010dierkov. Mo\u017enos\u0165 v\u00fdberu a\u017e z 15-tich farebn\u00fdch&#8230;<\/p>\n","protected":false},"featured_media":115781,"comment_status":"closed","ping_status":"closed","template":"","meta":{"_seopress_robots_primary_cat":"none","_seopress_titles_title":"","_seopress_titles_desc":"","_seopress_robots_index":""},"product_brand":[],"product_cat":[221],"product_tag":[],"class_list":{"0":"post-114981","1":"product","2":"type-product","3":"status-publish","4":"has-post-thumbnail","6":"product_cat-konferencne-stoliky","8":"first","9":"onbackorder","10":"shipping-taxable","11":"purchasable","12":"product-type-simple"},"_links":{"self":[{"href":"https:\/\/nabytoklaguna.sk\/sk\/wp-json\/wp\/v2\/product\/114981","targetHints":{"allow":["GET"]}}],"collection":[{"href":"https:\/\/nabytoklaguna.sk\/sk\/wp-json\/wp\/v2\/product"}],"about":[{"href":"https:\/\/nabytoklaguna.sk\/sk\/wp-json\/wp\/v2\/types\/product"}],"replies":[{"embeddable":true,"href":"https:\/\/nabytoklaguna.sk\/sk\/wp-json\/wp\/v2\/comments?post=114981"}],"wp:featuredmedia":[{"embeddable":true,"href":"https:\/\/nabytoklaguna.sk\/sk\/wp-json\/wp\/v2\/media\/115781"}],"wp:attachment":[{"href":"https:\/\/nabytoklaguna.sk\/sk\/wp-json\/wp\/v2\/media?parent=114981"}],"wp:term":[{"taxonomy":"product_brand","embeddable":true,"href":"https:\/\/nabytoklaguna.sk\/sk\/wp-json\/wp\/v2\/product_brand?post=114981"},{"taxonomy":"product_cat","embeddable":true,"href":"https:\/\/nabytoklaguna.sk\/sk\/wp-json\/wp\/v2\/product_cat?post=114981"},{"taxonomy":"product_tag","embeddable":true,"href":"https:\/\/nabytoklaguna.sk\/sk\/wp-json\/wp\/v2\/product_tag?post=114981"}],"curies":[{"name":"wp","href":"https:\/\/api.w.org\/{rel}","templated":true}]}}

konferenčný stolík JARERI

<p>Konferenčný <strong>stolík JARERI</strong> je krásny a hlavne <strong>funkčný, rozkladací stolík</strong>, ktorý oživý každú izbu. Stolík JARERI je skvelým <strong>riešením do malých bytov</strong>. Každý deň úhľadný <strong>konferenčný stolík</strong> a v prípade potreby sa konferenčný stolík zmení na <strong>veľký stôl</strong> s <strong>dĺžkou 200 cm</strong> . Ľahko sa rozloží a zloží . <strong>Stôl je pevný</strong> a prežije veľa večierkov. Možnosť výberu až z <strong>15-tich farebných prevedení</strong> (výber potrebné uviesť v poznámke).</p>
<div>
<div><strong>parametre stolíka:</strong></div>
<div></div>
<div>
<div>
<div><span style="color: #000000">Výška (cm) : 53-78</span></div>
</div>
<div>
<div><span style="color: #000000">Šírka (cm): 80</span></div>
</div>
<div>
<div><span style="color: #000000">Dĺžka po rozložení (cm): 200</span></div>
</div>
<div>
<div><span style="color: #000000">Dĺžka pred rozložením (cm): 100</span></div>
</div>
<div>
<div><span style="color: #000000">Povrchová úprava dosky: mat</span></div>
</div>
<div>
<div><span style="color: #000000">Materiál dosky: laminovaná drevotrieska</span></div>
</div>
<div>
<div><span style="color: #000000">Materiál rámu: laminovaná doska</span></div>
</div>
<div>
<div><span style="color: #000000">Skladací stôl: áno</span></div>
</div>
<div>
<div><span style="color: #000000">Potrebné zložiť: áno</span></div>
</div>
<div>
<div><span style="color: #000000">Typ sortimentu: konferenčný stolík</span></div>
</div>
<div>
<div><span style="color: #000000">Štýl: klasický</span></div>
</div>
<div>
<div><span style="color: #000000">Výškové nastavenie dosky stola:áno</span></div>
</div>
</div>
</div>

<p>Konferenčný stolík JARERI je krásny a hlavne funkčný, rozkladací stolík, ktorý oživý každú izbu. Stolík JARERI je skvelým riešením do malých bytov. Každý deň úhľadný konferenčný stolík a v prípade potreby sa konferenčný stolík zmení na veľký stôl s dĺžkou 200 cm . Ľahko sa rozloží a zloží . Stôl je pevný a prežije veľa večierkov. Možnosť výberu až z 15-tich farebných&#8230;</p>
