{"id":11531,"date":"2021-02-22T16:54:36","date_gmt":"2021-02-22T15:54:36","guid":{"rendered":"http:\/\/nabytoklaguna.sk\/sk\/?post_type=product&#038;p=11531"},"modified":"2026-02-19T13:35:12","modified_gmt":"2026-02-19T12:35:12","slug":"rea-ottawa-up-5","status":"publish","type":"product","link":"https:\/\/nabytoklaguna.sk\/sk\/produkt\/rea-ottawa-up-5\/","title":{"rendered":"DREVONA REA OTTAWA UP 5"},"content":{"rendered":"<p>Kvalitne vypracovan\u00e1 komoda od slovensk\u00e9ho v\u00fdrobcu. Mo\u017enos\u0165 v\u00fdberu farebn\u00e9ho prevedenia pod\u013ea ponuky. Z\u00e1suvka m\u00e1 plnov\u00fdsuv a tich\u00fd chod.<\/p>\n<p>Dod\u00e1van\u00e9 bez \u00fachytiek, potrebn\u00e9 doobjedna\u0165.<\/p>\n<p>Cena\u00a0 s\u00a0<strong>plastov\u00fdmi \u00fachytkami 229,- eur<\/strong>, s\u00a0<strong>nerezov\u00fdmi \u00fachytkami 241,- eur\u00a0<\/strong><\/p>\n<p>Mo\u017enos\u0165 dok\u00fapi\u0165 farebn\u00e9 \u010delo v 8 UNICOLOR dez\u00e9noch. Cena \u010dela 8\u20ac\/1ks. Farebn\u00e9 prevedenia n\u00e1jdete v na\u0161ej ponuke<\/p>\n<p>Rozmery: \u0161xvxh: 130x104x43 cm.<\/p>\n","protected":false},"excerpt":{"rendered":"<p><img loading=\"lazy\" decoding=\"async\" class=\"alignnone size-full wp-image-11515\" src=\"http:\/\/nabytoklaguna.sk\/sk\/wp-content\/uploads\/2017\/03\/slovensk\u00fd-znak-9.png\" alt=\"\" width=\"126\" height=\"126\" srcset=\"https:\/\/nabytoklaguna.sk\/sk\/wp-content\/uploads\/2017\/03\/slovensk\u00fd-znak-9.png 126w, https:\/\/nabytoklaguna.sk\/sk\/wp-content\/uploads\/2017\/03\/slovensk\u00fd-znak-9-100x100.png 100w\" sizes=\"auto, (max-width: 126px) 100vw, 126px\" \/><\/p>\n","protected":false},"featured_media":11532,"comment_status":"closed","ping_status":"closed","template":"","meta":{"_seopress_robots_primary_cat":"none","_seopress_titles_title":"","_seopress_titles_desc":"","_seopress_robots_index":""},"product_brand":[],"product_cat":[222],"product_tag":[],"class_list":{"0":"post-11531","1":"product","2":"type-product","3":"status-publish","4":"has-post-thumbnail","6":"product_cat-komody","7":"pa_farba-biela","8":"pa_farba-buk","9":"pa_farba-dub-bardolino","10":"pa_farba-dub-canyon","11":"pa_farba-navarra","12":"pa_farba-orech-rockpile","13":"pa_farba-venge","15":"first","16":"onbackorder","17":"shipping-taxable","18":"purchasable","19":"product-type-variable"},"_links":{"self":[{"href":"https:\/\/nabytoklaguna.sk\/sk\/wp-json\/wp\/v2\/product\/11531","targetHints":{"allow":["GET"]}}],"collection":[{"href":"https:\/\/nabytoklaguna.sk\/sk\/wp-json\/wp\/v2\/product"}],"about":[{"href":"https:\/\/nabytoklaguna.sk\/sk\/wp-json\/wp\/v2\/types\/product"}],"replies":[{"embeddable":true,"href":"https:\/\/nabytoklaguna.sk\/sk\/wp-json\/wp\/v2\/comments?post=11531"}],"wp:featuredmedia":[{"embeddable":true,"href":"https:\/\/nabytoklaguna.sk\/sk\/wp-json\/wp\/v2\/media\/11532"}],"wp:attachment":[{"href":"https:\/\/nabytoklaguna.sk\/sk\/wp-json\/wp\/v2\/media?parent=11531"}],"wp:term":[{"taxonomy":"product_brand","embeddable":true,"href":"https:\/\/nabytoklaguna.sk\/sk\/wp-json\/wp\/v2\/product_brand?post=11531"},{"taxonomy":"product_cat","embeddable":true,"href":"https:\/\/nabytoklaguna.sk\/sk\/wp-json\/wp\/v2\/product_cat?post=11531"},{"taxonomy":"product_tag","embeddable":true,"href":"https:\/\/nabytoklaguna.sk\/sk\/wp-json\/wp\/v2\/product_tag?post=11531"}],"curies":[{"name":"wp","href":"https:\/\/api.w.org\/{rel}","templated":true}]}}

<p>Kvalitne vypracovaná komoda od slovenského výrobcu. Možnosť výberu farebného prevedenia podľa ponuky. Zásuvka má plnovýsuv a tichý chod.</p>
<p>Dodávané bez úchytiek, potrebné doobjednať.</p>
<p>Cena  s <strong>plastovými úchytkami 229,- eur</strong>, s <strong>nerezovými úchytkami 241,- eur </strong></p>
<p>Možnosť dokúpiť farebné čelo v 8 UNICOLOR dezénoch. Cena čela 8€/1ks. Farebné prevedenia nájdete v našej ponuke</p>
<p>Rozmery: šxvxh: 130x104x43 cm.</p>

<p><img loading="lazy" decoding="async" class="alignnone size-full wp-image-11515" src="http://nabytoklaguna.sk/sk/wp-content/uploads/2017/03/slovenský-znak-9.png" alt="" width="126" height="126" srcset="https://nabytoklaguna.sk/sk/wp-content/uploads/2017/03/slovenský-znak-9.png 126w, https://nabytoklaguna.sk/sk/wp-content/uploads/2017/03/slovenský-znak-9-100x100.png 100w" sizes="auto, (max-width: 126px) 100vw, 126px" /></p>
