{"id":11549,"date":"2021-02-22T16:54:36","date_gmt":"2021-02-22T15:54:36","guid":{"rendered":"http:\/\/nabytoklaguna.sk\/sk\/?post_type=product&#038;p=11549"},"modified":"2026-02-19T13:31:14","modified_gmt":"2026-02-19T12:31:14","slug":"rea-ottawa-up-5-bie","status":"publish","type":"product","link":"https:\/\/nabytoklaguna.sk\/sk\/produkt\/rea-ottawa-up-5-bie\/","title":{"rendered":"DREVONA REA OTTAWA UP 5 \u010cELO"},"content":{"rendered":"<p>Kvalitn\u00e1 komoda od slovensk\u00e9ho v\u00fdrobcu s mo\u017enos\u0165ou v\u00fdberu farebn\u00e9ho prevedenia pod\u013ea ponuky. Z\u00e1suvky maj\u00fa tich\u00fd chod a plnov\u00fdsuv.<\/p>\n<p>Dod\u00e1van\u00e9 bez \u00fachytiek, potrebn\u00e9 doobjedna\u0165.<\/p>\n<p>Cena\u00a0 s\u00a0<strong>plastov\u00fdmi \u00fachytkami 237,- eur<\/strong>, s\u00a0<strong>nerezov\u00fdmi \u00fachytkami 249,- eur\u00a0<\/strong><\/p>\n<p>Mo\u017enos\u0165 objednania farebn\u00e9ho \u010dela v 8 UNICOLOR dez\u00e9noch. Cena 8 \u20ac\/1ks. Farebn\u00e9 prevedenia n\u00e1jdete v gal\u00e9rii<\/p>\n<p>Rozmery: \u0161xvxh: 130x104x43 cm.<\/p>\n","protected":false},"excerpt":{"rendered":"<p><img loading=\"lazy\" decoding=\"async\" class=\"alignnone size-full wp-image-11515\" src=\"http:\/\/nabytoklaguna.sk\/sk\/wp-content\/uploads\/2017\/03\/slovensk\u00fd-znak-9.png\" alt=\"\" width=\"126\" height=\"126\" srcset=\"https:\/\/nabytoklaguna.sk\/sk\/wp-content\/uploads\/2017\/03\/slovensk\u00fd-znak-9.png 126w, https:\/\/nabytoklaguna.sk\/sk\/wp-content\/uploads\/2017\/03\/slovensk\u00fd-znak-9-100x100.png 100w\" sizes=\"auto, (max-width: 126px) 100vw, 126px\" \/><\/p>\n","protected":false},"featured_media":11550,"comment_status":"closed","ping_status":"closed","template":"","meta":{"_seopress_robots_primary_cat":"2110","_seopress_titles_title":"","_seopress_titles_desc":"","_seopress_robots_index":""},"product_brand":[],"product_cat":[222],"product_tag":[],"class_list":{"0":"post-11549","1":"product","2":"type-product","3":"status-publish","4":"has-post-thumbnail","6":"product_cat-komody","7":"pa_farba-biela","8":"pa_farba-buk","9":"pa_farba-dub-bardolino","10":"pa_farba-dub-canyon","11":"pa_farba-navarra","12":"pa_farba-orech-rockpile","13":"pa_farba-venge","15":"first","16":"onbackorder","17":"shipping-taxable","18":"purchasable","19":"product-type-variable"},"_links":{"self":[{"href":"https:\/\/nabytoklaguna.sk\/sk\/wp-json\/wp\/v2\/product\/11549","targetHints":{"allow":["GET"]}}],"collection":[{"href":"https:\/\/nabytoklaguna.sk\/sk\/wp-json\/wp\/v2\/product"}],"about":[{"href":"https:\/\/nabytoklaguna.sk\/sk\/wp-json\/wp\/v2\/types\/product"}],"replies":[{"embeddable":true,"href":"https:\/\/nabytoklaguna.sk\/sk\/wp-json\/wp\/v2\/comments?post=11549"}],"wp:featuredmedia":[{"embeddable":true,"href":"https:\/\/nabytoklaguna.sk\/sk\/wp-json\/wp\/v2\/media\/11550"}],"wp:attachment":[{"href":"https:\/\/nabytoklaguna.sk\/sk\/wp-json\/wp\/v2\/media?parent=11549"}],"wp:term":[{"taxonomy":"product_brand","embeddable":true,"href":"https:\/\/nabytoklaguna.sk\/sk\/wp-json\/wp\/v2\/product_brand?post=11549"},{"taxonomy":"product_cat","embeddable":true,"href":"https:\/\/nabytoklaguna.sk\/sk\/wp-json\/wp\/v2\/product_cat?post=11549"},{"taxonomy":"product_tag","embeddable":true,"href":"https:\/\/nabytoklaguna.sk\/sk\/wp-json\/wp\/v2\/product_tag?post=11549"}],"curies":[{"name":"wp","href":"https:\/\/api.w.org\/{rel}","templated":true}]}}

DREVONA REA OTTAWA UP 5 ČELO

<p>Kvalitná komoda od slovenského výrobcu s možnosťou výberu farebného prevedenia podľa ponuky. Zásuvky majú tichý chod a plnovýsuv.</p>
<p>Dodávané bez úchytiek, potrebné doobjednať.</p>
<p>Cena  s <strong>plastovými úchytkami 237,- eur</strong>, s <strong>nerezovými úchytkami 249,- eur </strong></p>
<p>Možnosť objednania farebného čela v 8 UNICOLOR dezénoch. Cena 8 €/1ks. Farebné prevedenia nájdete v galérii</p>
<p>Rozmery: šxvxh: 130x104x43 cm.</p>

<p><img loading="lazy" decoding="async" class="alignnone size-full wp-image-11515" src="http://nabytoklaguna.sk/sk/wp-content/uploads/2017/03/slovenský-znak-9.png" alt="" width="126" height="126" srcset="https://nabytoklaguna.sk/sk/wp-content/uploads/2017/03/slovenský-znak-9.png 126w, https://nabytoklaguna.sk/sk/wp-content/uploads/2017/03/slovenský-znak-9-100x100.png 100w" sizes="auto, (max-width: 126px) 100vw, 126px" /></p>
