{"id":115917,"date":"2023-02-03T14:50:33","date_gmt":"2023-02-03T13:50:33","guid":{"rendered":"https:\/\/nabytoklaguna.sk\/sk\/?post_type=product&#038;p=115917"},"modified":"2024-09-03T16:16:31","modified_gmt":"2024-09-03T14:16:31","slug":"w-risco-obyvacia-stena-2","status":"publish","type":"product","link":"https:\/\/nabytoklaguna.sk\/sk\/produkt\/w-risco-obyvacia-stena-2\/","title":{"rendered":"W RISCO OB\u00ddVACIA STENA"},"content":{"rendered":"<p>Ob\u00fdvacia izba je srdcom ka\u017edej dom\u00e1cnosti. \u00datuln\u00fd domov si vy\u017eaduje<strong>\u00a0jedine\u010dn\u00fa, charizmatick\u00fa a harmonick\u00fa<\/strong>\u00a0ob\u00fdvaciu stenu<b>.<\/b>\u00a0Sektorov\u00fd n\u00e1bytok\u00a0<strong>W RISCO<\/strong>\u00a0 spl\u0148a v\u0161etky Va\u0161e po\u017eiadavky. Vyr\u00e1ba sa v m\u00f3dnej farbe\u00a0<strong>dub craft zlat\u00fd<\/strong>. Je charakteristick\u00fd svoj\u00edm\u00a0<strong>bez\u00fachytkov\u00fdm otv\u00e1ran\u00edm<\/strong>, ktor\u00e9 zv\u00fdraz\u0148uje dekorat\u00edvna\u00a0<strong>\u010dierna farba<\/strong>\u00a0v mieste v\u00fdrezu. Hr\u00fabka hornej dosky skriniek je a\u017e 22mm. V\u00fdhodou tohto n\u00e1bytku s\u00fa pou\u017eit\u00e9\u00a0<strong>ABS hrany v hr\u00fabke 0,5mm a 1,5mm<\/strong>, dvierka a \u010dielka z\u00e1suviek s\u00fa z MDF materi\u00e1lu. Dvierka maj\u00fa\u00a0<strong>tich\u00e9 zatv\u00e1ranie\u00a0<\/strong>a ur\u010dite ocen\u00edte aj\u00a0<strong>z\u00e1suvky s pln\u00fdm v\u00fdsuvom<\/strong>\u00a0\u2013 gu\u013e\u00f4\u010dkov\u00e9 vedenie a pou\u017eit\u00e9\u00a0<strong>tvrden\u00e9 sklo.<\/strong><\/p>\n<p>Univerz\u00e1lna farba n\u00e1bytku W RISCO vytv\u00e1ra pr\u00edjemn\u00e9 prostredie spolu s<strong>\u00a0LED<\/strong>\u00a0osvetlen\u00edm, ktor\u00e9 je za pr\u00edplatok<\/p>\n<p><strong>Ob\u00fdvacia zostava sa sklad\u00e1 z komponentov<\/strong>:<\/p>\n<ul>\n<li>RTV W RISCO PR1 (\u0161\/h\/v)(v cm) 150,5 x 39,5 x 46,5 cm<\/li>\n<li>komoda W RISCO PR2 (\u0161\/h\/v)(v cm) 84 x 39,5 x\u00a086\u00a0cm<\/li>\n<li>vitr\u00edna W RISCO PR5 (\u0161\/h\/v)(v cm) 84 x 39,5 x\u00a0137\u00a0cm<\/li>\n<li>vitr\u00edna W RISCO PR6 (\u0161\/h\/v)(v cm) 55 x 39,5 x 192 cm<\/li>\n<li>poli\u010dka W RISCO PR8 (\u0161\/h\/v)(v cm) 150,5 x 23,5 x 22 cm<\/li>\n<\/ul>\n<p>&nbsp;<\/p>\n<p><strong>Mo\u017enos\u0165 zak\u00fapi\u0165 \u010fal\u0161ie komponenty zo s\u00e9rie W RISCO<\/strong>\u00a0:<\/p>\n<ul>\n<li>komoda W RISCO PR3 (\u0161\/h\/v)(v cm) 150,5 x 39,5 x 86 cm<\/li>\n<li>vitr\u00edna W RISCO PR4 (\u0161\/h\/v)(v cm) 150,5 x 39,5 x 86 cm<\/li>\n<li>skri\u0148a W RISCO PR7 (\u0161\/h\/v)(v cm) 84 x 53,5 x 192 cm<\/li>\n<li>rozkladac\u00ed st\u00f4l W RISCO PR10 (\u0161\/d\/v)(v cm) 90&#215;112-145-178&#215;76 cm<\/li>\n<li>konferen\u010dn\u00fd stol\u00edk W RISCO PR9 (\u0161\/d\/v)(v cm) 68&#215;114 -144&#215;51,5 cm<\/li>\n<\/ul>\n","protected":false},"excerpt":{"rendered":"<p>Ob\u00fdvacia izba je srdcom ka\u017edej dom\u00e1cnosti. \u00datuln\u00fd domov si vy\u017eaduje\u00a0jedine\u010dn\u00fa, charizmatick\u00fa a harmonick\u00fa\u00a0ob\u00fdvaciu stenu.\u00a0Sektorov\u00fd n\u00e1bytok\u00a0W RISCO\u00a0 spl\u0148a v\u0161etky Va\u0161e po\u017eiadavky. Vyr\u00e1ba sa v m\u00f3dnej farbe\u00a0dub craft zlat\u00fd. Je charakteristick\u00fd svoj\u00edm\u00a0bez\u00fachytkov\u00fdm otv\u00e1ran\u00edm, ktor\u00e9 zv\u00fdraz\u0148uje dekorat\u00edvna\u00a0\u010dierna farba\u00a0v mieste v\u00fdrezu. Hr\u00fabka hornej dosky skriniek je a\u017e 22mm. V\u00fdhodou tohto n\u00e1bytku s\u00fa pou\u017eit\u00e9\u00a0ABS hrany v hr\u00fabke 0,5mm a 1,5mm,&#8230;<\/p>\n","protected":false},"featured_media":115889,"comment_status":"closed","ping_status":"closed","template":"","meta":{"_seopress_robots_primary_cat":"none","_seopress_titles_title":"","_seopress_titles_desc":"","_seopress_robots_index":""},"product_brand":[],"product_cat":[182,251],"product_tag":[],"class_list":{"0":"post-115917","1":"product","2":"type-product","3":"status-publish","4":"has-post-thumbnail","6":"product_cat-obyvacie-steny","7":"product_cat-steny","9":"first","10":"onbackorder","11":"sale","12":"shipping-taxable","13":"purchasable","14":"product-type-simple"},"_links":{"self":[{"href":"https:\/\/nabytoklaguna.sk\/sk\/wp-json\/wp\/v2\/product\/115917","targetHints":{"allow":["GET"]}}],"collection":[{"href":"https:\/\/nabytoklaguna.sk\/sk\/wp-json\/wp\/v2\/product"}],"about":[{"href":"https:\/\/nabytoklaguna.sk\/sk\/wp-json\/wp\/v2\/types\/product"}],"replies":[{"embeddable":true,"href":"https:\/\/nabytoklaguna.sk\/sk\/wp-json\/wp\/v2\/comments?post=115917"}],"wp:featuredmedia":[{"embeddable":true,"href":"https:\/\/nabytoklaguna.sk\/sk\/wp-json\/wp\/v2\/media\/115889"}],"wp:attachment":[{"href":"https:\/\/nabytoklaguna.sk\/sk\/wp-json\/wp\/v2\/media?parent=115917"}],"wp:term":[{"taxonomy":"product_brand","embeddable":true,"href":"https:\/\/nabytoklaguna.sk\/sk\/wp-json\/wp\/v2\/product_brand?post=115917"},{"taxonomy":"product_cat","embeddable":true,"href":"https:\/\/nabytoklaguna.sk\/sk\/wp-json\/wp\/v2\/product_cat?post=115917"},{"taxonomy":"product_tag","embeddable":true,"href":"https:\/\/nabytoklaguna.sk\/sk\/wp-json\/wp\/v2\/product_tag?post=115917"}],"curies":[{"name":"wp","href":"https:\/\/api.w.org\/{rel}","templated":true}]}}

W RISCO OBÝVACIA STENA

<p>Obývacia izba je srdcom každej domácnosti. Útulný domov si vyžaduje<strong> jedinečnú, charizmatickú a harmonickú</strong> obývaciu stenu<b>.</b> Sektorový nábytok <strong>W RISCO</strong>  splňa všetky Vaše požiadavky. Vyrába sa v módnej farbe <strong>dub craft zlatý</strong>. Je charakteristický svojím <strong>bezúchytkovým otváraním</strong>, ktoré zvýrazňuje dekoratívna <strong>čierna farba</strong> v mieste výrezu. Hrúbka hornej dosky skriniek je až 22mm. Výhodou tohto nábytku sú použité <strong>ABS hrany v hrúbke 0,5mm a 1,5mm</strong>, dvierka a čielka zásuviek sú z MDF materiálu. Dvierka majú <strong>tiché zatváranie </strong>a určite oceníte aj <strong>zásuvky s plným výsuvom</strong> – guľôčkové vedenie a použité <strong>tvrdené sklo.</strong></p>
<p>Univerzálna farba nábytku W RISCO vytvára príjemné prostredie spolu s<strong> LED</strong> osvetlením, ktoré je za príplatok</p>
<p><strong>Obývacia zostava sa skladá z komponentov</strong>:</p>
<ul>
<li>RTV W RISCO PR1 (š/h/v)(v cm) 150,5 x 39,5 x 46,5 cm</li>
<li>komoda W RISCO PR2 (š/h/v)(v cm) 84 x 39,5 x 86 cm</li>
<li>vitrína W RISCO PR5 (š/h/v)(v cm) 84 x 39,5 x 137 cm</li>
<li>vitrína W RISCO PR6 (š/h/v)(v cm) 55 x 39,5 x 192 cm</li>
<li>polička W RISCO PR8 (š/h/v)(v cm) 150,5 x 23,5 x 22 cm</li>
</ul>
<p>&nbsp;</p>
<p><strong>Možnosť zakúpiť ďalšie komponenty zo série W RISCO</strong> :</p>
<ul>
<li>komoda W RISCO PR3 (š/h/v)(v cm) 150,5 x 39,5 x 86 cm</li>
<li>vitrína W RISCO PR4 (š/h/v)(v cm) 150,5 x 39,5 x 86 cm</li>
<li>skriňa W RISCO PR7 (š/h/v)(v cm) 84 x 53,5 x 192 cm</li>
<li>rozkladací stôl W RISCO PR10 (š/d/v)(v cm) 90&#215;112-145-178&#215;76 cm</li>
<li>konferenčný stolík W RISCO PR9 (š/d/v)(v cm) 68&#215;114 -144&#215;51,5 cm</li>
</ul>

<p>Obývacia izba je srdcom každej domácnosti. Útulný domov si vyžaduje jedinečnú, charizmatickú a harmonickú obývaciu stenu. Sektorový nábytok W RISCO  splňa všetky Vaše požiadavky. Vyrába sa v módnej farbe dub craft zlatý. Je charakteristický svojím bezúchytkovým otváraním, ktoré zvýrazňuje dekoratívna čierna farba v mieste výrezu. Hrúbka hornej dosky skriniek je až 22mm. Výhodou tohto nábytku sú použité ABS hrany v hrúbke 0,5mm a 1,5mm,&#8230;</p>
