{"id":11597,"date":"2021-02-22T16:54:36","date_gmt":"2021-02-22T15:54:36","guid":{"rendered":"http:\/\/nabytoklaguna.sk\/sk\/?post_type=product&#038;p=11597"},"modified":"2026-02-19T13:30:02","modified_gmt":"2026-02-19T12:30:02","slug":"rea-ottawa-6-bie","status":"publish","type":"product","link":"https:\/\/nabytoklaguna.sk\/sk\/produkt\/rea-ottawa-6-bie\/","title":{"rendered":"DREVONA REA OTTAWA UP 6 \u010cELO"},"content":{"rendered":"<p>Kvalitne vypracovan\u00e1 komoda od slovensk\u00e9ho v\u00fdrobcu s mo\u017enos\u0165ou v\u00fdberu farebn\u00e9ho prevedenia pod\u013ea ponuky\u00a0 + aj s farebn\u00fdm \u010delo Z\u00e1suvky maj\u00fa tich\u00fd chod a plnov\u00fdsuv.<\/p>\n<p>Dod\u00e1van\u00e9 bez \u00fachytiek, potrebn\u00e9 doobjedna\u0165.<\/p>\n<p>Cena\u00a0 s\u00a0<strong>plastov\u00fdmi \u00fachytkami 275,- eur<\/strong>,\u00a0 s <strong>nerezov\u00fdmi \u00fachytkami 303,- eur\u00a0<\/strong><\/p>\n<p>Ku komod\u00e1m je mo\u017en\u00e9 dok\u00fapi\u0165 farebn\u00e9 \u010delo v 8 UNICOLOR dez\u00e9noch. Cena 8 \u20ac\/1ks. Farebn\u00e9 prevedenie n\u00e1jdete v gal\u00e9rii<\/p>\n<p>Rozmery: \u0161xvxh: 174x104x43 cm.<\/p>\n","protected":false},"excerpt":{"rendered":"<p>Kvalitne vypracovan\u00e1 komoda od slovensk\u00e9ho v\u00fdrobcu s mo\u017enos\u0165ou v\u00fdberu farebn\u00e9ho prevedenia pod\u013ea ponuky\u00a0 + aj s farebn\u00fdm \u010delo Z\u00e1suvky maj\u00fa tich\u00fd chod a plnov\u00fdsuv. Dod\u00e1van\u00e9 bez \u00fachytiek, potrebn\u00e9 doobjedna\u0165. Cena\u00a0 s\u00a0plastov\u00fdmi \u00fachytkami 275,- eur,\u00a0 s nerezov\u00fdmi \u00fachytkami 303,- eur\u00a0 Ku komod\u00e1m je mo\u017en\u00e9 dok\u00fapi\u0165 farebn\u00e9 \u010delo v 8 UNICOLOR dez\u00e9noch. Cena 8 \u20ac\/1ks. Farebn\u00e9 prevedenie&#8230;<\/p>\n","protected":false},"featured_media":11598,"comment_status":"closed","ping_status":"closed","template":"","meta":{"_seopress_robots_primary_cat":"2110","_seopress_titles_title":"","_seopress_titles_desc":"","_seopress_robots_index":""},"product_brand":[],"product_cat":[222],"product_tag":[],"class_list":{"0":"post-11597","1":"product","2":"type-product","3":"status-publish","4":"has-post-thumbnail","6":"product_cat-komody","7":"pa_farba-biela","8":"pa_farba-buk","9":"pa_farba-dub-bardolino","10":"pa_farba-dub-canyon","11":"pa_farba-navarra","12":"pa_farba-orech-rockpile","13":"pa_farba-venge","15":"first","16":"onbackorder","17":"shipping-taxable","18":"purchasable","19":"product-type-variable"},"_links":{"self":[{"href":"https:\/\/nabytoklaguna.sk\/sk\/wp-json\/wp\/v2\/product\/11597","targetHints":{"allow":["GET"]}}],"collection":[{"href":"https:\/\/nabytoklaguna.sk\/sk\/wp-json\/wp\/v2\/product"}],"about":[{"href":"https:\/\/nabytoklaguna.sk\/sk\/wp-json\/wp\/v2\/types\/product"}],"replies":[{"embeddable":true,"href":"https:\/\/nabytoklaguna.sk\/sk\/wp-json\/wp\/v2\/comments?post=11597"}],"wp:featuredmedia":[{"embeddable":true,"href":"https:\/\/nabytoklaguna.sk\/sk\/wp-json\/wp\/v2\/media\/11598"}],"wp:attachment":[{"href":"https:\/\/nabytoklaguna.sk\/sk\/wp-json\/wp\/v2\/media?parent=11597"}],"wp:term":[{"taxonomy":"product_brand","embeddable":true,"href":"https:\/\/nabytoklaguna.sk\/sk\/wp-json\/wp\/v2\/product_brand?post=11597"},{"taxonomy":"product_cat","embeddable":true,"href":"https:\/\/nabytoklaguna.sk\/sk\/wp-json\/wp\/v2\/product_cat?post=11597"},{"taxonomy":"product_tag","embeddable":true,"href":"https:\/\/nabytoklaguna.sk\/sk\/wp-json\/wp\/v2\/product_tag?post=11597"}],"curies":[{"name":"wp","href":"https:\/\/api.w.org\/{rel}","templated":true}]}}

DREVONA REA OTTAWA UP 6 ČELO

<p>Kvalitne vypracovaná komoda od slovenského výrobcu s možnosťou výberu farebného prevedenia podľa ponuky  + aj s farebným čelo Zásuvky majú tichý chod a plnovýsuv.</p>
<p>Dodávané bez úchytiek, potrebné doobjednať.</p>
<p>Cena  s <strong>plastovými úchytkami 275,- eur</strong>,  s <strong>nerezovými úchytkami 303,- eur </strong></p>
<p>Ku komodám je možné dokúpiť farebné čelo v 8 UNICOLOR dezénoch. Cena 8 €/1ks. Farebné prevedenie nájdete v galérii</p>
<p>Rozmery: šxvxh: 174x104x43 cm.</p>

<p>Kvalitne vypracovaná komoda od slovenského výrobcu s možnosťou výberu farebného prevedenia podľa ponuky  + aj s farebným čelo Zásuvky majú tichý chod a plnovýsuv. Dodávané bez úchytiek, potrebné doobjednať. Cena  s plastovými úchytkami 275,- eur,  s nerezovými úchytkami 303,- eur  Ku komodám je možné dokúpiť farebné čelo v 8 UNICOLOR dezénoch. Cena 8 €/1ks. Farebné prevedenie&#8230;</p>
