{"id":115988,"date":"2023-02-06T13:26:48","date_gmt":"2023-02-06T12:26:48","guid":{"rendered":"https:\/\/nabytoklaguna.sk\/sk\/?post_type=product&#038;p=115988"},"modified":"2025-04-17T10:17:21","modified_gmt":"2025-04-17T08:17:21","slug":"w-ork-obyvacia-stena","status":"publish","type":"product","link":"https:\/\/nabytoklaguna.sk\/sk\/produkt\/w-ork-obyvacia-stena\/","title":{"rendered":"W ORK OB\u00ddVACIA STENA"},"content":{"rendered":"<p>Nov\u00e1 p\u00fataj\u00faca<b> kolekcia W ORK <\/b>v modernom preveden\u00ed <strong>dub grandson \/ grafit <\/strong>zaujme u\u017e pri vstupe do miestnosti. V\u010faka<strong>\u00a0mno\u017estvu prvkov<\/strong>\u00a0si jednoducho zariadite\u00a0<strong>ob\u00fdva\u010dku aj jed\u00e1le\u0148<\/strong>\u00a0v rovnakom \u0161t\u00fdle, cel\u00fa kolekciu ozvl\u00e1\u0161t\u0148uj\u00fa <b>fr\u00e9zovan\u00e9 rukov\u00e4te <\/b>v \u010del\u00e1ch n\u00e1bytku. V\u00fdhodou tohto n\u00e1bytku s\u00fa pou\u017eit\u00e9 <strong>ABS hrany v hr\u00fabke 0,5mm a 1,5mm<\/strong>, dvierka a \u010dielka z\u00e1suviek s\u00fa z MDF materi\u00e1lu. Dvierka maj\u00fa <strong>tich\u00e9 zatv\u00e1ranie <\/strong>a ur\u010dite ocen\u00edte aj\u00a0<strong>z\u00e1suvky s pln\u00fdm v\u00fdsuvom<\/strong>\u00a0 a pou\u017eit\u00e9 <strong>hrub\u00e9 MDF 22mm\u00a0 a 18 mm dosky.\u00a0<\/strong><\/p>\n<p>Univerz\u00e1lna farba n\u00e1bytku W ORK vytv\u00e1ra pr\u00edjemn\u00e9 prostredie spolu s<strong>\u00a0LED<\/strong>\u00a0osvetlen\u00edm, ktor\u00e9 je za pr\u00edplatok<\/p>\n<p>Z jednotliv\u00fdch komponentov si m\u00f4\u017ete vysklada\u0165 ob\u00fdvaciu izbu pod\u013ea Va\u0161ich predst\u00e1v<\/p>\n<ul>\n<li>RTV W ORK Y1 (\u0161\/h\/v)(v cm) 149 x 39,5 x 50,5 cm<\/li>\n<li>komoda W ORK Y2 (\u0161\/h\/v)(v cm) 91 x 39,5 x <span style=\"font-size: 15.008px;\">85 <\/span>cm<\/li>\n<li>komoda W ORK Y3 (\u0161\/h\/v)(v cm) 149 x 39,5 x 85 cm<\/li>\n<li>vitr\u00edna W ORK Y4 (\u0161\/h\/v)(v cm) 91 x 39,5 x <span style=\"font-size: 15.008px;\">147 <\/span>cm<\/li>\n<li>vitr\u00edna W ORK Y5 \u013d\/P (\u0161\/h\/v)(v cm) 58 x 39,5 x <span style=\"font-size: 15.008px;\">193,5 <\/span>cm<\/li>\n<li>skrinka W ORK Y6 (\u0161\/h\/v)(v cm) 58 x 39,5 x <span style=\"font-size: 15.008px;\">193,5 <\/span>cm<\/li>\n<li>skri\u0148a W ORK Y7 (\u0161\/h\/v)(v cm) 91 x 54 x 193,5 cm<\/li>\n<li>polica W ORK Y10 (\u0161\/h\/v)(v cm) 149 x 24,5 x 23 cm<\/li>\n<li>skrinka W ORK Y11 (\u0161\/h\/v)(v cm) 58 x 37 x 193,5 cm<\/li>\n<li>skrinka W ORK Y12 (\u0161\/h\/v)(v cm) 77 x 37 x 43,5 cm<\/li>\n<li>konferen\u010dn\u00fd stol\u00edk W ORK Y14 (\u0161\/d\/v)(v cm) 68 x 114 -144 x 58 cm<\/li>\n<li>rozkladac\u00ed st\u00f4l W ORK Y15 (\u0161\/d\/v)(v cm) 90 x 160-200 x 76,4 cm<\/li>\n<\/ul>\n","protected":false},"excerpt":{"rendered":"<p>Nov\u00e1 p\u00fataj\u00faca kolekcia W ORK v modernom preveden\u00ed dub grandson \/ grafit zaujme u\u017e pri vstupe do miestnosti. V\u010faka\u00a0mno\u017estvu prvkov\u00a0si jednoducho zariadite\u00a0ob\u00fdva\u010dku aj jed\u00e1le\u0148\u00a0v rovnakom \u0161t\u00fdle, cel\u00fa kolekciu ozvl\u00e1\u0161t\u0148uj\u00fa fr\u00e9zovan\u00e9 rukov\u00e4te v \u010del\u00e1ch n\u00e1bytku. V\u00fdhodou tohto n\u00e1bytku s\u00fa pou\u017eit\u00e9 ABS hrany v hr\u00fabke 0,5mm a 1,5mm, dvierka a \u010dielka z\u00e1suviek s\u00fa z MDF materi\u00e1lu. Dvierka&#8230;<\/p>\n","protected":false},"featured_media":115971,"comment_status":"closed","ping_status":"closed","template":"","meta":{"_seopress_robots_primary_cat":"none","_seopress_titles_title":"","_seopress_titles_desc":"","_seopress_robots_index":""},"product_brand":[],"product_cat":[182,183],"product_tag":[],"class_list":{"0":"post-115988","1":"product","2":"type-product","3":"status-publish","4":"has-post-thumbnail","6":"product_cat-obyvacie-steny","7":"product_cat-sektorove-obyvacie-steny","8":"pa_typ-produktu-komoda-w-ork-y2","9":"pa_typ-produktu-komoda-w-ork-y3","10":"pa_typ-produktu-konferencny-stolik-w-ork-y14","11":"pa_typ-produktu-polica-w-ork-y10","12":"pa_typ-produktu-rozkladaci-stol-w-ork-y15","13":"pa_typ-produktu-rtv-w-ork-y1","14":"pa_typ-produktu-skrina-2d-w-ork-y7","15":"pa_typ-produktu-skrinka-w-ork-y11","16":"pa_typ-produktu-skrinka-w-ork-y12","17":"pa_typ-produktu-skrinka-w-ork-y6","18":"pa_typ-produktu-vitrina-w-ork-y4","19":"pa_typ-produktu-vitrina-w-ork-y5-l-p","21":"first","22":"onbackorder","23":"shipping-taxable","24":"purchasable","25":"product-type-variable"},"_links":{"self":[{"href":"https:\/\/nabytoklaguna.sk\/sk\/wp-json\/wp\/v2\/product\/115988","targetHints":{"allow":["GET"]}}],"collection":[{"href":"https:\/\/nabytoklaguna.sk\/sk\/wp-json\/wp\/v2\/product"}],"about":[{"href":"https:\/\/nabytoklaguna.sk\/sk\/wp-json\/wp\/v2\/types\/product"}],"replies":[{"embeddable":true,"href":"https:\/\/nabytoklaguna.sk\/sk\/wp-json\/wp\/v2\/comments?post=115988"}],"wp:featuredmedia":[{"embeddable":true,"href":"https:\/\/nabytoklaguna.sk\/sk\/wp-json\/wp\/v2\/media\/115971"}],"wp:attachment":[{"href":"https:\/\/nabytoklaguna.sk\/sk\/wp-json\/wp\/v2\/media?parent=115988"}],"wp:term":[{"taxonomy":"product_brand","embeddable":true,"href":"https:\/\/nabytoklaguna.sk\/sk\/wp-json\/wp\/v2\/product_brand?post=115988"},{"taxonomy":"product_cat","embeddable":true,"href":"https:\/\/nabytoklaguna.sk\/sk\/wp-json\/wp\/v2\/product_cat?post=115988"},{"taxonomy":"product_tag","embeddable":true,"href":"https:\/\/nabytoklaguna.sk\/sk\/wp-json\/wp\/v2\/product_tag?post=115988"}],"curies":[{"name":"wp","href":"https:\/\/api.w.org\/{rel}","templated":true}]}}

W ORK OBÝVACIA STENA

<p>Nová pútajúca<b> kolekcia W ORK </b>v modernom prevedení <strong>dub grandson / grafit </strong>zaujme už pri vstupe do miestnosti. Vďaka<strong> množstvu prvkov</strong> si jednoducho zariadite <strong>obývačku aj jedáleň</strong> v rovnakom štýle, celú kolekciu ozvláštňujú <b>frézované rukoväte </b>v čelách nábytku. Výhodou tohto nábytku sú použité <strong>ABS hrany v hrúbke 0,5mm a 1,5mm</strong>, dvierka a čielka zásuviek sú z MDF materiálu. Dvierka majú <strong>tiché zatváranie </strong>a určite oceníte aj <strong>zásuvky s plným výsuvom</strong>  a použité <strong>hrubé MDF 22mm  a 18 mm dosky. </strong></p>
<p>Univerzálna farba nábytku W ORK vytvára príjemné prostredie spolu s<strong> LED</strong> osvetlením, ktoré je za príplatok</p>
<p>Z jednotlivých komponentov si môžte vyskladať obývaciu izbu podľa Vašich predstáv</p>
<ul>
<li>RTV W ORK Y1 (š/h/v)(v cm) 149 x 39,5 x 50,5 cm</li>
<li>komoda W ORK Y2 (š/h/v)(v cm) 91 x 39,5 x <span style="font-size: 15.008px;">85 </span>cm</li>
<li>komoda W ORK Y3 (š/h/v)(v cm) 149 x 39,5 x 85 cm</li>
<li>vitrína W ORK Y4 (š/h/v)(v cm) 91 x 39,5 x <span style="font-size: 15.008px;">147 </span>cm</li>
<li>vitrína W ORK Y5 Ľ/P (š/h/v)(v cm) 58 x 39,5 x <span style="font-size: 15.008px;">193,5 </span>cm</li>
<li>skrinka W ORK Y6 (š/h/v)(v cm) 58 x 39,5 x <span style="font-size: 15.008px;">193,5 </span>cm</li>
<li>skriňa W ORK Y7 (š/h/v)(v cm) 91 x 54 x 193,5 cm</li>
<li>polica W ORK Y10 (š/h/v)(v cm) 149 x 24,5 x 23 cm</li>
<li>skrinka W ORK Y11 (š/h/v)(v cm) 58 x 37 x 193,5 cm</li>
<li>skrinka W ORK Y12 (š/h/v)(v cm) 77 x 37 x 43,5 cm</li>
<li>konferenčný stolík W ORK Y14 (š/d/v)(v cm) 68 x 114 -144 x 58 cm</li>
<li>rozkladací stôl W ORK Y15 (š/d/v)(v cm) 90 x 160-200 x 76,4 cm</li>
</ul>

<p>Nová pútajúca kolekcia W ORK v modernom prevedení dub grandson / grafit zaujme už pri vstupe do miestnosti. Vďaka množstvu prvkov si jednoducho zariadite obývačku aj jedáleň v rovnakom štýle, celú kolekciu ozvláštňujú frézované rukoväte v čelách nábytku. Výhodou tohto nábytku sú použité ABS hrany v hrúbke 0,5mm a 1,5mm, dvierka a čielka zásuviek sú z MDF materiálu. Dvierka&#8230;</p>
