{"id":116168,"date":"2023-02-24T16:23:59","date_gmt":"2023-02-24T15:23:59","guid":{"rendered":"https:\/\/nabytoklaguna.sk\/sk\/?post_type=product&#038;p=116168"},"modified":"2025-03-12T10:09:56","modified_gmt":"2025-03-12T09:09:56","slug":"tina-masiv","status":"publish","type":"product","link":"https:\/\/nabytoklaguna.sk\/sk\/produkt\/tina-masiv\/","title":{"rendered":"TINA MASIV"},"content":{"rendered":"<p>Sektorov\u00e1 ob\u00fdvacia stena <strong>TINA<\/strong> uspokoj\u00ed aj toho najn\u00e1ro\u010dnej\u0161ieho z\u00e1kazn\u00edka. Korpus je vyroben\u00fd z pr\u00edrodnej dyhy v drevenom rustik\u00e1lnom \u0161t\u00fdle. Predn\u00e9 dvierke s\u00fa z\u00a0<strong>mas\u00edvneho dubov\u00e9ho dreva<\/strong>, Sektor stoj\u00ed na vy\u0161\u0161\u00edch no\u017ei\u010dk\u00e1ch, s\u00fa chr\u00f3mov\u00e9 a v striebornej farbe. Sektor je doplnen\u00fd<strong> chr\u00f3mov\u00fdmi \u00fachytkami<\/strong> taktie\u017e v striebornej farbe. Prvky z tvrden\u00e9ho skla a prepracovan\u00e9 \u010del\u00e1 navy\u0161e zd\u00f4raz\u0148uj\u00fa krasu a \u010daro<strong> dubov\u00e9ho dreva<\/strong>. Syst\u00e9m pozost\u00e1va z nieko\u013ek\u00fdch komponentov, v\u010faka ktor\u00fdm si origin\u00e1lne zariadite interi\u00e9r V\u00e1\u0161ho domova. Sektor <strong>TINA<\/strong> sa vyr\u00e1ba vo farebnom preveden\u00ed dub medov\u00fd, ktor\u00fd vnesie do V\u00e1\u0161ho interi\u00e9ru svie\u017eos\u0165 a mimoriadny jas. Jednoducho a r\u00fdchlo t\u00fdmto syst\u00e9mom zariadite ob\u00fdvaciu izbu \u010di jed\u00e1le\u0148<\/p>\n<p><strong>Zobrazen\u00e1 zostava pozost\u00e1va:<\/strong><\/p>\n<p>Vitr\u00edna \u013eav\u00e1\u00a0 \u00a0 TINA 10 (\u0160xHxV)\u2026\u2026..70x42x200cm\u00a0 \u00a0&#8230;.1 ks<br \/>\nRtv stol\u00edk TINA 25 (\u0160xHxV)\u2026\u2026\u2026\u2026..155x42x70cm &#8230;..1 ks<br \/>\nPolica TINA 35 (\u0160xHxV)\u2026\u2026\u2026\u2026\u2026\u2026.155x24x15cm &#8230;.2 ks<br \/>\nKomoda TINA 46 (\u0160xHxV)\u2026\u2026\u2026\u2026\u2026155x42x91cm\u00a0 &#8230;.1 ks<\/p>\n<p>&nbsp;<\/p>\n<p><strong>Mo\u017enos\u0165 doobjedna\u0165:<\/strong><\/p>\n<p>Vitr\u00edna \u013eav\u00e1\u00a0 \u00a0 TINA 10 (\u0160xHxV)\u2026\u2026..70x42x200cm<br \/>\nVitr\u00edna prav\u00e1\u00a0 TINA 11 (\u0160xHxV)\u2026\u2026..70x42x200cm<br \/>\nVitr\u00edna\u00a0 TINA 12 (\u0160xHxV)\u2026\u2026\u2026\u2026\u2026\u202690x42x200cm<br \/>\nVitr\u00edna TINA 15 (\u0160xHxV)\u2026\u2026\u2026\u2026\u2026\u2026.96x42x134cm<br \/>\nRtv stol\u00edk TINA 25 (\u0160xHxV)\u2026\u2026\u2026\u2026..155x42x70cm<br \/>\nKomoda TINA 45 (\u0160xHxV)\u2026\u2026\u2026\u2026\u2026180x42x91cm<br \/>\nKomoda TINA 46 (\u0160xHxV)\u2026\u2026\u2026\u2026\u2026155x42x91cm<br \/>\nVitr\u00edna TINA 48 (\u0160xHxV)\u2026\u2026\u2026\u2026\u2026\u2026126x42x134cm<br \/>\nPolica TINA 35 (\u0160xHxV)\u2026\u2026\u2026\u2026\u2026\u2026.155x24x15cm<br \/>\nJed\u00e1lensk\u00fd st\u00f4l TINA 40 (\u0160xHxV)\u2026.160-250x90x76cm<br \/>\nKonferen. stol\u00edk TINA 41 (\u0160xHxV)\u2026.80x80x45cm<\/p>\n<p>&nbsp;<\/p>\n<p>Sektor je dod\u00e1van\u00fd v zmontovanom stave<\/p>\n","protected":false},"excerpt":{"rendered":"<p>Sektorov\u00e1 ob\u00fdvacia stena TINA uspokoj\u00ed aj toho najn\u00e1ro\u010dnej\u0161ieho z\u00e1kazn\u00edka. Korpus je vyroben\u00fd z pr\u00edrodnej dyhy v drevenom rustik\u00e1lnom \u0161t\u00fdle. Predn\u00e9 dvierke s\u00fa z\u00a0mas\u00edvneho dubov\u00e9ho dreva, Sektor stoj\u00ed na vy\u0161\u0161\u00edch no\u017ei\u010dk\u00e1ch, s\u00fa chr\u00f3mov\u00e9 a v striebornej farbe. Sektor je doplnen\u00fd chr\u00f3mov\u00fdmi \u00fachytkami taktie\u017e v striebornej farbe. Prvky z tvrden\u00e9ho skla a prepracovan\u00e9 \u010del\u00e1 navy\u0161e zd\u00f4raz\u0148uj\u00fa krasu&#8230;<\/p>\n","protected":false},"featured_media":116171,"comment_status":"closed","ping_status":"closed","template":"","meta":{"_seopress_robots_primary_cat":"none","_seopress_titles_title":"","_seopress_titles_desc":"","_seopress_robots_index":""},"product_brand":[],"product_cat":[7513,182,251],"product_tag":[],"class_list":{"0":"post-116168","1":"product","2":"type-product","3":"status-publish","4":"has-post-thumbnail","6":"product_cat-obyvacie-steny-masiv","7":"product_cat-obyvacie-steny","8":"product_cat-steny","10":"first","11":"onbackorder","12":"shipping-taxable","13":"purchasable","14":"product-type-simple"},"_links":{"self":[{"href":"https:\/\/nabytoklaguna.sk\/sk\/wp-json\/wp\/v2\/product\/116168","targetHints":{"allow":["GET"]}}],"collection":[{"href":"https:\/\/nabytoklaguna.sk\/sk\/wp-json\/wp\/v2\/product"}],"about":[{"href":"https:\/\/nabytoklaguna.sk\/sk\/wp-json\/wp\/v2\/types\/product"}],"replies":[{"embeddable":true,"href":"https:\/\/nabytoklaguna.sk\/sk\/wp-json\/wp\/v2\/comments?post=116168"}],"wp:featuredmedia":[{"embeddable":true,"href":"https:\/\/nabytoklaguna.sk\/sk\/wp-json\/wp\/v2\/media\/116171"}],"wp:attachment":[{"href":"https:\/\/nabytoklaguna.sk\/sk\/wp-json\/wp\/v2\/media?parent=116168"}],"wp:term":[{"taxonomy":"product_brand","embeddable":true,"href":"https:\/\/nabytoklaguna.sk\/sk\/wp-json\/wp\/v2\/product_brand?post=116168"},{"taxonomy":"product_cat","embeddable":true,"href":"https:\/\/nabytoklaguna.sk\/sk\/wp-json\/wp\/v2\/product_cat?post=116168"},{"taxonomy":"product_tag","embeddable":true,"href":"https:\/\/nabytoklaguna.sk\/sk\/wp-json\/wp\/v2\/product_tag?post=116168"}],"curies":[{"name":"wp","href":"https:\/\/api.w.org\/{rel}","templated":true}]}}

<p>Sektorová obývacia stena <strong>TINA</strong> uspokojí aj toho najnáročnejšieho zákazníka. Korpus je vyrobený z prírodnej dyhy v drevenom rustikálnom štýle. Predné dvierke sú z <strong>masívneho dubového dreva</strong>, Sektor stojí na vyšších nožičkách, sú chrómové a v striebornej farbe. Sektor je doplnený<strong> chrómovými úchytkami</strong> taktiež v striebornej farbe. Prvky z tvrdeného skla a prepracované čelá navyše zdôrazňujú krasu a čaro<strong> dubového dreva</strong>. Systém pozostáva z niekoľkých komponentov, vďaka ktorým si originálne zariadite interiér Vášho domova. Sektor <strong>TINA</strong> sa vyrába vo farebnom prevedení dub medový, ktorý vnesie do Vášho interiéru sviežosť a mimoriadny jas. Jednoducho a rýchlo týmto systémom zariadite obývaciu izbu či jedáleň</p>
<p><strong>Zobrazená zostava pozostáva:</strong></p>
<p>Vitrína ľavá    TINA 10 (ŠxHxV)……..70x42x200cm   &#8230;.1 ks<br />
Rtv stolík TINA 25 (ŠxHxV)…………..155x42x70cm &#8230;..1 ks<br />
Polica TINA 35 (ŠxHxV)……………….155x24x15cm &#8230;.2 ks<br />
Komoda TINA 46 (ŠxHxV)……………155x42x91cm  &#8230;.1 ks</p>
<p>&nbsp;</p>
<p><strong>Možnosť doobjednať:</strong></p>
<p>Vitrína ľavá    TINA 10 (ŠxHxV)……..70x42x200cm<br />
Vitrína pravá  TINA 11 (ŠxHxV)……..70x42x200cm<br />
Vitrína  TINA 12 (ŠxHxV)………………90x42x200cm<br />
Vitrína TINA 15 (ŠxHxV)……………….96x42x134cm<br />
Rtv stolík TINA 25 (ŠxHxV)…………..155x42x70cm<br />
Komoda TINA 45 (ŠxHxV)……………180x42x91cm<br />
Komoda TINA 46 (ŠxHxV)……………155x42x91cm<br />
Vitrína TINA 48 (ŠxHxV)………………126x42x134cm<br />
Polica TINA 35 (ŠxHxV)……………….155x24x15cm<br />
Jedálenský stôl TINA 40 (ŠxHxV)….160-250x90x76cm<br />
Konferen. stolík TINA 41 (ŠxHxV)….80x80x45cm</p>
<p>&nbsp;</p>
<p>Sektor je dodávaný v zmontovanom stave</p>

<p>Sektorová obývacia stena TINA uspokojí aj toho najnáročnejšieho zákazníka. Korpus je vyrobený z prírodnej dyhy v drevenom rustikálnom štýle. Predné dvierke sú z masívneho dubového dreva, Sektor stojí na vyšších nožičkách, sú chrómové a v striebornej farbe. Sektor je doplnený chrómovými úchytkami taktiež v striebornej farbe. Prvky z tvrdeného skla a prepracované čelá navyše zdôrazňujú krasu&#8230;</p>
