{"id":116612,"date":"2023-04-20T11:30:44","date_gmt":"2023-04-20T09:30:44","guid":{"rendered":"https:\/\/nabytoklaguna.sk\/sk\/?post_type=product&#038;p=116612"},"modified":"2025-02-24T10:31:43","modified_gmt":"2025-02-24T09:31:43","slug":"asb-015-cof-bk","status":"publish","type":"product","link":"https:\/\/nabytoklaguna.sk\/sk\/produkt\/asb-015-cof-bk\/","title":{"rendered":"ASB-015 COF"},"content":{"rendered":"<p>Luxusn\u00e1 trojmiestna seda\u010dka v nad\u010dasovom a minimalistickom dizajne.<\/p>\n<p>Seda\u010dka je celo\u010dal\u00fanen\u00e1, je mo\u017en\u00e9 ju pou\u017ei\u0165 na klasick\u00e9 prisadenie k stene alebo umiestni\u0165 v strede miestnosti. V oboch pr\u00edpadoch bude neprehliadnute\u013en\u00fd solit\u00e9r. Uplatnenie n\u00e1jde ako v ob\u00fdvacej izbe, hale, ale aj sp\u00e1lni alebo v konferen\u010dn\u00fdch miestnostiach.<\/p>\n<p>Tenk\u00e9 kovov\u00e9 nohy dokonale dop\u013a\u0148aj\u00fa celkov\u00fd vzh\u013ead seda\u010dky. S\u00fa lakovan\u00e9 kvalitnou pr\u00e1\u0161kovou farbou v matnom \u010diernom odtieni. Riziko po\u0161kodenia podlahov\u00fdch kryt\u00edn je tu eliminovan\u00e9 plastov\u00fdmi klz\u00e1kmi na dotykovej ploche n\u00f4h.<\/p>\n<table class=\"table-data-sheet\" style=\"width: 845px;\">\n<tbody>\n<tr class=\"odd\">\n<td style=\"width: 274px;\">H\u013abka<\/td>\n<td style=\"width: 571px;\">79<\/td>\n<\/tr>\n<tr class=\"even\">\n<td style=\"width: 274px;\">\u0160\u00edrka<\/td>\n<td style=\"width: 571px;\">193 cm<\/td>\n<\/tr>\n<tr class=\"odd\">\n<td style=\"width: 274px;\">V\u00fd\u0161ka<\/td>\n<td style=\"width: 571px;\">79 cm<\/td>\n<\/tr>\n<tr class=\"even\">\n<td style=\"width: 274px;\">Vhodn\u00e1 miestnos\u0165<\/td>\n<td style=\"width: 571px;\">ob\u00fdva\u010dka, spolo\u010densk\u00e1 miestnos\u0165, hotely, kaviarne<\/td>\n<\/tr>\n<tr class=\"odd\">\n<td style=\"width: 274px;\">Typ n\u00e1bytku<\/td>\n<td style=\"width: 571px;\">pohovky<\/td>\n<\/tr>\n<tr class=\"even\">\n<td style=\"width: 274px;\">\u0160t\u00fdl n\u00e1bytku<\/td>\n<td style=\"width: 571px;\">modern\u00fd<\/td>\n<\/tr>\n<tr class=\"odd\">\n<td style=\"width: 274px;\">Z\u00e1ruka<\/td>\n<td style=\"width: 571px;\">2 roky<\/td>\n<\/tr>\n<tr class=\"even\">\n<td style=\"width: 274px;\">Sp\u00f4sob dodania<\/td>\n<td style=\"width: 571px;\">demont v\u00a0 jednom bal\u00edku<\/td>\n<\/tr>\n<tr class=\"odd\">\n<td style=\"width: 274px;\">Hmotnos\u0165<\/td>\n<td style=\"width: 571px;\">360 kg<\/td>\n<\/tr>\n<tr class=\"even\">\n<td style=\"width: 274px;\">\u00dalo\u017en\u00fd priestor<\/td>\n<td style=\"width: 571px;\">nie<\/td>\n<\/tr>\n<tr class=\"odd\">\n<td style=\"width: 274px;\">Rohov\u00e9 prevedenie<\/td>\n<td style=\"width: 571px;\">nie<\/td>\n<\/tr>\n<tr class=\"even\">\n<td style=\"width: 274px;\">V\u00fd\u0161ka sed\u00e1ka<\/td>\n<td style=\"width: 571px;\">45 cm<\/td>\n<\/tr>\n<tr class=\"even\">\n<td style=\"width: 274px;\">Mo\u017enos\u0165 rozkladania<\/td>\n<td style=\"width: 571px;\">nie<\/td>\n<\/tr>\n<tr class=\"odd\">\n<td style=\"width: 274px;\">Plocha po rozlo\u017een\u00ed<\/td>\n<td style=\"width: 571px;\">nie<\/td>\n<\/tr>\n<tr class=\"even\">\n<td style=\"width: 274px;\">Kon\u0161trukcia<\/td>\n<td style=\"width: 571px;\">Masiv<\/td>\n<\/tr>\n<tr class=\"odd\">\n<td style=\"width: 274px;\">N\u00f4\u017eky<\/td>\n<td style=\"width: 571px;\">kov<\/td>\n<\/tr>\n<tr class=\"odd\">\n<td style=\"width: 274px;\">Nastavenie opierok<\/td>\n<td style=\"width: 571px;\">nie<\/td>\n<\/tr>\n<tr class=\"even\">\n<td style=\"width: 274px;\">V\u00fdpl\u0148 seda\u010dky<\/td>\n<td style=\"width: 571px;\">pena+ vlnovec pru\u017eina<\/td>\n<\/tr>\n<\/tbody>\n<\/table>\n","protected":false},"excerpt":{"rendered":"<p>Luxusn\u00e1 trojmiestna seda\u010dka v nad\u010dasovom a minimalistickom dizajne. Seda\u010dka je celo\u010dal\u00fanen\u00e1, je mo\u017en\u00e9 ju pou\u017ei\u0165 na klasick\u00e9 prisadenie k stene alebo umiestni\u0165 v strede miestnosti. V oboch pr\u00edpadoch bude neprehliadnute\u013en\u00fd solit\u00e9r. Uplatnenie n\u00e1jde ako v ob\u00fdvacej izbe, hale, ale aj sp\u00e1lni alebo v konferen\u010dn\u00fdch miestnostiach. Tenk\u00e9 kovov\u00e9 nohy dokonale dop\u013a\u0148aj\u00fa celkov\u00fd vzh\u013ead seda\u010dky. S\u00fa lakovan\u00e9&#8230;<\/p>\n","protected":false},"featured_media":116615,"comment_status":"closed","ping_status":"closed","template":"","meta":{"_seopress_robots_primary_cat":"none","_seopress_titles_title":"","_seopress_titles_desc":"","_seopress_robots_index":""},"product_brand":[],"product_cat":[256,140],"product_tag":[],"class_list":{"0":"post-116612","1":"product","2":"type-product","3":"status-publish","4":"has-post-thumbnail","6":"product_cat-supravy-311","7":"product_cat-sedacie-supravy","8":"pa_farba-siva-3","9":"pa_farba-coffe","11":"first","12":"onbackorder","13":"shipping-taxable","14":"purchasable","15":"product-type-variable"},"_links":{"self":[{"href":"https:\/\/nabytoklaguna.sk\/sk\/wp-json\/wp\/v2\/product\/116612","targetHints":{"allow":["GET"]}}],"collection":[{"href":"https:\/\/nabytoklaguna.sk\/sk\/wp-json\/wp\/v2\/product"}],"about":[{"href":"https:\/\/nabytoklaguna.sk\/sk\/wp-json\/wp\/v2\/types\/product"}],"replies":[{"embeddable":true,"href":"https:\/\/nabytoklaguna.sk\/sk\/wp-json\/wp\/v2\/comments?post=116612"}],"wp:featuredmedia":[{"embeddable":true,"href":"https:\/\/nabytoklaguna.sk\/sk\/wp-json\/wp\/v2\/media\/116615"}],"wp:attachment":[{"href":"https:\/\/nabytoklaguna.sk\/sk\/wp-json\/wp\/v2\/media?parent=116612"}],"wp:term":[{"taxonomy":"product_brand","embeddable":true,"href":"https:\/\/nabytoklaguna.sk\/sk\/wp-json\/wp\/v2\/product_brand?post=116612"},{"taxonomy":"product_cat","embeddable":true,"href":"https:\/\/nabytoklaguna.sk\/sk\/wp-json\/wp\/v2\/product_cat?post=116612"},{"taxonomy":"product_tag","embeddable":true,"href":"https:\/\/nabytoklaguna.sk\/sk\/wp-json\/wp\/v2\/product_tag?post=116612"}],"curies":[{"name":"wp","href":"https:\/\/api.w.org\/{rel}","templated":true}]}}

<p>Luxusná trojmiestna sedačka v nadčasovom a minimalistickom dizajne.</p>
<p>Sedačka je celočalúnená, je možné ju použiť na klasické prisadenie k stene alebo umiestniť v strede miestnosti. V oboch prípadoch bude neprehliadnuteľný solitér. Uplatnenie nájde ako v obývacej izbe, hale, ale aj spálni alebo v konferenčných miestnostiach.</p>
<p>Tenké kovové nohy dokonale dopĺňajú celkový vzhľad sedačky. Sú lakované kvalitnou práškovou farbou v matnom čiernom odtieni. Riziko poškodenia podlahových krytín je tu eliminované plastovými klzákmi na dotykovej ploche nôh.</p>
<table class="table-data-sheet" style="width: 845px;">
<tbody>
<tr class="odd">
<td style="width: 274px;">Hĺbka</td>
<td style="width: 571px;">79</td>
</tr>
<tr class="even">
<td style="width: 274px;">Šírka</td>
<td style="width: 571px;">193 cm</td>
</tr>
<tr class="odd">
<td style="width: 274px;">Výška</td>
<td style="width: 571px;">79 cm</td>
</tr>
<tr class="even">
<td style="width: 274px;">Vhodná miestnosť</td>
<td style="width: 571px;">obývačka, spoločenská miestnosť, hotely, kaviarne</td>
</tr>
<tr class="odd">
<td style="width: 274px;">Typ nábytku</td>
<td style="width: 571px;">pohovky</td>
</tr>
<tr class="even">
<td style="width: 274px;">Štýl nábytku</td>
<td style="width: 571px;">moderný</td>
</tr>
<tr class="odd">
<td style="width: 274px;">Záruka</td>
<td style="width: 571px;">2 roky</td>
</tr>
<tr class="even">
<td style="width: 274px;">Spôsob dodania</td>
<td style="width: 571px;">demont v  jednom balíku</td>
</tr>
<tr class="odd">
<td style="width: 274px;">Hmotnosť</td>
<td style="width: 571px;">360 kg</td>
</tr>
<tr class="even">
<td style="width: 274px;">Úložný priestor</td>
<td style="width: 571px;">nie</td>
</tr>
<tr class="odd">
<td style="width: 274px;">Rohové prevedenie</td>
<td style="width: 571px;">nie</td>
</tr>
<tr class="even">
<td style="width: 274px;">Výška sedáka</td>
<td style="width: 571px;">45 cm</td>
</tr>
<tr class="even">
<td style="width: 274px;">Možnosť rozkladania</td>
<td style="width: 571px;">nie</td>
</tr>
<tr class="odd">
<td style="width: 274px;">Plocha po rozložení</td>
<td style="width: 571px;">nie</td>
</tr>
<tr class="even">
<td style="width: 274px;">Konštrukcia</td>
<td style="width: 571px;">Masiv</td>
</tr>
<tr class="odd">
<td style="width: 274px;">Nôžky</td>
<td style="width: 571px;">kov</td>
</tr>
<tr class="odd">
<td style="width: 274px;">Nastavenie opierok</td>
<td style="width: 571px;">nie</td>
</tr>
<tr class="even">
<td style="width: 274px;">Výplň sedačky</td>
<td style="width: 571px;">pena+ vlnovec pružina</td>
</tr>
</tbody>
</table>

<p>Luxusná trojmiestna sedačka v nadčasovom a minimalistickom dizajne. Sedačka je celočalúnená, je možné ju použiť na klasické prisadenie k stene alebo umiestniť v strede miestnosti. V oboch prípadoch bude neprehliadnuteľný solitér. Uplatnenie nájde ako v obývacej izbe, hale, ale aj spálni alebo v konferenčných miestnostiach. Tenké kovové nohy dokonale dopĺňajú celkový vzhľad sedačky. Sú lakované&#8230;</p>
