{"id":116650,"date":"2023-04-20T14:06:38","date_gmt":"2023-04-20T12:06:38","guid":{"rendered":"https:\/\/nabytoklaguna.sk\/sk\/?post_type=product&#038;p=116650"},"modified":"2025-08-26T13:29:02","modified_gmt":"2025-08-26T11:29:02","slug":"ak-311","status":"publish","type":"product","link":"https:\/\/nabytoklaguna.sk\/sk\/produkt\/ak-311\/","title":{"rendered":"AK-311"},"content":{"rendered":"<p>Kreslo v \u0161kandin\u00e1vskom \u0161t\u00fdle s retro prvkami. Charakteristick\u00fdmi prvkami tohto kresla je v\u00fdrazn\u00e9 zvisl\u00e9 pre\u0161itie operadla, mas\u00edvny sedac\u00ed korpus so zaoblen\u00fdmi l\u00edniami v kontraste s vysok\u00fdmi \u0161t\u00edhlymi nohami.<\/p>\n<p>Kreslo je celo\u010dal\u00fanen\u00e9 v troch farebn\u00fdch vari\u00e1ci\u00e1ch, vr\u00e1tane chrbta. Mo\u017eno ho pou\u017ei\u0165 ako na prisadenie k stene, tak aj v strede miestnosti. M\u00f4\u017ee sl\u00fa\u017ei\u0165 ako v\u00fdrazn\u00fd solit\u00e9r aj ako dopl\u0148uj\u00face kresl\u00e1 k seda\u010dke. Svoje uplatnenie n\u00e1jde v chodbe, hale, ob\u00fdvacej izbe aj sp\u00e1lni.<\/p>\n<p>Sed\u00e1ky s\u00fa e\u0161te spevnen\u00e9 elastick\u00fdmi popruhmi pre zv\u00fd\u0161enie komfortu pohodlia. Po\u0165ah je z l\u00e1tky v trendy svetlo \u0161edom odtieni, kostra z mas\u00edvneho dreva, vyplnen\u00e9 je kvalitnou PU penou. \u0160t\u00edhle k\u00f3nick\u00e9 nohy s\u00fa z mas\u00edvneho kau\u010dukovn\u00edka v pr\u00edrodnom odtieni a lakovan\u00e9 transparentn\u00fdm lakom.<\/p>\n<p>farba:\u00a0 Striebornob\u00e9\u017eov\u00e1, Tmavosiv\u00e1, Hned\u00e1<\/p>\n<p><strong>Hmotnos\u0165:<\/strong>\u00a013 kg<\/p>\n<table style=\"width: 100%; height: 363px;\">\n<tbody>\n<tr style=\"height: 52px;\">\n<td class=\"popis\" style=\"height: 52px;\">\u0160\u00edrka (cm):<\/td>\n<td style=\"height: 52px;\">76 cm<\/td>\n<\/tr>\n<tr style=\"height: 52px;\">\n<td class=\"popis\" style=\"height: 52px;\">H\u013abka (cm):<\/td>\n<td style=\"height: 52px;\">79 cm<\/td>\n<\/tr>\n<tr style=\"height: 52px;\">\n<td class=\"popis\" style=\"height: 52px;\">V\u00fd\u0161ka (cm):<\/td>\n<td style=\"height: 52px;\">92 cm<\/td>\n<\/tr>\n<tr style=\"height: 52px;\">\n<td class=\"popis\" style=\"height: 52px;\">V\u00fd\u0161ka sedu:<\/td>\n<td style=\"height: 52px;\">41 cm<\/td>\n<\/tr>\n<tr style=\"height: 52px;\">\n<td style=\"height: 52px;\">\u0161\u00edrka sedu:<\/td>\n<td style=\"height: 52px;\">54 cm<\/td>\n<\/tr>\n<tr style=\"height: 52px;\">\n<td style=\"height: 52px;\">h\u013abka sedu:<\/td>\n<td style=\"height: 52px;\">51 cm<\/td>\n<\/tr>\n<tr style=\"height: 51px;\">\n<td style=\"height: 51px;\">nosnos\u0165:<\/td>\n<td style=\"height: 51px;\">130 kg<\/td>\n<\/tr>\n<\/tbody>\n<\/table>\n","protected":false},"excerpt":{"rendered":"<p>Kreslo v \u0161kandin\u00e1vskom \u0161t\u00fdle s retro prvkami. Charakteristick\u00fdmi prvkami tohto kresla je v\u00fdrazn\u00e9 zvisl\u00e9 pre\u0161itie operadla, mas\u00edvny sedac\u00ed korpus so zaoblen\u00fdmi l\u00edniami v kontraste s vysok\u00fdmi \u0161t\u00edhlymi nohami. Kreslo je celo\u010dal\u00fanen\u00e9 v troch farebn\u00fdch vari\u00e1ci\u00e1ch, vr\u00e1tane chrbta. Mo\u017eno ho pou\u017ei\u0165 ako na prisadenie k stene, tak aj v strede miestnosti. M\u00f4\u017ee sl\u00fa\u017ei\u0165 ako v\u00fdrazn\u00fd solit\u00e9r&#8230;<\/p>\n","protected":false},"featured_media":124646,"comment_status":"closed","ping_status":"closed","template":"","meta":{"_seopress_robots_primary_cat":"none","_seopress_titles_title":"","_seopress_titles_desc":"","_seopress_robots_index":""},"product_brand":[],"product_cat":[237,231],"product_tag":[],"class_list":{"0":"post-116650","1":"product","2":"type-product","3":"status-publish","4":"has-post-thumbnail","6":"product_cat-stolicky","7":"product_cat-kresla","8":"pa_farba-sil2","9":"pa_farba-siva-3","10":"pa_farba-hneda","12":"first","13":"onbackorder","14":"shipping-taxable","15":"purchasable","16":"product-type-variable"},"_links":{"self":[{"href":"https:\/\/nabytoklaguna.sk\/sk\/wp-json\/wp\/v2\/product\/116650","targetHints":{"allow":["GET"]}}],"collection":[{"href":"https:\/\/nabytoklaguna.sk\/sk\/wp-json\/wp\/v2\/product"}],"about":[{"href":"https:\/\/nabytoklaguna.sk\/sk\/wp-json\/wp\/v2\/types\/product"}],"replies":[{"embeddable":true,"href":"https:\/\/nabytoklaguna.sk\/sk\/wp-json\/wp\/v2\/comments?post=116650"}],"wp:featuredmedia":[{"embeddable":true,"href":"https:\/\/nabytoklaguna.sk\/sk\/wp-json\/wp\/v2\/media\/124646"}],"wp:attachment":[{"href":"https:\/\/nabytoklaguna.sk\/sk\/wp-json\/wp\/v2\/media?parent=116650"}],"wp:term":[{"taxonomy":"product_brand","embeddable":true,"href":"https:\/\/nabytoklaguna.sk\/sk\/wp-json\/wp\/v2\/product_brand?post=116650"},{"taxonomy":"product_cat","embeddable":true,"href":"https:\/\/nabytoklaguna.sk\/sk\/wp-json\/wp\/v2\/product_cat?post=116650"},{"taxonomy":"product_tag","embeddable":true,"href":"https:\/\/nabytoklaguna.sk\/sk\/wp-json\/wp\/v2\/product_tag?post=116650"}],"curies":[{"name":"wp","href":"https:\/\/api.w.org\/{rel}","templated":true}]}}

<p>Kreslo v škandinávskom štýle s retro prvkami. Charakteristickými prvkami tohto kresla je výrazné zvislé prešitie operadla, masívny sedací korpus so zaoblenými líniami v kontraste s vysokými štíhlymi nohami.</p>
<p>Kreslo je celočalúnené v troch farebných variáciách, vrátane chrbta. Možno ho použiť ako na prisadenie k stene, tak aj v strede miestnosti. Môže slúžiť ako výrazný solitér aj ako doplňujúce kreslá k sedačke. Svoje uplatnenie nájde v chodbe, hale, obývacej izbe aj spálni.</p>
<p>Sedáky sú ešte spevnené elastickými popruhmi pre zvýšenie komfortu pohodlia. Poťah je z látky v trendy svetlo šedom odtieni, kostra z masívneho dreva, vyplnené je kvalitnou PU penou. Štíhle kónické nohy sú z masívneho kaučukovníka v prírodnom odtieni a lakované transparentným lakom.</p>
<p>farba:  Striebornobéžová, Tmavosivá, Hnedá</p>
<p><strong>Hmotnosť:</strong> 13 kg</p>
<table style="width: 100%; height: 363px;">
<tbody>
<tr style="height: 52px;">
<td class="popis" style="height: 52px;">Šírka (cm):</td>
<td style="height: 52px;">76 cm</td>
</tr>
<tr style="height: 52px;">
<td class="popis" style="height: 52px;">Hĺbka (cm):</td>
<td style="height: 52px;">79 cm</td>
</tr>
<tr style="height: 52px;">
<td class="popis" style="height: 52px;">Výška (cm):</td>
<td style="height: 52px;">92 cm</td>
</tr>
<tr style="height: 52px;">
<td class="popis" style="height: 52px;">Výška sedu:</td>
<td style="height: 52px;">41 cm</td>
</tr>
<tr style="height: 52px;">
<td style="height: 52px;">šírka sedu:</td>
<td style="height: 52px;">54 cm</td>
</tr>
<tr style="height: 52px;">
<td style="height: 52px;">hĺbka sedu:</td>
<td style="height: 52px;">51 cm</td>
</tr>
<tr style="height: 51px;">
<td style="height: 51px;">nosnosť:</td>
<td style="height: 51px;">130 kg</td>
</tr>
</tbody>
</table>

<p>Kreslo v škandinávskom štýle s retro prvkami. Charakteristickými prvkami tohto kresla je výrazné zvislé prešitie operadla, masívny sedací korpus so zaoblenými líniami v kontraste s vysokými štíhlymi nohami. Kreslo je celočalúnené v troch farebných variáciách, vrátane chrbta. Možno ho použiť ako na prisadenie k stene, tak aj v strede miestnosti. Môže slúžiť ako výrazný solitér&#8230;</p>
