{"id":116661,"date":"2023-04-21T10:22:58","date_gmt":"2023-04-21T08:22:58","guid":{"rendered":"https:\/\/nabytoklaguna.sk\/sk\/?post_type=product&#038;p=116661"},"modified":"2025-09-10T12:19:20","modified_gmt":"2025-09-10T10:19:20","slug":"ak-332-blue2-crm2-grey2-lan2","status":"publish","type":"product","link":"https:\/\/nabytoklaguna.sk\/sk\/produkt\/ak-332-blue2-crm2-grey2-lan2\/","title":{"rendered":"AK-332 GREY2"},"content":{"rendered":"<p>Dvojmiestna seda\u010dka v \u0161kandin\u00e1vskom \u0161t\u00fdle s retro prvkami. Charakteristick\u00fdmi prvkami tejto dvojseda\u010dky je v\u00fdrazn\u00e9 zvisl\u00e9 pre\u0161itie sedadla, mas\u00edvny sedac\u00ed korpus so zaoblen\u00fdmi l\u00edniami v kontraste s vysok\u00fdmi \u0161t\u00edhlymi nohami.<\/p>\n<p>M\u00f4\u017ee sl\u00fa\u017ei\u0165 ako v\u00fdrazn\u00fd solit\u00e9r, alebo s kreslami ako sedacia s\u00faprava. Svoje uplatnenie n\u00e1jde v chodbe, hale, ob\u00fdvacej izbe aj sp\u00e1lni. Seda\u010dka je celo\u010dal\u00fanen\u00e1, vr\u00e1tane chrbta. Mo\u017eno ju pou\u017ei\u0165 ako na prisadenie k stene, tak aj v strede miestnosti.<\/p>\n<p>dod\u00e1van\u00e9 v demonte<\/p>\n<p><strong>Hmotnos\u0165:<\/strong>\u00a021 kg<\/p>\n<table>\n<tbody>\n<tr>\n<td class=\"popis\">\u0160\u00edrka (cm):<\/td>\n<td>127 cm<\/td>\n<\/tr>\n<tr>\n<td class=\"popis\">H\u013abka (cm):<\/td>\n<td>77 cm<\/td>\n<\/tr>\n<tr>\n<td class=\"popis\">V\u00fd\u0161ka (cm):<\/td>\n<td>78 cm<\/td>\n<\/tr>\n<tr>\n<td class=\"popis\">V\u00fd\u0161ka sedu:<\/td>\n<td>42 cm<\/td>\n<\/tr>\n<tr>\n<td>\u0161\u00edrka sedu:<\/td>\n<td>102 cm<\/td>\n<\/tr>\n<tr>\n<td>h\u013abka sedu:<\/td>\n<td>57 cm<\/td>\n<\/tr>\n<tr>\n<td>nosnos\u0165:<\/td>\n<td>150 kg<\/td>\n<\/tr>\n<\/tbody>\n<\/table>\n","protected":false},"excerpt":{"rendered":"<p>Dvojmiestna seda\u010dka v \u0161kandin\u00e1vskom \u0161t\u00fdle s retro prvkami. Charakteristick\u00fdmi prvkami tejto dvojseda\u010dky je v\u00fdrazn\u00e9 zvisl\u00e9 pre\u0161itie sedadla, mas\u00edvny sedac\u00ed korpus so zaoblen\u00fdmi l\u00edniami v kontraste s vysok\u00fdmi \u0161t\u00edhlymi nohami. M\u00f4\u017ee sl\u00fa\u017ei\u0165 ako v\u00fdrazn\u00fd solit\u00e9r, alebo s kreslami ako sedacia s\u00faprava. Svoje uplatnenie n\u00e1jde v chodbe, hale, ob\u00fdvacej izbe aj sp\u00e1lni. Seda\u010dka je celo\u010dal\u00fanen\u00e1, vr\u00e1tane chrbta&#8230;.<\/p>\n","protected":false},"featured_media":116666,"comment_status":"closed","ping_status":"closed","template":"","meta":{"_seopress_robots_primary_cat":"none","_seopress_titles_title":"","_seopress_titles_desc":"","_seopress_robots_index":""},"product_brand":[],"product_cat":[140,219,231],"product_tag":[],"class_list":{"0":"post-116661","1":"product","2":"type-product","3":"status-publish","4":"has-post-thumbnail","6":"product_cat-sedacie-supravy","7":"product_cat-pohovky","8":"product_cat-kresla","9":"pa_farba-siva-3","10":"pa_farba-modra","11":"pa_farba-svetlosiva","12":"pa_farba-tmavosiva","14":"first","15":"onbackorder","16":"sale","17":"shipping-taxable","18":"purchasable","19":"product-type-variable"},"_links":{"self":[{"href":"https:\/\/nabytoklaguna.sk\/sk\/wp-json\/wp\/v2\/product\/116661","targetHints":{"allow":["GET"]}}],"collection":[{"href":"https:\/\/nabytoklaguna.sk\/sk\/wp-json\/wp\/v2\/product"}],"about":[{"href":"https:\/\/nabytoklaguna.sk\/sk\/wp-json\/wp\/v2\/types\/product"}],"replies":[{"embeddable":true,"href":"https:\/\/nabytoklaguna.sk\/sk\/wp-json\/wp\/v2\/comments?post=116661"}],"wp:featuredmedia":[{"embeddable":true,"href":"https:\/\/nabytoklaguna.sk\/sk\/wp-json\/wp\/v2\/media\/116666"}],"wp:attachment":[{"href":"https:\/\/nabytoklaguna.sk\/sk\/wp-json\/wp\/v2\/media?parent=116661"}],"wp:term":[{"taxonomy":"product_brand","embeddable":true,"href":"https:\/\/nabytoklaguna.sk\/sk\/wp-json\/wp\/v2\/product_brand?post=116661"},{"taxonomy":"product_cat","embeddable":true,"href":"https:\/\/nabytoklaguna.sk\/sk\/wp-json\/wp\/v2\/product_cat?post=116661"},{"taxonomy":"product_tag","embeddable":true,"href":"https:\/\/nabytoklaguna.sk\/sk\/wp-json\/wp\/v2\/product_tag?post=116661"}],"curies":[{"name":"wp","href":"https:\/\/api.w.org\/{rel}","templated":true}]}}

<p>Dvojmiestna sedačka v škandinávskom štýle s retro prvkami. Charakteristickými prvkami tejto dvojsedačky je výrazné zvislé prešitie sedadla, masívny sedací korpus so zaoblenými líniami v kontraste s vysokými štíhlymi nohami.</p>
<p>Môže slúžiť ako výrazný solitér, alebo s kreslami ako sedacia súprava. Svoje uplatnenie nájde v chodbe, hale, obývacej izbe aj spálni. Sedačka je celočalúnená, vrátane chrbta. Možno ju použiť ako na prisadenie k stene, tak aj v strede miestnosti.</p>
<p>dodávané v demonte</p>
<p><strong>Hmotnosť:</strong> 21 kg</p>
<table>
<tbody>
<tr>
<td class="popis">Šírka (cm):</td>
<td>127 cm</td>
</tr>
<tr>
<td class="popis">Hĺbka (cm):</td>
<td>77 cm</td>
</tr>
<tr>
<td class="popis">Výška (cm):</td>
<td>78 cm</td>
</tr>
<tr>
<td class="popis">Výška sedu:</td>
<td>42 cm</td>
</tr>
<tr>
<td>šírka sedu:</td>
<td>102 cm</td>
</tr>
<tr>
<td>hĺbka sedu:</td>
<td>57 cm</td>
</tr>
<tr>
<td>nosnosť:</td>
<td>150 kg</td>
</tr>
</tbody>
</table>

<p>Dvojmiestna sedačka v škandinávskom štýle s retro prvkami. Charakteristickými prvkami tejto dvojsedačky je výrazné zvislé prešitie sedadla, masívny sedací korpus so zaoblenými líniami v kontraste s vysokými štíhlymi nohami. Môže slúžiť ako výrazný solitér, alebo s kreslami ako sedacia súprava. Svoje uplatnenie nájde v chodbe, hale, obývacej izbe aj spálni. Sedačka je celočalúnená, vrátane chrbta&#8230;.</p>
