{"id":116740,"date":"2023-04-21T13:52:27","date_gmt":"2023-04-21T11:52:27","guid":{"rendered":"https:\/\/nabytoklaguna.sk\/sk\/?post_type=product&#038;p=116740"},"modified":"2025-08-14T01:00:22","modified_gmt":"2025-08-13T23:00:22","slug":"herne-a-kancelarske-kreslo-ka-g408-red","status":"publish","type":"product","link":"https:\/\/nabytoklaguna.sk\/sk\/produkt\/herne-a-kancelarske-kreslo-ka-g408-red\/","title":{"rendered":"Hern\u00e9 a kancel\u00e1rsk\u00e9 kreslo KA-G408 RED"},"content":{"rendered":"<p>Stretnutie dizajnu a sofistikovan\u00e9 funk\u010dnosti &#8211; to je toto hern\u00e9 a kancel\u00e1rske kreslo.<\/p>\n<p>Kvalitn\u00e9 \u010dal\u00fanenie sedadla aj operadla je z\u00e1rukou pohodln\u00e9ho posedenie. Vyzna\u010duje sa v\u00fdrazn\u00fdm farebn\u00fdm kontrastom \u010diernej a \u010dervenej farby pr\u00edjemn\u00e9ho po\u0165ahu a tie\u017e zaoblen\u00fdmi l\u00edniami.<\/p>\n<p>Integrovan\u00fd vank\u00fa\u0161 podhlavn\u00edka s vy\u0161\u00edvan\u00fdm logom E-racer zapad\u00e1 do celkovej koncepcie hern\u00e9ho kresla a zaru\u010duje pohodu pri dlh\u00fdch hern\u00fdch ve\u010deroch<\/p>\n<p>Kreslo je vybaven\u00e9 hojdac\u00edm mechanizmom. Sila hojdania sa reguluje plastov\u00fdm skrutkou pod sed\u00e1kom.<\/p>\n<p>V\u00fd\u0161ka sedenia sa upravuje p\u00e1\u010dkou na pravej strane cez kvalitn\u00fd plynov\u00fd piest.<\/p>\n<p>Mas\u00edvny \u010dierny plastov\u00fd kr\u00ed\u017e s \u0161ed\u00fdmi doplnkami je osaden\u00fd plastov\u00fdmi kolieskami na koberec.<\/p>\n<table>\n<tbody>\n<tr>\n<td class=\"popis\">\u0160\u00edrka (cm):<\/td>\n<td>67 cm<\/td>\n<\/tr>\n<tr>\n<td class=\"popis\">H\u013abka (cm):<\/td>\n<td>67 cm<\/td>\n<\/tr>\n<tr>\n<td class=\"popis\">V\u00fd\u0161ka (cm):<\/td>\n<td>121-129 cm<\/td>\n<\/tr>\n<tr>\n<td>\u0161\u00edrka sedu:<\/td>\n<td>54 cm<\/td>\n<\/tr>\n<tr>\n<td>h\u013abka sedu:<\/td>\n<td>49 cm<\/td>\n<\/tr>\n<tr>\n<td>v\u00fd\u0161ka sedu:<\/td>\n<td>43-51 cm<\/td>\n<\/tr>\n<tr>\n<td>Materi\u00e1l v\u00fdplne:<\/td>\n<td>PU pena<\/td>\n<\/tr>\n<tr>\n<td>nosnos\u0165:<\/td>\n<td>130 kg<\/td>\n<\/tr>\n<tr>\n<td>hmotnos\u0165:<\/td>\n<td>16 kg<\/td>\n<\/tr>\n<tr>\n<td><\/td>\n<td><\/td>\n<\/tr>\n<\/tbody>\n<\/table>\n","protected":false},"excerpt":{"rendered":"<p>Stretnutie dizajnu a sofistikovan\u00e9 funk\u010dnosti &#8211; to je toto hern\u00e9 a kancel\u00e1rske kreslo. Kvalitn\u00e9 \u010dal\u00fanenie sedadla aj operadla je z\u00e1rukou pohodln\u00e9ho posedenie. Vyzna\u010duje sa v\u00fdrazn\u00fdm farebn\u00fdm kontrastom \u010diernej a \u010dervenej farby pr\u00edjemn\u00e9ho po\u0165ahu a tie\u017e zaoblen\u00fdmi l\u00edniami. Integrovan\u00fd vank\u00fa\u0161 podhlavn\u00edka s vy\u0161\u00edvan\u00fdm logom E-racer zapad\u00e1 do celkovej koncepcie hern\u00e9ho kresla a zaru\u010duje pohodu pri dlh\u00fdch&#8230;<\/p>\n","protected":false},"featured_media":116745,"comment_status":"closed","ping_status":"closed","template":"","meta":{"_seopress_robots_primary_cat":"none","_seopress_titles_title":"","_seopress_titles_desc":"","_seopress_robots_index":""},"product_brand":[],"product_cat":[242,237],"product_tag":[],"class_list":{"0":"post-116740","1":"product","2":"type-product","3":"status-publish","4":"has-post-thumbnail","6":"product_cat-kancelarske-stolicky","7":"product_cat-stolicky","9":"first","10":"onbackorder","11":"shipping-taxable","12":"purchasable","13":"product-type-simple"},"_links":{"self":[{"href":"https:\/\/nabytoklaguna.sk\/sk\/wp-json\/wp\/v2\/product\/116740","targetHints":{"allow":["GET"]}}],"collection":[{"href":"https:\/\/nabytoklaguna.sk\/sk\/wp-json\/wp\/v2\/product"}],"about":[{"href":"https:\/\/nabytoklaguna.sk\/sk\/wp-json\/wp\/v2\/types\/product"}],"replies":[{"embeddable":true,"href":"https:\/\/nabytoklaguna.sk\/sk\/wp-json\/wp\/v2\/comments?post=116740"}],"wp:featuredmedia":[{"embeddable":true,"href":"https:\/\/nabytoklaguna.sk\/sk\/wp-json\/wp\/v2\/media\/116745"}],"wp:attachment":[{"href":"https:\/\/nabytoklaguna.sk\/sk\/wp-json\/wp\/v2\/media?parent=116740"}],"wp:term":[{"taxonomy":"product_brand","embeddable":true,"href":"https:\/\/nabytoklaguna.sk\/sk\/wp-json\/wp\/v2\/product_brand?post=116740"},{"taxonomy":"product_cat","embeddable":true,"href":"https:\/\/nabytoklaguna.sk\/sk\/wp-json\/wp\/v2\/product_cat?post=116740"},{"taxonomy":"product_tag","embeddable":true,"href":"https:\/\/nabytoklaguna.sk\/sk\/wp-json\/wp\/v2\/product_tag?post=116740"}],"curies":[{"name":"wp","href":"https:\/\/api.w.org\/{rel}","templated":true}]}}

Herné a kancelárské kreslo KA-G408 RED

<p>Stretnutie dizajnu a sofistikované funkčnosti &#8211; to je toto herné a kancelárske kreslo.</p>
<p>Kvalitné čalúnenie sedadla aj operadla je zárukou pohodlného posedenie. Vyznačuje sa výrazným farebným kontrastom čiernej a červenej farby príjemného poťahu a tiež zaoblenými líniami.</p>
<p>Integrovaný vankúš podhlavníka s vyšívaným logom E-racer zapadá do celkovej koncepcie herného kresla a zaručuje pohodu pri dlhých herných večeroch</p>
<p>Kreslo je vybavené hojdacím mechanizmom. Sila hojdania sa reguluje plastovým skrutkou pod sedákom.</p>
<p>Výška sedenia sa upravuje páčkou na pravej strane cez kvalitný plynový piest.</p>
<p>Masívny čierny plastový kríž s šedými doplnkami je osadený plastovými kolieskami na koberec.</p>
<table>
<tbody>
<tr>
<td class="popis">Šírka (cm):</td>
<td>67 cm</td>
</tr>
<tr>
<td class="popis">Hĺbka (cm):</td>
<td>67 cm</td>
</tr>
<tr>
<td class="popis">Výška (cm):</td>
<td>121-129 cm</td>
</tr>
<tr>
<td>šírka sedu:</td>
<td>54 cm</td>
</tr>
<tr>
<td>hĺbka sedu:</td>
<td>49 cm</td>
</tr>
<tr>
<td>výška sedu:</td>
<td>43-51 cm</td>
</tr>
<tr>
<td>Materiál výplne:</td>
<td>PU pena</td>
</tr>
<tr>
<td>nosnosť:</td>
<td>130 kg</td>
</tr>
<tr>
<td>hmotnosť:</td>
<td>16 kg</td>
</tr>
<tr>
<td></td>
<td></td>
</tr>
</tbody>
</table>

<p>Stretnutie dizajnu a sofistikované funkčnosti &#8211; to je toto herné a kancelárske kreslo. Kvalitné čalúnenie sedadla aj operadla je zárukou pohodlného posedenie. Vyznačuje sa výrazným farebným kontrastom čiernej a červenej farby príjemného poťahu a tiež zaoblenými líniami. Integrovaný vankúš podhlavníka s vyšívaným logom E-racer zapadá do celkovej koncepcie herného kresla a zaručuje pohodu pri dlhých&#8230;</p>
