{"id":116838,"date":"2023-04-25T10:47:00","date_gmt":"2023-04-25T08:47:00","guid":{"rendered":"https:\/\/nabytoklaguna.sk\/sk\/?post_type=product&#038;p=116838"},"modified":"2025-02-24T14:35:33","modified_gmt":"2025-02-24T13:35:33","slug":"francuzske-kreslo-asb-025-bk-sil-grn-grey-crm-blue","status":"publish","type":"product","link":"https:\/\/nabytoklaguna.sk\/sk\/produkt\/francuzske-kreslo-asb-025-bk-sil-grn-grey-crm-blue\/","title":{"rendered":"Franc\u00fazsk\u00e9 kreslo ASB-025"},"content":{"rendered":"<p>Franc\u00fazske kreslo s v\u00fdrazn\u00fdmi dekorat\u00edvnymi v\u0165ahmi s gomb\u00edkmi na sed\u00e1ku a mas\u00edvnym \u010dal\u00fanen\u00edm a pln\u00fdmi zaoblen\u00fdmi tvarmi.<\/p>\n<p>Po\u0165ah je zo stredne hrubej \u010diernej l\u00e1tky. Kostra je z preglejky, v\u00fdpl\u0148 z kvalitnej PU peny.<\/p>\n<p>Nohy s\u00fa z mas\u00edvnej brezy v pr\u00edrodnom odtieni a lakovan\u00e9 transparentn\u00fdm lakom. Ukotven\u00e9 s\u00fa do spodnej \u010dasti kovov\u00fdmi \u010diernymi p\u00e4tkami, \u010do zvy\u0161uje ich pevnos\u0165. Riziko po\u0161kodenia podlahov\u00fdch kryt\u00edn je tu eliminovan\u00e9 plastov\u00fdmi klz\u00e1kmi na dotykovej ploche n\u00f4h.<\/p>\n<p>Kvalitu prevedenia a dizajn ocen\u00ed ur\u010dite ka\u017ed\u00fd majite\u013e. Kreslo je celo\u010dal\u00fanen\u00e9, mo\u017eno ho pou\u017ei\u0165 na klasick\u00e9 prisadenie k stene alebo umiestni\u0165 v strede miestnosti. V oboch pr\u00edpadoch bude neprehliadnute\u013en\u00fd a pohodln\u00fd solit\u00e9r.<\/p>\n<table class=\"table-data-sheet\">\n<tbody>\n<tr class=\"odd\">\n<td>H\u013abka<\/td>\n<td>80 cm<\/td>\n<\/tr>\n<tr class=\"even\">\n<td>\u0160\u00edrka<\/td>\n<td>59 cm<\/td>\n<\/tr>\n<tr class=\"odd\">\n<td>V\u00fd\u0161ka<\/td>\n<td>82 cm<\/td>\n<\/tr>\n<tr class=\"even\">\n<td>Vhodn\u00e1 miestnos\u0165<\/td>\n<td>ob\u00fdva\u010dka, spolo\u010densk\u00e1 miestnos\u0165, hotely, kaviarne<\/td>\n<\/tr>\n<tr class=\"odd\">\n<td>Typ n\u00e1bytku<\/td>\n<td>kreslo<\/td>\n<\/tr>\n<tr class=\"even\">\n<td>\u0160t\u00fdl n\u00e1bytku<\/td>\n<td>modern\u00fd<\/td>\n<\/tr>\n<tr class=\"odd\">\n<td>Z\u00e1ruka<\/td>\n<td>2 roky<\/td>\n<\/tr>\n<tr class=\"odd\">\n<td>Hmotnos\u0165<\/td>\n<td>17 kg<\/td>\n<\/tr>\n<tr class=\"even\">\n<td>V\u00fd\u0161ka sedu<\/td>\n<td>46 cm<\/td>\n<\/tr>\n<\/tbody>\n<\/table>\n","protected":false},"excerpt":{"rendered":"<p>Franc\u00fazske kreslo s v\u00fdrazn\u00fdmi dekorat\u00edvnymi v\u0165ahmi s gomb\u00edkmi na sed\u00e1ku a mas\u00edvnym \u010dal\u00fanen\u00edm a pln\u00fdmi zaoblen\u00fdmi tvarmi. Po\u0165ah je zo stredne hrubej \u010diernej l\u00e1tky. Kostra je z preglejky, v\u00fdpl\u0148 z kvalitnej PU peny. Nohy s\u00fa z mas\u00edvnej brezy v pr\u00edrodnom odtieni a lakovan\u00e9 transparentn\u00fdm lakom. Ukotven\u00e9 s\u00fa do spodnej \u010dasti kovov\u00fdmi \u010diernymi p\u00e4tkami, \u010do zvy\u0161uje&#8230;<\/p>\n","protected":false},"featured_media":116841,"comment_status":"closed","ping_status":"closed","template":"","meta":{"_seopress_robots_primary_cat":"none","_seopress_titles_title":"","_seopress_titles_desc":"","_seopress_robots_index":""},"product_brand":[],"product_cat":[140,231],"product_tag":[],"class_list":{"0":"post-116838","1":"product","2":"type-product","3":"status-publish","4":"has-post-thumbnail","6":"product_cat-sedacie-supravy","7":"product_cat-kresla","8":"pa_farba-blue","9":"pa_farba-crm","10":"pa_farba-grn","11":"pa_farba-sil","12":"pa_farba-bk","13":"pa_farba-grey","15":"first","16":"onbackorder","17":"shipping-taxable","18":"purchasable","19":"product-type-variable"},"_links":{"self":[{"href":"https:\/\/nabytoklaguna.sk\/sk\/wp-json\/wp\/v2\/product\/116838","targetHints":{"allow":["GET"]}}],"collection":[{"href":"https:\/\/nabytoklaguna.sk\/sk\/wp-json\/wp\/v2\/product"}],"about":[{"href":"https:\/\/nabytoklaguna.sk\/sk\/wp-json\/wp\/v2\/types\/product"}],"replies":[{"embeddable":true,"href":"https:\/\/nabytoklaguna.sk\/sk\/wp-json\/wp\/v2\/comments?post=116838"}],"wp:featuredmedia":[{"embeddable":true,"href":"https:\/\/nabytoklaguna.sk\/sk\/wp-json\/wp\/v2\/media\/116841"}],"wp:attachment":[{"href":"https:\/\/nabytoklaguna.sk\/sk\/wp-json\/wp\/v2\/media?parent=116838"}],"wp:term":[{"taxonomy":"product_brand","embeddable":true,"href":"https:\/\/nabytoklaguna.sk\/sk\/wp-json\/wp\/v2\/product_brand?post=116838"},{"taxonomy":"product_cat","embeddable":true,"href":"https:\/\/nabytoklaguna.sk\/sk\/wp-json\/wp\/v2\/product_cat?post=116838"},{"taxonomy":"product_tag","embeddable":true,"href":"https:\/\/nabytoklaguna.sk\/sk\/wp-json\/wp\/v2\/product_tag?post=116838"}],"curies":[{"name":"wp","href":"https:\/\/api.w.org\/{rel}","templated":true}]}}

Francúzské kreslo ASB-025

<p>Francúzske kreslo s výraznými dekoratívnymi vťahmi s gombíkmi na sedáku a masívnym čalúnením a plnými zaoblenými tvarmi.</p>
<p>Poťah je zo stredne hrubej čiernej látky. Kostra je z preglejky, výplň z kvalitnej PU peny.</p>
<p>Nohy sú z masívnej brezy v prírodnom odtieni a lakované transparentným lakom. Ukotvené sú do spodnej časti kovovými čiernymi pätkami, čo zvyšuje ich pevnosť. Riziko poškodenia podlahových krytín je tu eliminované plastovými klzákmi na dotykovej ploche nôh.</p>
<p>Kvalitu prevedenia a dizajn ocení určite každý majiteľ. Kreslo je celočalúnené, možno ho použiť na klasické prisadenie k stene alebo umiestniť v strede miestnosti. V oboch prípadoch bude neprehliadnuteľný a pohodlný solitér.</p>
<table class="table-data-sheet">
<tbody>
<tr class="odd">
<td>Hĺbka</td>
<td>80 cm</td>
</tr>
<tr class="even">
<td>Šírka</td>
<td>59 cm</td>
</tr>
<tr class="odd">
<td>Výška</td>
<td>82 cm</td>
</tr>
<tr class="even">
<td>Vhodná miestnosť</td>
<td>obývačka, spoločenská miestnosť, hotely, kaviarne</td>
</tr>
<tr class="odd">
<td>Typ nábytku</td>
<td>kreslo</td>
</tr>
<tr class="even">
<td>Štýl nábytku</td>
<td>moderný</td>
</tr>
<tr class="odd">
<td>Záruka</td>
<td>2 roky</td>
</tr>
<tr class="odd">
<td>Hmotnosť</td>
<td>17 kg</td>
</tr>
<tr class="even">
<td>Výška sedu</td>
<td>46 cm</td>
</tr>
</tbody>
</table>

<p>Francúzske kreslo s výraznými dekoratívnymi vťahmi s gombíkmi na sedáku a masívnym čalúnením a plnými zaoblenými tvarmi. Poťah je zo stredne hrubej čiernej látky. Kostra je z preglejky, výplň z kvalitnej PU peny. Nohy sú z masívnej brezy v prírodnom odtieni a lakované transparentným lakom. Ukotvené sú do spodnej časti kovovými čiernymi pätkami, čo zvyšuje&#8230;</p>
