{"id":116908,"date":"2023-04-27T15:29:51","date_gmt":"2023-04-27T13:29:51","guid":{"rendered":"https:\/\/nabytoklaguna.sk\/sk\/?post_type=product&#038;p=116908"},"modified":"2023-06-27T00:01:32","modified_gmt":"2023-06-26T22:01:32","slug":"dcl-424","status":"publish","type":"product","link":"https:\/\/nabytoklaguna.sk\/sk\/produkt\/dcl-424\/","title":{"rendered":"DCL &#8211; 424"},"content":{"rendered":"<p>Jed\u00e1lensk\u00e9 stoli\u010dky v dvoch farb\u00e1ch, v kr\u00e1snej cappuccino a sivej farbe, kovov\u00e1 chr\u00f3movan\u00e1 podno\u017e. Jed\u00e1lensk\u00e1 stoli\u010dka s vysok\u00fdm ergonomicky tvarovan\u00fdm operadlom.<\/p>\n<p>Modern\u00fd a elegantn\u00fd vzh\u013ead tejto stoli\u010dky pod\u010diarkuje kvalitn\u00e1 zamatov\u00e1 l\u00e1tka v trendy cappuccino a v sivom odtieni. V\u00fdrazov\u00fdm dizajnov\u00fdm prvkom tejto stoli\u010dky je dizajnovo tvarovan\u00fd a vysok\u00fd kompaktn\u00fd sed\u00e1k s operadlom. S\u00fa\u010das\u0165ou stoli\u010dky je aj chromovan\u00e1 podno\u017e ktor\u00e1 skvele dopl\u0148uje tvar.<\/p>\n<p>Stoli\u010dka je ve\u013emi pohodln\u00e1, vysok\u00e9 operadlo zais\u0165uje spr\u00e1vne dr\u017eanie tela a prispieva k maxim\u00e1lnemu komfortu sedenia.<\/p>\n<p>dod\u00e1van\u00e9 v demonte<\/p>\n<table>\n<tbody>\n<tr>\n<td class=\"popis\">\u0160\u00edrka (cm):<\/td>\n<td>43 cm<\/td>\n<\/tr>\n<tr>\n<td class=\"popis\">H\u013abka (cm):<\/td>\n<td>61 cm<\/td>\n<\/tr>\n<tr>\n<td class=\"popis\">V\u00fd\u0161ka (cm):<\/td>\n<td>108 cm<\/td>\n<\/tr>\n<tr>\n<td>v\u00fd\u0161ka sedu:<\/td>\n<td>48 cm<\/td>\n<\/tr>\n<tr>\n<td>Materi\u00e1l v\u00fdplne:<\/td>\n<td>PU pena<\/td>\n<\/tr>\n<tr>\n<td>nosnos\u0165:<\/td>\n<td>110 kg<\/td>\n<\/tr>\n<tr>\n<td>hmotnos\u0165:<\/td>\n<td>6 kg<\/td>\n<\/tr>\n<\/tbody>\n<\/table>\n","protected":false},"excerpt":{"rendered":"<p>Jed\u00e1lensk\u00e9 stoli\u010dky v dvoch farb\u00e1ch, v kr\u00e1snej cappuccino a sivej farbe, kovov\u00e1 chr\u00f3movan\u00e1 podno\u017e. Jed\u00e1lensk\u00e1 stoli\u010dka s vysok\u00fdm ergonomicky tvarovan\u00fdm operadlom. Modern\u00fd a elegantn\u00fd vzh\u013ead tejto stoli\u010dky pod\u010diarkuje kvalitn\u00e1 zamatov\u00e1 l\u00e1tka v trendy cappuccino a v sivom odtieni. V\u00fdrazov\u00fdm dizajnov\u00fdm prvkom tejto stoli\u010dky je dizajnovo tvarovan\u00fd a vysok\u00fd kompaktn\u00fd sed\u00e1k s operadlom. S\u00fa\u010das\u0165ou stoli\u010dky je&#8230;<\/p>\n","protected":false},"featured_media":116911,"comment_status":"closed","ping_status":"closed","template":"","meta":{"_seopress_robots_primary_cat":"none","_seopress_titles_title":"","_seopress_titles_desc":"","_seopress_robots_index":""},"product_brand":[],"product_cat":[239,237],"product_tag":[],"class_list":{"0":"post-116908","1":"product","2":"type-product","3":"status-publish","4":"has-post-thumbnail","6":"product_cat-kovove-stolicky","7":"product_cat-stolicky","8":"pa_farba-dcl-424-cap4","9":"pa_farba-dcl-424-grey4","11":"first","12":"onbackorder","13":"shipping-taxable","14":"purchasable","15":"product-type-variable"},"_links":{"self":[{"href":"https:\/\/nabytoklaguna.sk\/sk\/wp-json\/wp\/v2\/product\/116908","targetHints":{"allow":["GET"]}}],"collection":[{"href":"https:\/\/nabytoklaguna.sk\/sk\/wp-json\/wp\/v2\/product"}],"about":[{"href":"https:\/\/nabytoklaguna.sk\/sk\/wp-json\/wp\/v2\/types\/product"}],"replies":[{"embeddable":true,"href":"https:\/\/nabytoklaguna.sk\/sk\/wp-json\/wp\/v2\/comments?post=116908"}],"wp:featuredmedia":[{"embeddable":true,"href":"https:\/\/nabytoklaguna.sk\/sk\/wp-json\/wp\/v2\/media\/116911"}],"wp:attachment":[{"href":"https:\/\/nabytoklaguna.sk\/sk\/wp-json\/wp\/v2\/media?parent=116908"}],"wp:term":[{"taxonomy":"product_brand","embeddable":true,"href":"https:\/\/nabytoklaguna.sk\/sk\/wp-json\/wp\/v2\/product_brand?post=116908"},{"taxonomy":"product_cat","embeddable":true,"href":"https:\/\/nabytoklaguna.sk\/sk\/wp-json\/wp\/v2\/product_cat?post=116908"},{"taxonomy":"product_tag","embeddable":true,"href":"https:\/\/nabytoklaguna.sk\/sk\/wp-json\/wp\/v2\/product_tag?post=116908"}],"curies":[{"name":"wp","href":"https:\/\/api.w.org\/{rel}","templated":true}]}}

<p>Jedálenské stoličky v dvoch farbách, v krásnej cappuccino a sivej farbe, kovová chrómovaná podnož. Jedálenská stolička s vysokým ergonomicky tvarovaným operadlom.</p>
<p>Moderný a elegantný vzhľad tejto stoličky podčiarkuje kvalitná zamatová látka v trendy cappuccino a v sivom odtieni. Výrazovým dizajnovým prvkom tejto stoličky je dizajnovo tvarovaný a vysoký kompaktný sedák s operadlom. Súčasťou stoličky je aj chromovaná podnož ktorá skvele doplňuje tvar.</p>
<p>Stolička je veľmi pohodlná, vysoké operadlo zaisťuje správne držanie tela a prispieva k maximálnemu komfortu sedenia.</p>
<p>dodávané v demonte</p>
<table>
<tbody>
<tr>
<td class="popis">Šírka (cm):</td>
<td>43 cm</td>
</tr>
<tr>
<td class="popis">Hĺbka (cm):</td>
<td>61 cm</td>
</tr>
<tr>
<td class="popis">Výška (cm):</td>
<td>108 cm</td>
</tr>
<tr>
<td>výška sedu:</td>
<td>48 cm</td>
</tr>
<tr>
<td>Materiál výplne:</td>
<td>PU pena</td>
</tr>
<tr>
<td>nosnosť:</td>
<td>110 kg</td>
</tr>
<tr>
<td>hmotnosť:</td>
<td>6 kg</td>
</tr>
</tbody>
</table>

<p>Jedálenské stoličky v dvoch farbách, v krásnej cappuccino a sivej farbe, kovová chrómovaná podnož. Jedálenská stolička s vysokým ergonomicky tvarovaným operadlom. Moderný a elegantný vzhľad tejto stoličky podčiarkuje kvalitná zamatová látka v trendy cappuccino a v sivom odtieni. Výrazovým dizajnovým prvkom tejto stoličky je dizajnovo tvarovaný a vysoký kompaktný sedák s operadlom. Súčasťou stoličky je&#8230;</p>
