{"id":117087,"date":"2023-05-04T11:00:27","date_gmt":"2023-05-04T09:00:27","guid":{"rendered":"https:\/\/nabytoklaguna.sk\/sk\/?post_type=product&#038;p=117087"},"modified":"2026-04-16T16:47:36","modified_gmt":"2026-04-16T14:47:36","slug":"kreslo-ak-321-lan2","status":"publish","type":"product","link":"https:\/\/nabytoklaguna.sk\/sk\/produkt\/kreslo-ak-321-lan2\/","title":{"rendered":"AK-321 LAN"},"content":{"rendered":"<p>Kreslo v \u0161kandin\u00e1vskom \u0161t\u00fdle s kubistick\u00fdm prvkami. Charakteristick\u00fdmi prvkami tohto kresla je v\u00fdrazn\u00e9 \u0161tvorcov\u00e9 pre\u0161itie sedadla i operadla, mas\u00edvny sedac\u00ed korpus s ostr\u00fdmi l\u00edniami v kontraste s vysok\u00fdmi \u0161t\u00edhlymi nohami.Kreslo je celo\u010dal\u00fanen\u00e9, vr\u00e1tane chrbta. Mo\u017eno ho pou\u017ei\u0165 ako k prisaden\u00e9 k stene, tak aj v strede miestnosti. Svoje uplatnenie n\u00e1jde v chodbe, hale, ob\u00fdva\u010dke aj sp\u00e1lni. Po\u0165ah je z l\u00e1tky v lan\u00fd\u017eovom odtieni, kostra z mas\u00edvneho dreva, vyplnen\u00e9 je kvalitnou PU penou. Sed\u00e1ky s\u00fa e\u0161te spevnen\u00e9 elastick\u00fdmi popruhmi pre zv\u00fd\u0161enie komfortu pohodlia. \u0160t\u00edhle k\u00f3nick\u00e9 nohy s\u00fa z mas\u00edvneho kau\u010dukovn\u00edka v pr\u00edrodnom odtieni a lakovan\u00e9 transparentn\u00fdm lakom. Po\u0161kodenie podlahov\u00fdch kryt\u00edn je eliminovan\u00e9 plastov\u00fdmi klz\u00e1kmi, pri zadn\u00fdch noh\u00e1ch s\u00fa rektifikovate\u013en\u00e9 (v\u00fd\u0161kovo nastavite\u013en\u00e9).<\/p>\n<table>\n<tbody>\n<tr>\n<td class=\"popis\">\u0160\u00edrka (cm):<\/td>\n<td>84 cm<\/td>\n<\/tr>\n<tr>\n<td class=\"popis\">H\u013abka (cm):<\/td>\n<td>73 cm<\/td>\n<\/tr>\n<tr>\n<td class=\"popis\">V\u00fd\u0161ka (cm):<\/td>\n<td>76 cm<\/td>\n<\/tr>\n<tr>\n<td class=\"popis\">V\u00fd\u0161ka sedu:<\/td>\n<td>43 cm<\/td>\n<\/tr>\n<tr>\n<td>\u0161\u00edrka sedu:<\/td>\n<td>48 cm<\/td>\n<\/tr>\n<tr>\n<td>h\u013abka sedu:<\/td>\n<td>48 cm<\/td>\n<\/tr>\n<tr>\n<td>nosnos\u0165:<\/td>\n<td>130 kg<\/td>\n<\/tr>\n<tr>\n<td>hmotnos\u0165:<\/td>\n<td>12 kg<\/td>\n<\/tr>\n<\/tbody>\n<\/table>\n","protected":false},"excerpt":{"rendered":"<p>Kreslo v \u0161kandin\u00e1vskom \u0161t\u00fdle s kubistick\u00fdm prvkami. Charakteristick\u00fdmi prvkami tohto kresla je v\u00fdrazn\u00e9 \u0161tvorcov\u00e9 pre\u0161itie sedadla i operadla, mas\u00edvny sedac\u00ed korpus s ostr\u00fdmi l\u00edniami v kontraste s vysok\u00fdmi \u0161t\u00edhlymi nohami.Kreslo je celo\u010dal\u00fanen\u00e9, vr\u00e1tane chrbta. Mo\u017eno ho pou\u017ei\u0165 ako k prisaden\u00e9 k stene, tak aj v strede miestnosti. Svoje uplatnenie n\u00e1jde v chodbe, hale, ob\u00fdva\u010dke aj&#8230;<\/p>\n","protected":false},"featured_media":117086,"comment_status":"closed","ping_status":"closed","template":"","meta":{"_seopress_robots_primary_cat":"none","_seopress_titles_title":"","_seopress_titles_desc":"","_seopress_robots_index":""},"product_brand":[],"product_cat":[140,231],"product_tag":[],"class_list":{"0":"post-117087","1":"product","2":"type-product","3":"status-publish","4":"has-post-thumbnail","6":"product_cat-sedacie-supravy","7":"product_cat-kresla","9":"first","10":"instock","11":"shipping-taxable","12":"purchasable","13":"product-type-simple"},"_links":{"self":[{"href":"https:\/\/nabytoklaguna.sk\/sk\/wp-json\/wp\/v2\/product\/117087","targetHints":{"allow":["GET"]}}],"collection":[{"href":"https:\/\/nabytoklaguna.sk\/sk\/wp-json\/wp\/v2\/product"}],"about":[{"href":"https:\/\/nabytoklaguna.sk\/sk\/wp-json\/wp\/v2\/types\/product"}],"replies":[{"embeddable":true,"href":"https:\/\/nabytoklaguna.sk\/sk\/wp-json\/wp\/v2\/comments?post=117087"}],"wp:featuredmedia":[{"embeddable":true,"href":"https:\/\/nabytoklaguna.sk\/sk\/wp-json\/wp\/v2\/media\/117086"}],"wp:attachment":[{"href":"https:\/\/nabytoklaguna.sk\/sk\/wp-json\/wp\/v2\/media?parent=117087"}],"wp:term":[{"taxonomy":"product_brand","embeddable":true,"href":"https:\/\/nabytoklaguna.sk\/sk\/wp-json\/wp\/v2\/product_brand?post=117087"},{"taxonomy":"product_cat","embeddable":true,"href":"https:\/\/nabytoklaguna.sk\/sk\/wp-json\/wp\/v2\/product_cat?post=117087"},{"taxonomy":"product_tag","embeddable":true,"href":"https:\/\/nabytoklaguna.sk\/sk\/wp-json\/wp\/v2\/product_tag?post=117087"}],"curies":[{"name":"wp","href":"https:\/\/api.w.org\/{rel}","templated":true}]}}

<p>Kreslo v škandinávskom štýle s kubistickým prvkami. Charakteristickými prvkami tohto kresla je výrazné štvorcové prešitie sedadla i operadla, masívny sedací korpus s ostrými líniami v kontraste s vysokými štíhlymi nohami.Kreslo je celočalúnené, vrátane chrbta. Možno ho použiť ako k prisadené k stene, tak aj v strede miestnosti. Svoje uplatnenie nájde v chodbe, hale, obývačke aj spálni. Poťah je z látky v lanýžovom odtieni, kostra z masívneho dreva, vyplnené je kvalitnou PU penou. Sedáky sú ešte spevnené elastickými popruhmi pre zvýšenie komfortu pohodlia. Štíhle kónické nohy sú z masívneho kaučukovníka v prírodnom odtieni a lakované transparentným lakom. Poškodenie podlahových krytín je eliminované plastovými klzákmi, pri zadných nohách sú rektifikovateľné (výškovo nastaviteľné).</p>
<table>
<tbody>
<tr>
<td class="popis">Šírka (cm):</td>
<td>84 cm</td>
</tr>
<tr>
<td class="popis">Hĺbka (cm):</td>
<td>73 cm</td>
</tr>
<tr>
<td class="popis">Výška (cm):</td>
<td>76 cm</td>
</tr>
<tr>
<td class="popis">Výška sedu:</td>
<td>43 cm</td>
</tr>
<tr>
<td>šírka sedu:</td>
<td>48 cm</td>
</tr>
<tr>
<td>hĺbka sedu:</td>
<td>48 cm</td>
</tr>
<tr>
<td>nosnosť:</td>
<td>130 kg</td>
</tr>
<tr>
<td>hmotnosť:</td>
<td>12 kg</td>
</tr>
</tbody>
</table>

<p>Kreslo v škandinávskom štýle s kubistickým prvkami. Charakteristickými prvkami tohto kresla je výrazné štvorcové prešitie sedadla i operadla, masívny sedací korpus s ostrými líniami v kontraste s vysokými štíhlymi nohami.Kreslo je celočalúnené, vrátane chrbta. Možno ho použiť ako k prisadené k stene, tak aj v strede miestnosti. Svoje uplatnenie nájde v chodbe, hale, obývačke aj&#8230;</p>
