{"id":11795,"date":"2021-02-22T16:54:36","date_gmt":"2021-02-22T15:54:36","guid":{"rendered":"http:\/\/nabytoklaguna.sk\/sk\/?post_type=product&#038;p=11795"},"modified":"2023-02-21T12:22:40","modified_gmt":"2023-02-21T11:22:40","slug":"rea-misty-90x200","status":"publish","type":"product","link":"https:\/\/nabytoklaguna.sk\/sk\/produkt\/rea-misty-90x200\/","title":{"rendered":"DREVONA REA MISTY 90X200"},"content":{"rendered":"<p>Jednol\u00f4\u017eko s \u00falo\u017en\u00fdm priestorom. V\u010faka rozmerom sa na nej pohodlne vysp\u00ed aj dospel\u00fd \u010dlovek. Kvalitne vypracovan\u00fd slovensk\u00fd v\u00fdrobok s mo\u017enos\u0165ou v\u00fdberu farebn\u00e9ho prevedenia pod\u013ea ponuky. ABS hrany, DTD laminovan\u00e1 o hr\u00fabke 25 mm. Poste\u013e je dod\u00e1van\u00e1\u00a0 s ro\u0161tom zdarma.<\/p>\n<p>Rozmery: \u0161xvxd: 95&#215;43,5&#215;205 cm.<\/p>\n<p>Spanie: 90&#215;200 cm.<\/p>\n<p>Praktick\u00e1 poste\u013e s\u00a0 \u00falo\u017en\u00fdm priestorom v podobe dvoch z\u00e1suviek s kolieskami, mimoriadne vhodn\u00e1 do detskej alebo \u0161tudentskej izby. V\u010faka rozmerom sa na nej pohodlne vysp\u00ed aj dospel\u00fd \u010dlovek.\u00a0 Mas\u00edvny smrekov\u00fd rolovac\u00ed ro\u0161t\u00a0 Mo\u017enos\u0165 v\u00fdberu z viacer\u00fdch farebn\u00fdch verzi\u00ed.<\/p>\n<table style=\"width: 100%;height: 286px\">\n<tbody>\n<tr class=\"odd\" style=\"height: 98px\">\n<th style=\"height: 98px;width: 17.2839%\">Materi\u00e1l<\/th>\n<td style=\"height: 98px;width: 82.5397%\">\n<ul>\n<li>nosn\u00e9 \u010dasti: DTD laminovan\u00e1 doska hr\u00fabky 25 mm, 2 mm ABS hrany<\/li>\n<li>ostatn\u00e9 \u010dasti: DTD laminovan\u00e1 doska hr\u00fabky 16 mm, 0,5 mm ABS hrany<\/li>\n<\/ul>\n<\/td>\n<\/tr>\n<tr style=\"height: 218px\">\n<th style=\"height: 29px;width: 17.2839%\">Rozmery<\/p>\n<p>\u0161 x h x v<\/th>\n<td style=\"height: 29px;width: 82.5397%\">\n<ul>\n<li>rozmery korpusu: 95 x 205 x 46,5 cm, plocha na spanie: 90 x 200 cm<\/li>\n<li>zapustenie matraca od hornej hrany korpusu je 5 cm<\/li>\n<li>v\u00fd\u0161ka od zeme po spodn\u00fa hranu ro\u0161tu je 36,5cm<\/li>\n<\/ul>\n<\/td>\n<\/tr>\n<tr class=\"odd\" style=\"height: 50px\">\n<th style=\"height: 50px;width: 17.2839%\">Typ<\/th>\n<td style=\"height: 50px;width: 82.5397%\">\u00a0s \u00falo\u017en\u00fdm priestorom ( 2 x z\u00e1suvka)<\/td>\n<\/tr>\n<tr style=\"height: 122px\">\n<th style=\"height: 50px;width: 17.2839%\">Farba<\/th>\n<td style=\"height: 50px;width: 82.5397%\">\n<ul>\n<li>korpus: biela, dub bardolino, dub canyon,\u00a0 lancelot, orech rockpile, navarra, buk, wenge, graphite<\/li>\n<\/ul>\n<\/td>\n<\/tr>\n<tr class=\"odd\" style=\"height: 49px\">\n<th style=\"height: 10px;width: 17.2839%\">Ro\u0161t<\/th>\n<td style=\"height: 10px;width: 82.5397%\">mas\u00edvny smrekov\u00fd rolovac\u00ed<\/p>\n<p>&nbsp;<\/td>\n<\/tr>\n<tr style=\"height: 49px\">\n<th style=\"width: 17.2839%;height: 49px\">Dod\u00e1van\u00e9<\/th>\n<td style=\"width: 82.5397%;height: 49px\">v demonte<\/td>\n<\/tr>\n<\/tbody>\n<\/table>\n<table border=\"0\" cellspacing=\"1\" cellpadding=\"1\">\n<tbody>\n<tr>\n<td style=\"width: 40.1417%\"><img loading=\"lazy\" decoding=\"async\" class=\"\" src=\"https:\/\/i2.wp.com\/nabytoklaguna.sk\/sk\/wp-content\/uploads\/2021\/01\/matrac-LENNA.jpg?resize=252%2C252&amp;ssl=1\" width=\"259\" height=\"259\" \/><\/td>\n<td style=\"width: 59.6222%\"><u><strong>Matrac LENNA:<\/strong><\/u><\/p>\n<p>Kvalitn\u00fd 5-z\u00f3nov\u00fd profilovan\u00fd matrac Lenna je z\u00e1stupcom matracov bez pou\u017eitia lepidiel. \u0160peci\u00e1lne jadro tvoria dva d\u00f4myselne rezan\u00e9 diely z kvalitn\u00fdch polyuret\u00e1nov\u00fdch Sleepfoam pien. Pri sp\u00e1nku umo\u017e\u0148uje tento matrac bez lepidiel pohyb pien v\u010faka vo\u013en\u00e9mu ulo\u017eeniu a t\u00fdm vyhovuje individu\u00e1lnym potreb\u00e1m u\u017e\u00edvate\u013ea. V\u010faka rozdielnym objemov\u00fdm hmotnostiam Sleepfoam pien tento matrac poskytuje tvrd\u0161iu a m\u00e4k\u0161iu stranu. Matrac je ur\u010den\u00fd pre v\u00e1hov\u00fa kateg\u00f3riu do 100 kg. Celkov\u00e1 v\u00fd\u0161ka matraca je 17 cm. Po\u0165ah je z kvalitn\u00e9ho \u00fapletu, z\u00f3novo pre\u0161it\u00fd, delite\u013en\u00fd a na jeho v\u00fdrobu je pou\u017eit\u00e9 r\u00fano vysokej gram\u00e1\u017ee. Po\u0165ah je prate\u013en\u00fd na 60 \u00baC.<\/td>\n<\/tr>\n<tr>\n<td style=\"width: 40.1417%\">&nbsp;<\/p>\n<p><img loading=\"lazy\" decoding=\"async\" class=\"\" src=\"https:\/\/i1.wp.com\/nabytoklaguna.sk\/sk\/wp-content\/uploads\/2021\/01\/matrac-VENDY.jpg?resize=258%2C258&amp;ssl=1\" width=\"259\" height=\"259\" \/><\/td>\n<td style=\"width: 59.6222%\"><strong><u>Matrac VENDY:<\/u><\/strong><\/p>\n<p>Luxusn\u00fd matrac tvor\u00ed z oboch str\u00e1n a\u017e 9 cm vysok\u00e1 vrstva polyuret\u00e1novej peny. Ru\u017eov\u00e1 (m\u00e4kk\u0161ia) pena je gram\u00e1\u017ee 25 kg \/ m3 a zelen\u00e1 ( tvrd\u0161ia ) a\u017e 28 kg \/ m3. V\u00fdrazn\u00e9 profilovanie povrchu oboch pien zabezpe\u010d\u00ed spr\u00e1vny a z\u00e1rove\u0148 ve\u013emi kvalitn\u00fd sp\u00e1nkov\u00fd komfort, v\u010faka ktor\u00e9mu je zaru\u010den\u00e9 od\u013eah\u010denie exponovan\u00fdch miest na tele. T\u00fdm sa zrete\u013ene zlep\u0161uje prekrvenie poko\u017eky a uvo\u013enenie svalov. Pre dosiahnutie nosnosti 130 kg je matrac spevnen\u00fd 4 cm vrstvou RE peny. Celkov\u00e1 v\u00fd\u0161ka vr\u00e1tane po\u0165ahu ALOE VERA je 23 cm. Po\u0165ah je z ALOE VERA. Po\u0165ah je prate\u013en\u00fd na 60 \u00baC.<\/td>\n<\/tr>\n<\/tbody>\n<\/table>\n<p>&nbsp;<\/p>\n","protected":false},"excerpt":{"rendered":"<p><img loading=\"lazy\" decoding=\"async\" class=\"alignnone size-full wp-image-11719\" src=\"http:\/\/nabytoklaguna.sk\/sk\/wp-content\/uploads\/2017\/03\/slovensk\u00fd-znak-11.png\" alt=\"\" width=\"126\" height=\"126\" srcset=\"https:\/\/nabytoklaguna.sk\/sk\/wp-content\/uploads\/2017\/03\/slovensk\u00fd-znak-11.png 126w, https:\/\/nabytoklaguna.sk\/sk\/wp-content\/uploads\/2017\/03\/slovensk\u00fd-znak-11-100x100.png 100w\" sizes=\"auto, (max-width: 126px) 100vw, 126px\" \/><\/p>\n","protected":false},"featured_media":11796,"comment_status":"closed","ping_status":"closed","template":"","meta":{"_seopress_robots_primary_cat":"234","_seopress_titles_title":"","_seopress_titles_desc":"","_seopress_robots_index":""},"product_brand":[],"product_cat":[234],"product_tag":[],"class_list":{"0":"post-11795","1":"product","2":"type-product","3":"status-publish","4":"has-post-thumbnail","6":"product_cat-detske-postele","7":"pa_farba-biela","8":"pa_farba-buk","9":"pa_farba-dub-bardolino","10":"pa_farba-dub-canyon","11":"pa_farba-graphite","12":"pa_farba-lancelot","13":"pa_farba-navarra","14":"pa_farba-orech-rockpile","15":"pa_farba-venge","16":"pa_typ-produktu-s-matracom-lenna","17":"pa_typ-produktu-s-matracom-vendy","18":"pa_typ-produktu-s-rostom-bez-matraca-2","20":"first","21":"onbackorder","22":"shipping-taxable","23":"purchasable","24":"product-type-variable"},"_links":{"self":[{"href":"https:\/\/nabytoklaguna.sk\/sk\/wp-json\/wp\/v2\/product\/11795","targetHints":{"allow":["GET"]}}],"collection":[{"href":"https:\/\/nabytoklaguna.sk\/sk\/wp-json\/wp\/v2\/product"}],"about":[{"href":"https:\/\/nabytoklaguna.sk\/sk\/wp-json\/wp\/v2\/types\/product"}],"replies":[{"embeddable":true,"href":"https:\/\/nabytoklaguna.sk\/sk\/wp-json\/wp\/v2\/comments?post=11795"}],"wp:featuredmedia":[{"embeddable":true,"href":"https:\/\/nabytoklaguna.sk\/sk\/wp-json\/wp\/v2\/media\/11796"}],"wp:attachment":[{"href":"https:\/\/nabytoklaguna.sk\/sk\/wp-json\/wp\/v2\/media?parent=11795"}],"wp:term":[{"taxonomy":"product_brand","embeddable":true,"href":"https:\/\/nabytoklaguna.sk\/sk\/wp-json\/wp\/v2\/product_brand?post=11795"},{"taxonomy":"product_cat","embeddable":true,"href":"https:\/\/nabytoklaguna.sk\/sk\/wp-json\/wp\/v2\/product_cat?post=11795"},{"taxonomy":"product_tag","embeddable":true,"href":"https:\/\/nabytoklaguna.sk\/sk\/wp-json\/wp\/v2\/product_tag?post=11795"}],"curies":[{"name":"wp","href":"https:\/\/api.w.org\/{rel}","templated":true}]}}

<p>Jednolôžko s úložným priestorom. Vďaka rozmerom sa na nej pohodlne vyspí aj dospelý človek. Kvalitne vypracovaný slovenský výrobok s možnosťou výberu farebného prevedenia podľa ponuky. ABS hrany, DTD laminovaná o hrúbke 25 mm. Posteľ je dodávaná  s roštom zdarma.</p>
<p>Rozmery: šxvxd: 95&#215;43,5&#215;205 cm.</p>
<p>Spanie: 90&#215;200 cm.</p>
<p>Praktická posteľ s  úložným priestorom v podobe dvoch zásuviek s kolieskami, mimoriadne vhodná do detskej alebo študentskej izby. Vďaka rozmerom sa na nej pohodlne vyspí aj dospelý človek.  Masívny smrekový rolovací rošt  Možnosť výberu z viacerých farebných verzií.</p>
<table style="width: 100%;height: 286px">
<tbody>
<tr class="odd" style="height: 98px">
<th style="height: 98px;width: 17.2839%">Materiál</th>
<td style="height: 98px;width: 82.5397%">
<ul>
<li>nosné časti: DTD laminovaná doska hrúbky 25 mm, 2 mm ABS hrany</li>
<li>ostatné časti: DTD laminovaná doska hrúbky 16 mm, 0,5 mm ABS hrany</li>
</ul>
</td>
</tr>
<tr style="height: 218px">
<th style="height: 29px;width: 17.2839%">Rozmery</p>
<p>š x h x v</th>
<td style="height: 29px;width: 82.5397%">
<ul>
<li>rozmery korpusu: 95 x 205 x 46,5 cm, plocha na spanie: 90 x 200 cm</li>
<li>zapustenie matraca od hornej hrany korpusu je 5 cm</li>
<li>výška od zeme po spodnú hranu roštu je 36,5cm</li>
</ul>
</td>
</tr>
<tr class="odd" style="height: 50px">
<th style="height: 50px;width: 17.2839%">Typ</th>
<td style="height: 50px;width: 82.5397%"> s úložným priestorom ( 2 x zásuvka)</td>
</tr>
<tr style="height: 122px">
<th style="height: 50px;width: 17.2839%">Farba</th>
<td style="height: 50px;width: 82.5397%">
<ul>
<li>korpus: biela, dub bardolino, dub canyon,  lancelot, orech rockpile, navarra, buk, wenge, graphite</li>
</ul>
</td>
</tr>
<tr class="odd" style="height: 49px">
<th style="height: 10px;width: 17.2839%">Rošt</th>
<td style="height: 10px;width: 82.5397%">masívny smrekový rolovací</p>
<p>&nbsp;</td>
</tr>
<tr style="height: 49px">
<th style="width: 17.2839%;height: 49px">Dodávané</th>
<td style="width: 82.5397%;height: 49px">v demonte</td>
</tr>
</tbody>
</table>
<table border="0" cellspacing="1" cellpadding="1">
<tbody>
<tr>
<td style="width: 40.1417%"><img loading="lazy" decoding="async" class="" src="https://i2.wp.com/nabytoklaguna.sk/sk/wp-content/uploads/2021/01/matrac-LENNA.jpg?resize=252%2C252&amp;ssl=1" width="259" height="259" /></td>
<td style="width: 59.6222%"><u><strong>Matrac LENNA:</strong></u></p>
<p>Kvalitný 5-zónový profilovaný matrac Lenna je zástupcom matracov bez použitia lepidiel. Špeciálne jadro tvoria dva dômyselne rezané diely z kvalitných polyuretánových Sleepfoam pien. Pri spánku umožňuje tento matrac bez lepidiel pohyb pien vďaka voľnému uloženiu a tým vyhovuje individuálnym potrebám užívateľa. Vďaka rozdielnym objemovým hmotnostiam Sleepfoam pien tento matrac poskytuje tvrdšiu a mäkšiu stranu. Matrac je určený pre váhovú kategóriu do 100 kg. Celková výška matraca je 17 cm. Poťah je z kvalitného úpletu, zónovo prešitý, deliteľný a na jeho výrobu je použité rúno vysokej gramáže. Poťah je prateľný na 60 ºC.</td>
</tr>
<tr>
<td style="width: 40.1417%">&nbsp;</p>
<p><img loading="lazy" decoding="async" class="" src="https://i1.wp.com/nabytoklaguna.sk/sk/wp-content/uploads/2021/01/matrac-VENDY.jpg?resize=258%2C258&amp;ssl=1" width="259" height="259" /></td>
<td style="width: 59.6222%"><strong><u>Matrac VENDY:</u></strong></p>
<p>Luxusný matrac tvorí z oboch strán až 9 cm vysoká vrstva polyuretánovej peny. Ružová (mäkkšia) pena je gramáže 25 kg / m3 a zelená ( tvrdšia ) až 28 kg / m3. Výrazné profilovanie povrchu oboch pien zabezpečí správny a zároveň veľmi kvalitný spánkový komfort, vďaka ktorému je zaručené odľahčenie exponovaných miest na tele. Tým sa zreteľne zlepšuje prekrvenie pokožky a uvoľnenie svalov. Pre dosiahnutie nosnosti 130 kg je matrac spevnený 4 cm vrstvou RE peny. Celková výška vrátane poťahu ALOE VERA je 23 cm. Poťah je z ALOE VERA. Poťah je prateľný na 60 ºC.</td>
</tr>
</tbody>
</table>
<p>&nbsp;</p>

<p><img loading="lazy" decoding="async" class="alignnone size-full wp-image-11719" src="http://nabytoklaguna.sk/sk/wp-content/uploads/2017/03/slovenský-znak-11.png" alt="" width="126" height="126" srcset="https://nabytoklaguna.sk/sk/wp-content/uploads/2017/03/slovenský-znak-11.png 126w, https://nabytoklaguna.sk/sk/wp-content/uploads/2017/03/slovenský-znak-11-100x100.png 100w" sizes="auto, (max-width: 126px) 100vw, 126px" /></p>
