{"id":118868,"date":"2023-07-15T10:06:08","date_gmt":"2023-07-15T08:06:08","guid":{"rendered":"https:\/\/nabytoklaguna.sk\/sk\/?post_type=product&#038;p=118868"},"modified":"2023-10-03T15:45:16","modified_gmt":"2023-10-03T13:45:16","slug":"ner-agis-obyvacia-stena","status":"publish","type":"product","link":"https:\/\/nabytoklaguna.sk\/sk\/produkt\/ner-agis-obyvacia-stena\/","title":{"rendered":"NER AGIS &#8211; ob\u00fdvacia stena"},"content":{"rendered":"<p>Predstavujeme V\u00e1m novinku na trhu ktorou je<strong> sektorov\u00fd n\u00e1bytok NER AGIS<\/strong>. Tento kvalitn\u00fd sektorov\u00fd syst\u00e9m je vyr\u00e1ban\u00fd v <strong>klasickom \u0161t\u00fdle<\/strong> a m\u00e1<strong> jednoduch\u00fd ale modern\u00fd dizajn<\/strong>.\u00a0 <strong>NER AGIS<\/strong> je vhodn\u00fd do malej \u010di ve\u013ekej <strong>ob\u00fdvacej izby<\/strong>. Tento sektorov\u00fd n\u00e1bytok sa sklad\u00e1 z viacer\u00fdch funk\u010dn\u00fdch jednotliv\u00fdch prvkov, ktor\u00e9 je mo\u017en\u00e9 rozmiestni\u0165 po izbe pod\u013ea vlastnej fant\u00e1zie. Kr\u00e1sne farebn\u00e9 prevedenie v<strong> dekore dub castello + \u010dierny mat<\/strong> zaujme u\u017e na prv\u00fd poh\u013ead. N\u00e1bytok je z\u00e1rove\u0148 vyr\u00e1ban\u00fd<strong> z kvalitn\u00fdch materi\u00e1lov<\/strong> &#8211; laminovan\u00e1 DTD a ABS hrany s\u00fa doplnen\u00e9 \u010diernymi kovov\u00fdmi no\u017ei\u010dkami a dizajnov\u00fdmi \u00fachytkami z \u010dierneho plastu. <strong>LED osvetlenie<\/strong> vitr\u00edn dod\u00e1va n\u00e1bytku n\u00e1dych luxusu a<strong> je u\u017e zahrnut\u00e9 v cene.<\/strong> Ve\u013ekou v\u00fdhodou s\u00fa <strong>dvierka s tich\u00fdm uzatv\u00e1ran\u00edm a z\u00e1suvky s plnov\u00fdsuvom. <\/strong>N\u00e1bytok je dod\u00e1van\u00fd v demonte.<\/p>\n<p>&nbsp;<\/p>\n<p><strong>NER AGIS &#8211; ob\u00fdvacia stena pozost\u00e1va z<\/strong>:<\/p>\n<ul>\n<li><strong>Vitr\u00edna Agis 02 :<\/strong> Rozmery: (\u0161\/h\/v)(cm) 55\/40\/200<\/li>\n<li><strong>Vitr\u00edna Agis 03 :<\/strong> Rozmery: (\u0161\/h\/v)(cm) 90\/40\/160<\/li>\n<li><strong>RTV skrinka Agis 06 : <\/strong>Rozmery: (\u0161\/h\/v)(cm) 160\/40\/55<\/li>\n<li><strong>Z\u00e1vesn\u00e1 polica Agis 08 :<\/strong> Rozmery: (\u0161\/h\/v)(cm) 110\/21\/24<\/li>\n<\/ul>\n<p>&nbsp;<\/p>\n<p><strong>mo\u017enos\u0165 dok\u00fapi\u0165 \u010fal\u0161ie komponenty z sektorov\u00fd n\u00e1bytok NER AGIS:<\/strong><\/p>\n<ul>\n<li><strong>Skri\u0148a Agis 01<\/strong> : Rozmery: (\u0161\/h\/v)(cm) 90\/55\/200<\/li>\n<li><strong>Vitr\u00edna Agis 02 :<\/strong> Rozmery: (\u0161\/h\/v)(cm) 55\/40\/200<\/li>\n<li><strong>Vitr\u00edna Agis 03 :<\/strong> Rozmery: (\u0161\/h\/v)(cm) 90\/40\/160<\/li>\n<li><strong>Komoda Agis 04<\/strong> : Rozmery: (\u0161\/h\/v)(cm) 160\/40\/85<\/li>\n<li><strong>Komoda Agis 05 :<\/strong> Rozmery: (\u0161\/h\/v)(cm) 120\/40\/85<\/li>\n<li><strong>RTV skrinka Agis 06 : <\/strong>Rozmery: (\u0161\/h\/v)(cm) 160\/40\/55<\/li>\n<li><strong>Konferen\u010dn\u00fd stol\u00edk Agis 07 : <\/strong>Rozmery: (\u0161\/h\/v)(cm) 100\/60\/48<\/li>\n<li><strong>Z\u00e1vesn\u00e1 polica Agis 08 :<\/strong> Rozmery: (\u0161\/h\/v)(cm) 110\/21\/24<\/li>\n<\/ul>\n<p>&nbsp;<\/p>\n<p>Fotky s\u00fa ilustra\u010dn\u00e9 \u2013 nastavenie displeja m\u00f4\u017ee sp\u00f4sobi\u0165 odch\u00fdlku vo farbe produktu<\/p>\n","protected":false},"excerpt":{"rendered":"<p>Predstavujeme V\u00e1m novinku na trhu ktorou je sektorov\u00fd n\u00e1bytok NER AGIS. Tento kvalitn\u00fd sektorov\u00fd syst\u00e9m je vyr\u00e1ban\u00fd v klasickom \u0161t\u00fdle a m\u00e1 jednoduch\u00fd ale modern\u00fd dizajn.\u00a0 NER AGIS je vhodn\u00fd do malej \u010di ve\u013ekej ob\u00fdvacej izby. Tento sektorov\u00fd n\u00e1bytok sa sklad\u00e1 z viacer\u00fdch funk\u010dn\u00fdch jednotliv\u00fdch prvkov, ktor\u00e9 je mo\u017en\u00e9 rozmiestni\u0165 po izbe pod\u013ea vlastnej fant\u00e1zie&#8230;.<\/p>\n","protected":false},"featured_media":118840,"comment_status":"closed","ping_status":"closed","template":"","meta":{"_seopress_robots_primary_cat":"none","_seopress_titles_title":"","_seopress_titles_desc":"","_seopress_robots_index":""},"product_brand":[],"product_cat":[182,251],"product_tag":[],"class_list":{"0":"post-118868","1":"product","2":"type-product","3":"status-publish","4":"has-post-thumbnail","6":"product_cat-obyvacie-steny","7":"product_cat-steny","8":"pa_typ-produktu-komoda-agis-04","9":"pa_typ-produktu-komoda-agis-05","10":"pa_typ-produktu-konferencny-stolik-agis-07","11":"pa_typ-produktu-rtv-skrinka-agis-06","12":"pa_typ-produktu-skrina-agis-01","13":"pa_typ-produktu-vitrina-agis-02","14":"pa_typ-produktu-vitrina-agis-03","15":"pa_typ-produktu-zavesna-polica-agis-08","17":"first","18":"onbackorder","19":"sale","20":"shipping-taxable","21":"purchasable","22":"product-type-simple"},"_links":{"self":[{"href":"https:\/\/nabytoklaguna.sk\/sk\/wp-json\/wp\/v2\/product\/118868","targetHints":{"allow":["GET"]}}],"collection":[{"href":"https:\/\/nabytoklaguna.sk\/sk\/wp-json\/wp\/v2\/product"}],"about":[{"href":"https:\/\/nabytoklaguna.sk\/sk\/wp-json\/wp\/v2\/types\/product"}],"replies":[{"embeddable":true,"href":"https:\/\/nabytoklaguna.sk\/sk\/wp-json\/wp\/v2\/comments?post=118868"}],"wp:featuredmedia":[{"embeddable":true,"href":"https:\/\/nabytoklaguna.sk\/sk\/wp-json\/wp\/v2\/media\/118840"}],"wp:attachment":[{"href":"https:\/\/nabytoklaguna.sk\/sk\/wp-json\/wp\/v2\/media?parent=118868"}],"wp:term":[{"taxonomy":"product_brand","embeddable":true,"href":"https:\/\/nabytoklaguna.sk\/sk\/wp-json\/wp\/v2\/product_brand?post=118868"},{"taxonomy":"product_cat","embeddable":true,"href":"https:\/\/nabytoklaguna.sk\/sk\/wp-json\/wp\/v2\/product_cat?post=118868"},{"taxonomy":"product_tag","embeddable":true,"href":"https:\/\/nabytoklaguna.sk\/sk\/wp-json\/wp\/v2\/product_tag?post=118868"}],"curies":[{"name":"wp","href":"https:\/\/api.w.org\/{rel}","templated":true}]}}

NER AGIS &#8211; obývacia stena

<p>Predstavujeme Vám novinku na trhu ktorou je<strong> sektorový nábytok NER AGIS</strong>. Tento kvalitný sektorový systém je vyrábaný v <strong>klasickom štýle</strong> a má<strong> jednoduchý ale moderný dizajn</strong>.  <strong>NER AGIS</strong> je vhodný do malej či veľkej <strong>obývacej izby</strong>. Tento sektorový nábytok sa skladá z viacerých funkčných jednotlivých prvkov, ktoré je možné rozmiestniť po izbe podľa vlastnej fantázie. Krásne farebné prevedenie v<strong> dekore dub castello + čierny mat</strong> zaujme už na prvý pohľad. Nábytok je zároveň vyrábaný<strong> z kvalitných materiálov</strong> &#8211; laminovaná DTD a ABS hrany sú doplnené čiernymi kovovými nožičkami a dizajnovými úchytkami z čierneho plastu. <strong>LED osvetlenie</strong> vitrín dodáva nábytku nádych luxusu a<strong> je už zahrnuté v cene.</strong> Veľkou výhodou sú <strong>dvierka s tichým uzatváraním a zásuvky s plnovýsuvom. </strong>Nábytok je dodávaný v demonte.</p>
<p>&nbsp;</p>
<p><strong>NER AGIS &#8211; obývacia stena pozostáva z</strong>:</p>
<ul>
<li><strong>Vitrína Agis 02 :</strong> Rozmery: (š/h/v)(cm) 55/40/200</li>
<li><strong>Vitrína Agis 03 :</strong> Rozmery: (š/h/v)(cm) 90/40/160</li>
<li><strong>RTV skrinka Agis 06 : </strong>Rozmery: (š/h/v)(cm) 160/40/55</li>
<li><strong>Závesná polica Agis 08 :</strong> Rozmery: (š/h/v)(cm) 110/21/24</li>
</ul>
<p>&nbsp;</p>
<p><strong>možnosť dokúpiť ďalšie komponenty z sektorový nábytok NER AGIS:</strong></p>
<ul>
<li><strong>Skriňa Agis 01</strong> : Rozmery: (š/h/v)(cm) 90/55/200</li>
<li><strong>Vitrína Agis 02 :</strong> Rozmery: (š/h/v)(cm) 55/40/200</li>
<li><strong>Vitrína Agis 03 :</strong> Rozmery: (š/h/v)(cm) 90/40/160</li>
<li><strong>Komoda Agis 04</strong> : Rozmery: (š/h/v)(cm) 160/40/85</li>
<li><strong>Komoda Agis 05 :</strong> Rozmery: (š/h/v)(cm) 120/40/85</li>
<li><strong>RTV skrinka Agis 06 : </strong>Rozmery: (š/h/v)(cm) 160/40/55</li>
<li><strong>Konferenčný stolík Agis 07 : </strong>Rozmery: (š/h/v)(cm) 100/60/48</li>
<li><strong>Závesná polica Agis 08 :</strong> Rozmery: (š/h/v)(cm) 110/21/24</li>
</ul>
<p>&nbsp;</p>
<p>Fotky sú ilustračné – nastavenie displeja môže spôsobiť odchýlku vo farbe produktu</p>

<p>Predstavujeme Vám novinku na trhu ktorou je sektorový nábytok NER AGIS. Tento kvalitný sektorový systém je vyrábaný v klasickom štýle a má jednoduchý ale moderný dizajn.  NER AGIS je vhodný do malej či veľkej obývacej izby. Tento sektorový nábytok sa skladá z viacerých funkčných jednotlivých prvkov, ktoré je možné rozmiestniť po izbe podľa vlastnej fantázie&#8230;.</p>
