{"id":119145,"date":"2023-02-18T11:13:42","date_gmt":"2023-02-18T10:13:42","guid":{"rendered":"https:\/\/nabytoklaguna.sk\/sk\/?post_type=product&#038;p=119145"},"modified":"2023-08-18T11:13:52","modified_gmt":"2023-08-18T09:13:52","slug":"w-denis-ds09-konferencny-stolik","status":"publish","type":"product","link":"https:\/\/nabytoklaguna.sk\/sk\/produkt\/w-denis-ds09-konferencny-stolik\/","title":{"rendered":"W DENIS DS09 konferen\u010dn\u00fd stol\u00edk"},"content":{"rendered":"<p><strong>N\u00e1bytok DENIS<\/strong>\u00a0je vhodn\u00fd do ka\u017edej ob\u00fdvacej izby. Vyr\u00e1ba sa z laminovanej drevotriesky, horn\u00e1 doska skriniek je hrub\u0161ia s ABS hranami. Dvierka s\u00fa vyroben\u00e9 z kvalitn\u00e9ho MDF materi\u00e1lu a maj\u00fa spoma\u013eova\u010de. LED osvetlenie vitr\u00edn je samozrejmos\u0165ou u\u017e v cene v\u00fdrobku. Zaria\u010fte si ob\u00fdvaciu stenu n\u00e1bytkom DENIS.<\/p>\n<p>&nbsp;<\/p>\n<p><strong>Parametre v\u00fdrobku<\/strong><\/p>\n<table border=\"0\" cellspacing=\"5\" cellpadding=\"1\">\n<tbody>\n<tr>\n<td><strong>Typ v\u00fdrobku<\/strong><\/td>\n<td>ob\u00fdvacia stena DENIS, n\u00e1bytok DENIS<\/td>\n<\/tr>\n<tr>\n<td><strong>Materi\u00e1l<\/strong><\/td>\n<td>laminovan\u00e1 DTD<\/td>\n<\/tr>\n<tr>\n<td><strong>Farebn\u00e9 prevedenie<\/strong><\/td>\n<td>brest matn\u00fd<\/td>\n<\/tr>\n<tr>\n<td><strong>Rozmery v\/\u0161\/h<\/strong><\/td>\n<td>47 x 120 x 67 cm<\/td>\n<\/tr>\n<tr>\n<td><strong>Balenie<\/strong><\/td>\n<td>demont<\/td>\n<\/tr>\n<tr>\n<td><strong>Z\u00e1ruka<\/strong><\/td>\n<td>2 roky<\/td>\n<\/tr>\n<\/tbody>\n<\/table>\n","protected":false},"excerpt":{"rendered":"<p>N\u00e1bytok DENIS\u00a0je vhodn\u00fd do ka\u017edej ob\u00fdvacej izby. Vyr\u00e1ba sa z laminovanej drevotriesky, horn\u00e1 doska skriniek je hrub\u0161ia s ABS hranami. Dvierka s\u00fa vyroben\u00e9 z kvalitn\u00e9ho MDF materi\u00e1lu a maj\u00fa spoma\u013eova\u010de. LED osvetlenie vitr\u00edn je samozrejmos\u0165ou u\u017e v cene v\u00fdrobku. Zaria\u010fte si ob\u00fdvaciu stenu n\u00e1bytkom DENIS. &nbsp; Parametre v\u00fdrobku Typ v\u00fdrobku ob\u00fdvacia stena DENIS, n\u00e1bytok DENIS&#8230;<\/p>\n","protected":false},"featured_media":3742,"comment_status":"open","ping_status":"closed","template":"","meta":{"_seopress_robots_primary_cat":"none","_seopress_titles_title":"","_seopress_titles_desc":"","_seopress_robots_index":""},"product_brand":[],"product_cat":[221],"product_tag":[],"class_list":{"0":"post-119145","1":"product","2":"type-product","3":"status-publish","4":"has-post-thumbnail","6":"product_cat-konferencne-stoliky","8":"first","9":"onbackorder","10":"shipping-taxable","11":"purchasable","12":"product-type-simple"},"_links":{"self":[{"href":"https:\/\/nabytoklaguna.sk\/sk\/wp-json\/wp\/v2\/product\/119145","targetHints":{"allow":["GET"]}}],"collection":[{"href":"https:\/\/nabytoklaguna.sk\/sk\/wp-json\/wp\/v2\/product"}],"about":[{"href":"https:\/\/nabytoklaguna.sk\/sk\/wp-json\/wp\/v2\/types\/product"}],"replies":[{"embeddable":true,"href":"https:\/\/nabytoklaguna.sk\/sk\/wp-json\/wp\/v2\/comments?post=119145"}],"wp:featuredmedia":[{"embeddable":true,"href":"https:\/\/nabytoklaguna.sk\/sk\/wp-json\/wp\/v2\/media\/3742"}],"wp:attachment":[{"href":"https:\/\/nabytoklaguna.sk\/sk\/wp-json\/wp\/v2\/media?parent=119145"}],"wp:term":[{"taxonomy":"product_brand","embeddable":true,"href":"https:\/\/nabytoklaguna.sk\/sk\/wp-json\/wp\/v2\/product_brand?post=119145"},{"taxonomy":"product_cat","embeddable":true,"href":"https:\/\/nabytoklaguna.sk\/sk\/wp-json\/wp\/v2\/product_cat?post=119145"},{"taxonomy":"product_tag","embeddable":true,"href":"https:\/\/nabytoklaguna.sk\/sk\/wp-json\/wp\/v2\/product_tag?post=119145"}],"curies":[{"name":"wp","href":"https:\/\/api.w.org\/{rel}","templated":true}]}}

W DENIS DS09 konferenčný stolík

<p><strong>Nábytok DENIS</strong> je vhodný do každej obývacej izby. Vyrába sa z laminovanej drevotriesky, horná doska skriniek je hrubšia s ABS hranami. Dvierka sú vyrobené z kvalitného MDF materiálu a majú spomaľovače. LED osvetlenie vitrín je samozrejmosťou už v cene výrobku. Zariaďte si obývaciu stenu nábytkom DENIS.</p>
<p>&nbsp;</p>
<p><strong>Parametre výrobku</strong></p>
<table border="0" cellspacing="5" cellpadding="1">
<tbody>
<tr>
<td><strong>Typ výrobku</strong></td>
<td>obývacia stena DENIS, nábytok DENIS</td>
</tr>
<tr>
<td><strong>Materiál</strong></td>
<td>laminovaná DTD</td>
</tr>
<tr>
<td><strong>Farebné prevedenie</strong></td>
<td>brest matný</td>
</tr>
<tr>
<td><strong>Rozmery v/š/h</strong></td>
<td>47 x 120 x 67 cm</td>
</tr>
<tr>
<td><strong>Balenie</strong></td>
<td>demont</td>
</tr>
<tr>
<td><strong>Záruka</strong></td>
<td>2 roky</td>
</tr>
</tbody>
</table>

<p>Nábytok DENIS je vhodný do každej obývacej izby. Vyrába sa z laminovanej drevotriesky, horná doska skriniek je hrubšia s ABS hranami. Dvierka sú vyrobené z kvalitného MDF materiálu a majú spomaľovače. LED osvetlenie vitrín je samozrejmosťou už v cene výrobku. Zariaďte si obývaciu stenu nábytkom DENIS. &nbsp; Parametre výrobku Typ výrobku obývacia stena DENIS, nábytok DENIS&#8230;</p>
