{"id":119407,"date":"2023-03-21T10:34:51","date_gmt":"2023-03-21T09:34:51","guid":{"rendered":"https:\/\/nabytoklaguna.sk\/sk\/?post_type=product&#038;p=119407"},"modified":"2025-03-13T13:25:10","modified_gmt":"2025-03-13T12:25:10","slug":"saic-masiv","status":"publish","type":"product","link":"https:\/\/nabytoklaguna.sk\/sk\/produkt\/saic-masiv\/","title":{"rendered":"SAIC MASIV"},"content":{"rendered":"<p><strong>Doma<\/strong> tr\u00e1vime spolo\u010dn\u00e9 chv\u00edle so svojimi bl\u00edzkymi, chv\u00edle ktor\u00e9 s\u00fa oby\u010dajn\u00e9 aj v\u00fdnimo\u010dn\u00e9. Ka\u017ed\u00e1 spolo\u010dne str\u00e1ven\u00e1 chv\u00ed\u013ea je d\u00f4le\u017eit\u00e1, a preto sme navrhli <strong>sektorov\u00fd n\u00e1bytok<\/strong> <strong>SAIC<\/strong>, v\u010faka ktor\u00e9mu sa priestor premen\u00ed na domov, kde sa vytv\u00e1raj\u00fa tie najpozit\u00edvnej\u0161ie em\u00f3cie. P\u00fatava kombin\u00e1cia\u00a0<strong>mas\u00edvu<\/strong> a <strong>kovov\u00fdch prvkov<\/strong> je v s\u00falade s najnov\u0161\u00edmi trendmi a prec\u00edzna v\u00fdroba ka\u017ed\u00e9ho kusu n\u00e1bytku je z\u00e1rukou odolnosti a spo\u013eahlivosti. Tento sektor sa vyr\u00e1ba vo farebnom preveden\u00ed<strong> dub medov\u00fd<\/strong>. V kombin\u00e1cii s \u010diernymi detailmi je jasn\u00e9 \u017ee tieto dve farby k sebe dokonale ladia. Jednoducho k n\u00edm dolad\u00edte ak\u00e9ko\u013evek doplnky. <strong>Kovov\u00e9 \u00fachytky<\/strong> s\u00fa detailom, ktor\u00fd pod\u010diarkuje <strong>noblesn\u00fd \u0161t\u00fdl<\/strong> ka\u017ed\u00e9ho n\u00e1bytku. V kolekcii n\u00e1bytku<strong> SAIC<\/strong> sa nach\u00e1dzaj\u00fa stol\u00edky, vitr\u00edny \u010di komody, ktor\u00e9 V\u00e1m umo\u017enia vytvori\u0165 dokonal\u00fa zostavu do Va\u0161ej ob\u00fdva\u010dky. Ak sn\u00edvate o spojen\u00ed <strong>funk\u010dnosti a minimalizmu<\/strong> s modern\u00fdm \u0161t\u00fdlom, ur\u010dite mus\u00edte ma\u0165<strong> sektorov\u00fd n\u00e1bytok SAIC<\/strong>. Led osvetlenie nie je v cene, je mo\u017en\u00e9 si ho objedna\u0165 za pr\u00edplatok<\/p>\n<p><strong>Vyobrazen\u00e1 zostava sa sklad\u00e1 z t\u00fdchto produktov:<\/strong><\/p>\n<p>Vitr\u00edna \u013eav\u00e1 SAIC 10, rozmery (\u0160xHxV)\u2026\u2026\u2026\u2026\u202667x42x196cm<br \/>\nRTV stol\u00edk SAIC 25, rozmery (\u0160xHxV)\u2026\u2026\u2026\u2026\u2026.170x42x46cm<br \/>\nPolica SAIC 35, rozmery (\u0160xHxV)\u2026\u2026\u2026\u2026\u2026\u2026\u2026..170x25x28cm<br \/>\nVitr\u00edna prav\u00e1 SAIC 11, rozmery (\u0160xHxV)\u2026\u2026\u2026\u2026.67x42x196cm<\/p>\n<p><strong>Mo\u017enos\u0165 doobjedna\u0165:<\/strong><\/p>\n<p>Vitr\u00edna SAIC 15, rozmery (\u0160xHxV) \u2026\u2026\u2026\u2026\u2026\u2026\u2026107x42x143cm\u00a0 \u00a0 \u00a0 \u00a0 \u00a0 Konf. stol\u00edk SAIC 41, rozmery((\u0160xHxV)\u2026\u2026\u2026\u2026..110x60x48cm\u00a0 \u00a0 \u00a0 \u00a0 \u00a0 \u00a0 \u00a0 Vitr\u00edna SAIC 12, rozmery (\u0160xHxV)\u2026\u2026\u2026\u2026\u2026\u2026\u2026..95x42x196cm<br \/>\nKomoda\u00a0 SAIC 45, rozmery (\u0160xHxV)\u2026\u2026\u2026\u2026\u2026\u2026150x42x90cm<br \/>\nKomoda SAIC 47, rozmery (\u0160xHxV)\u2026\u2026\u2026\u2026\u2026\u2026..170x42x90cm<br \/>\nRTV stol\u00edk, SAIC 24, rozmery (\u0160xHxV)\u2026\u2026\u2026\u2026\u2026135x42x46cm<br \/>\nPolica SAIC 34, rozmery (\u0160xHxV)\u2026\u2026\u2026\u2026\u2026\u2026\u2026..135x25x28cm<br \/>\nJed\u00e1lensk\u00fd st\u00f4l SAIC 40, rozmery (\u0160xHxV)\u2026\u2026.160\/200x90x78cm<\/p>\n<p>&nbsp;<\/p>\n","protected":false},"excerpt":{"rendered":"<p>Doma tr\u00e1vime spolo\u010dn\u00e9 chv\u00edle so svojimi bl\u00edzkymi, chv\u00edle ktor\u00e9 s\u00fa oby\u010dajn\u00e9 aj v\u00fdnimo\u010dn\u00e9. Ka\u017ed\u00e1 spolo\u010dne str\u00e1ven\u00e1 chv\u00ed\u013ea je d\u00f4le\u017eit\u00e1, a preto sme navrhli sektorov\u00fd n\u00e1bytok SAIC, v\u010faka ktor\u00e9mu sa priestor premen\u00ed na domov, kde sa vytv\u00e1raj\u00fa tie najpozit\u00edvnej\u0161ie em\u00f3cie. P\u00fatava kombin\u00e1cia\u00a0mas\u00edvu a kovov\u00fdch prvkov je v s\u00falade s najnov\u0161\u00edmi trendmi a prec\u00edzna v\u00fdroba ka\u017ed\u00e9ho kusu&#8230;<\/p>\n","protected":false},"featured_media":105997,"comment_status":"closed","ping_status":"closed","template":"","meta":{"_seopress_robots_primary_cat":"none","_seopress_titles_title":"","_seopress_titles_desc":"","_seopress_robots_index":""},"product_brand":[],"product_cat":[7513,182,251],"product_tag":[],"class_list":{"0":"post-119407","1":"product","2":"type-product","3":"status-publish","4":"has-post-thumbnail","6":"product_cat-obyvacie-steny-masiv","7":"product_cat-obyvacie-steny","8":"product_cat-steny","10":"first","11":"onbackorder","12":"shipping-taxable","13":"purchasable","14":"product-type-simple"},"_links":{"self":[{"href":"https:\/\/nabytoklaguna.sk\/sk\/wp-json\/wp\/v2\/product\/119407","targetHints":{"allow":["GET"]}}],"collection":[{"href":"https:\/\/nabytoklaguna.sk\/sk\/wp-json\/wp\/v2\/product"}],"about":[{"href":"https:\/\/nabytoklaguna.sk\/sk\/wp-json\/wp\/v2\/types\/product"}],"replies":[{"embeddable":true,"href":"https:\/\/nabytoklaguna.sk\/sk\/wp-json\/wp\/v2\/comments?post=119407"}],"wp:featuredmedia":[{"embeddable":true,"href":"https:\/\/nabytoklaguna.sk\/sk\/wp-json\/wp\/v2\/media\/105997"}],"wp:attachment":[{"href":"https:\/\/nabytoklaguna.sk\/sk\/wp-json\/wp\/v2\/media?parent=119407"}],"wp:term":[{"taxonomy":"product_brand","embeddable":true,"href":"https:\/\/nabytoklaguna.sk\/sk\/wp-json\/wp\/v2\/product_brand?post=119407"},{"taxonomy":"product_cat","embeddable":true,"href":"https:\/\/nabytoklaguna.sk\/sk\/wp-json\/wp\/v2\/product_cat?post=119407"},{"taxonomy":"product_tag","embeddable":true,"href":"https:\/\/nabytoklaguna.sk\/sk\/wp-json\/wp\/v2\/product_tag?post=119407"}],"curies":[{"name":"wp","href":"https:\/\/api.w.org\/{rel}","templated":true}]}}

<p><strong>Doma</strong> trávime spoločné chvíle so svojimi blízkymi, chvíle ktoré sú obyčajné aj výnimočné. Každá spoločne strávená chvíľa je dôležitá, a preto sme navrhli <strong>sektorový nábytok</strong> <strong>SAIC</strong>, vďaka ktorému sa priestor premení na domov, kde sa vytvárajú tie najpozitívnejšie emócie. Pútava kombinácia <strong>masívu</strong> a <strong>kovových prvkov</strong> je v súlade s najnovšími trendmi a precízna výroba každého kusu nábytku je zárukou odolnosti a spoľahlivosti. Tento sektor sa vyrába vo farebnom prevedení<strong> dub medový</strong>. V kombinácii s čiernymi detailmi je jasné že tieto dve farby k sebe dokonale ladia. Jednoducho k ním doladíte akékoľvek doplnky. <strong>Kovové úchytky</strong> sú detailom, ktorý podčiarkuje <strong>noblesný štýl</strong> každého nábytku. V kolekcii nábytku<strong> SAIC</strong> sa nachádzajú stolíky, vitríny či komody, ktoré Vám umožnia vytvoriť dokonalú zostavu do Vašej obývačky. Ak snívate o spojení <strong>funkčnosti a minimalizmu</strong> s moderným štýlom, určite musíte mať<strong> sektorový nábytok SAIC</strong>. Led osvetlenie nie je v cene, je možné si ho objednať za príplatok</p>
<p><strong>Vyobrazená zostava sa skladá z týchto produktov:</strong></p>
<p>Vitrína ľavá SAIC 10, rozmery (ŠxHxV)……………67x42x196cm<br />
RTV stolík SAIC 25, rozmery (ŠxHxV)…………….170x42x46cm<br />
Polica SAIC 35, rozmery (ŠxHxV)…………………..170x25x28cm<br />
Vitrína pravá SAIC 11, rozmery (ŠxHxV)………….67x42x196cm</p>
<p><strong>Možnosť doobjednať:</strong></p>
<p>Vitrína SAIC 15, rozmery (ŠxHxV) …………………107x42x143cm          Konf. stolík SAIC 41, rozmery((ŠxHxV)…………..110x60x48cm              Vitrína SAIC 12, rozmery (ŠxHxV)…………………..95x42x196cm<br />
Komoda  SAIC 45, rozmery (ŠxHxV)………………150x42x90cm<br />
Komoda SAIC 47, rozmery (ŠxHxV)………………..170x42x90cm<br />
RTV stolík, SAIC 24, rozmery (ŠxHxV)……………135x42x46cm<br />
Polica SAIC 34, rozmery (ŠxHxV)…………………..135x25x28cm<br />
Jedálenský stôl SAIC 40, rozmery (ŠxHxV)…….160/200x90x78cm</p>
<p>&nbsp;</p>

<p>Doma trávime spoločné chvíle so svojimi blízkymi, chvíle ktoré sú obyčajné aj výnimočné. Každá spoločne strávená chvíľa je dôležitá, a preto sme navrhli sektorový nábytok SAIC, vďaka ktorému sa priestor premení na domov, kde sa vytvárajú tie najpozitívnejšie emócie. Pútava kombinácia masívu a kovových prvkov je v súlade s najnovšími trendmi a precízna výroba každého kusu&#8230;</p>
