{"id":119412,"date":"2023-03-21T10:42:10","date_gmt":"2023-03-21T09:42:10","guid":{"rendered":"https:\/\/nabytoklaguna.sk\/sk\/?post_type=product&#038;p=119412"},"modified":"2023-11-06T16:46:01","modified_gmt":"2023-11-06T15:46:01","slug":"roma2","status":"publish","type":"product","link":"https:\/\/nabytoklaguna.sk\/sk\/produkt\/roma2\/","title":{"rendered":"ROMA 2"},"content":{"rendered":"<p>Eleg\u00e1ntn\u00e1 \u010dal\u00fanen\u00e1 stoli\u010dka z bukov\u00e9ho mas\u00edvu. Mo\u017enos\u0165 vybra\u0165 po\u0165ahov\u00fa l\u00e1tku pod\u013ea vzorkovn\u00edka. Za l\u00e1tku 29, 30, 31, 32, 33, 34, 35, 36\u00a0 je doplatok 3,- \u20ac.\u00a0 Farba dreva je na v\u00fdber z ponuky: orech, venge, sonoma, biela, \u010dierna, grafit, dub grandson a buk pr\u00edrodn\u00fd.<\/p>\n<p>Materi\u00e1l: mas\u00edv buk\/\u010dal\u00fanenie.<\/p>\n<p>Rozmer:<\/p>\n<div class=\"elementor-element elementor-element-5555c0d elementor-widget elementor-widget-text-editor\">\n<div class=\"elementor-widget-container\">\n<div class=\"elementor-text-editor elementor-clearfix\">\n<div class=\"elementor-element elementor-element-5555c0d elementor-widget elementor-widget-text-editor\">\n<div class=\"elementor-widget-container\">\n<div class=\"elementor-text-editor elementor-clearfix\">\n<div class=\"elementor-element elementor-element-5555c0d elementor-widget elementor-widget-text-editor\">\n<div class=\"elementor-widget-container\">\n<div class=\"elementor-text-editor elementor-clearfix\">\n<div class=\"elementor-element elementor-element-5555c0d elementor-widget elementor-widget-text-editor\">\n<div class=\"elementor-widget-container\">\n<div class=\"elementor-text-editor elementor-clearfix\">\n<p>V\u00fd\u0161ka: 97 cm<\/p>\n<\/div>\n<\/div>\n<\/div>\n<div class=\"elementor-element elementor-element-018ab9f elementor-widget elementor-widget-text-editor\">\n<div class=\"elementor-widget-container\">\n<div class=\"elementor-text-editor elementor-clearfix\">\n<p>\u0160\u00edrka: 45 cm<\/p>\n<\/div>\n<\/div>\n<\/div>\n<div class=\"elementor-element elementor-element-6112556 elementor-widget elementor-widget-text-editor\">\n<div class=\"elementor-widget-container\">\n<div class=\"elementor-text-editor elementor-clearfix\">\n<p>D\u013a\u017eka: 41 cm<\/p>\n<\/div>\n<\/div>\n<\/div>\n<div class=\"elementor-element elementor-element-9e4c5e7 elementor-widget elementor-widget-text-editor\">\n<div class=\"elementor-widget-container\">\n<div class=\"elementor-text-editor elementor-clearfix\">\n<p>V\u00fd\u0161ka sedadla: 48 cm<\/p>\n<\/div>\n<\/div>\n<\/div>\n<\/div>\n<\/div>\n<\/div>\n<\/div>\n<\/div>\n<\/div>\n<\/div>\n<\/div>\n<\/div>\n","protected":false},"excerpt":{"rendered":"<p>Eleg\u00e1ntn\u00e1 \u010dal\u00fanen\u00e1 stoli\u010dka z bukov\u00e9ho mas\u00edvu. Mo\u017enos\u0165 vybra\u0165 po\u0165ahov\u00fa l\u00e1tku pod\u013ea vzorkovn\u00edka. Za l\u00e1tku 29, 30, 31, 32, 33, 34, 35, 36\u00a0 je doplatok 3,- \u20ac.\u00a0 Farba dreva je na v\u00fdber z ponuky: orech, venge, sonoma, biela, \u010dierna, grafit, dub grandson a buk pr\u00edrodn\u00fd. Materi\u00e1l: mas\u00edv buk\/\u010dal\u00fanenie. Rozmer: V\u00fd\u0161ka: 97 cm \u0160\u00edrka: 45 cm D\u013a\u017eka:&#8230;<\/p>\n","protected":false},"featured_media":73998,"comment_status":"closed","ping_status":"closed","template":"","meta":{"_seopress_robots_primary_cat":"237","_seopress_titles_title":"                                    ","_seopress_titles_desc":"                                    ","_seopress_robots_index":""},"product_brand":[],"product_cat":[238,237],"product_tag":[],"class_list":{"0":"post-119412","1":"product","2":"type-product","3":"status-publish","4":"has-post-thumbnail","6":"product_cat-drevene-stolicky","7":"product_cat-stolicky","9":"first","10":"onbackorder","11":"shipping-taxable","12":"purchasable","13":"product-type-simple"},"_links":{"self":[{"href":"https:\/\/nabytoklaguna.sk\/sk\/wp-json\/wp\/v2\/product\/119412","targetHints":{"allow":["GET"]}}],"collection":[{"href":"https:\/\/nabytoklaguna.sk\/sk\/wp-json\/wp\/v2\/product"}],"about":[{"href":"https:\/\/nabytoklaguna.sk\/sk\/wp-json\/wp\/v2\/types\/product"}],"replies":[{"embeddable":true,"href":"https:\/\/nabytoklaguna.sk\/sk\/wp-json\/wp\/v2\/comments?post=119412"}],"wp:featuredmedia":[{"embeddable":true,"href":"https:\/\/nabytoklaguna.sk\/sk\/wp-json\/wp\/v2\/media\/73998"}],"wp:attachment":[{"href":"https:\/\/nabytoklaguna.sk\/sk\/wp-json\/wp\/v2\/media?parent=119412"}],"wp:term":[{"taxonomy":"product_brand","embeddable":true,"href":"https:\/\/nabytoklaguna.sk\/sk\/wp-json\/wp\/v2\/product_brand?post=119412"},{"taxonomy":"product_cat","embeddable":true,"href":"https:\/\/nabytoklaguna.sk\/sk\/wp-json\/wp\/v2\/product_cat?post=119412"},{"taxonomy":"product_tag","embeddable":true,"href":"https:\/\/nabytoklaguna.sk\/sk\/wp-json\/wp\/v2\/product_tag?post=119412"}],"curies":[{"name":"wp","href":"https:\/\/api.w.org\/{rel}","templated":true}]}}

<p>Elegántná čalúnená stolička z bukového masívu. Možnosť vybrať poťahovú látku podľa vzorkovníka. Za látku 29, 30, 31, 32, 33, 34, 35, 36  je doplatok 3,- €.  Farba dreva je na výber z ponuky: orech, venge, sonoma, biela, čierna, grafit, dub grandson a buk prírodný.</p>
<p>Materiál: masív buk/čalúnenie.</p>
<p>Rozmer:</p>
<div class="elementor-element elementor-element-5555c0d elementor-widget elementor-widget-text-editor">
<div class="elementor-widget-container">
<div class="elementor-text-editor elementor-clearfix">
<div class="elementor-element elementor-element-5555c0d elementor-widget elementor-widget-text-editor">
<div class="elementor-widget-container">
<div class="elementor-text-editor elementor-clearfix">
<div class="elementor-element elementor-element-5555c0d elementor-widget elementor-widget-text-editor">
<div class="elementor-widget-container">
<div class="elementor-text-editor elementor-clearfix">
<div class="elementor-element elementor-element-5555c0d elementor-widget elementor-widget-text-editor">
<div class="elementor-widget-container">
<div class="elementor-text-editor elementor-clearfix">
<p>Výška: 97 cm</p>
</div>
</div>
</div>
<div class="elementor-element elementor-element-018ab9f elementor-widget elementor-widget-text-editor">
<div class="elementor-widget-container">
<div class="elementor-text-editor elementor-clearfix">
<p>Šírka: 45 cm</p>
</div>
</div>
</div>
<div class="elementor-element elementor-element-6112556 elementor-widget elementor-widget-text-editor">
<div class="elementor-widget-container">
<div class="elementor-text-editor elementor-clearfix">
<p>Dĺžka: 41 cm</p>
</div>
</div>
</div>
<div class="elementor-element elementor-element-9e4c5e7 elementor-widget elementor-widget-text-editor">
<div class="elementor-widget-container">
<div class="elementor-text-editor elementor-clearfix">
<p>Výška sedadla: 48 cm</p>
</div>
</div>
</div>
</div>
</div>
</div>
</div>
</div>
</div>
</div>
</div>
</div>

<p>Elegántná čalúnená stolička z bukového masívu. Možnosť vybrať poťahovú látku podľa vzorkovníka. Za látku 29, 30, 31, 32, 33, 34, 35, 36  je doplatok 3,- €.  Farba dreva je na výber z ponuky: orech, venge, sonoma, biela, čierna, grafit, dub grandson a buk prírodný. Materiál: masív buk/čalúnenie. Rozmer: Výška: 97 cm Šírka: 45 cm Dĺžka:&#8230;</p>
