{"id":119435,"date":"2023-03-22T17:34:53","date_gmt":"2023-03-22T16:34:53","guid":{"rendered":"https:\/\/nabytoklaguna.sk\/sk\/?post_type=product&#038;p=119435"},"modified":"2023-12-01T16:48:14","modified_gmt":"2023-12-01T15:48:14","slug":"tempo-kondela-oto-2","status":"publish","type":"product","link":"https:\/\/nabytoklaguna.sk\/sk\/produkt\/tempo-kondela-oto-2\/","title":{"rendered":"TK OTO"},"content":{"rendered":"<p>Poste\u013e OTO sa hod\u00ed do diev\u010densk\u00fdch \u010di chlap\u010densk\u00fdch izieb, no zapadne aj v izbe \u0161tudenta. Jednol\u00f4\u017eko s plochou na spanie 90&#215;200 cm ocen\u00edte v\u010faka vys\u00favac\u00edm no\u010dn\u00fdm stol\u00edkom a priestrann\u00fdm \u00falo\u017en\u00fdm priestorom v podobe dvoch \u0161upl\u00edkov. Poste\u013e je univerz\u00e1lna, to znamen\u00e1 \u017ee si \u0161upl\u00edky viete umiestni\u0165 pod poste\u013e zo strany, z ktorej potrebujete. Poste\u013e je vyroben\u00e1 z kvalitnej lamin\u00e1tovej drevotriesky vo farebnom preveden\u00ed buk. Poste\u013e je dod\u00e1van\u00e1 bez matraca a ro\u0161tu.<\/p>\n<ul>\n<li><b>Materi\u00e1l:<\/b>\u00a0laminovan\u00e1 drevotrieska<\/li>\n<li><b>Farba:\u00a0<\/b>buk<\/li>\n<li><b>Rozmery (\u0160xHxV):<\/b>\u00a097&#215;205,6&#215;100 cm<\/li>\n<li><b>V\u00fd\u0161ka po ro\u0161t:\u00a0<\/b>51 cm<\/li>\n<li>Modern\u00e1 a praktick\u00e1<\/li>\n<li>S \u00falo\u017en\u00fdm priestorom<\/li>\n<li>Dva \u0161upl\u00edky<\/li>\n<li>Vys\u00favac\u00ed no\u010dn\u00fd stol\u00edk<\/li>\n<li>Univerz\u00e1lna<\/li>\n<li>S mo\u017enos\u0165ou umiestni\u0165 no\u010dn\u00fd stol\u00edk a \u0161upl\u00edky z pravej alebo \u013eavej strany<\/li>\n<li>Dod\u00e1van\u00e1 bez matraca a ro\u0161tu<\/li>\n<li>Mo\u017enos\u0165 dok\u00fapi\u0165 matrac a ro\u0161t z na\u0161ej ponuky<\/li>\n<li>Dod\u00e1van\u00e1 v demonte<\/li>\n<\/ul>\n","protected":false},"excerpt":{"rendered":"<p>Poste\u013e OTO sa hod\u00ed do diev\u010densk\u00fdch \u010di chlap\u010densk\u00fdch izieb, no zapadne aj v izbe \u0161tudenta. Jednol\u00f4\u017eko s plochou na spanie 90&#215;200 cm ocen\u00edte v\u010faka vys\u00favac\u00edm no\u010dn\u00fdm stol\u00edkom a priestrann\u00fdm \u00falo\u017en\u00fdm priestorom v podobe dvoch \u0161upl\u00edkov. Poste\u013e je univerz\u00e1lna, to znamen\u00e1 \u017ee si \u0161upl\u00edky viete umiestni\u0165 pod poste\u013e zo strany, z ktorej potrebujete. Poste\u013e je vyroben\u00e1&#8230;<\/p>\n","protected":false},"featured_media":69707,"comment_status":"closed","ping_status":"closed","template":"","meta":{"_seopress_robots_primary_cat":"4012","_seopress_titles_title":"                                    ","_seopress_titles_desc":"                                    ","_seopress_robots_index":""},"product_brand":[],"product_cat":[4012,223],"product_tag":[],"class_list":{"0":"post-119435","1":"product","2":"type-product","3":"status-publish","4":"has-post-thumbnail","6":"product_cat-postele","7":"product_cat-spalne","9":"first","10":"onbackorder","11":"shipping-taxable","12":"purchasable","13":"product-type-simple"},"_links":{"self":[{"href":"https:\/\/nabytoklaguna.sk\/sk\/wp-json\/wp\/v2\/product\/119435","targetHints":{"allow":["GET"]}}],"collection":[{"href":"https:\/\/nabytoklaguna.sk\/sk\/wp-json\/wp\/v2\/product"}],"about":[{"href":"https:\/\/nabytoklaguna.sk\/sk\/wp-json\/wp\/v2\/types\/product"}],"replies":[{"embeddable":true,"href":"https:\/\/nabytoklaguna.sk\/sk\/wp-json\/wp\/v2\/comments?post=119435"}],"wp:featuredmedia":[{"embeddable":true,"href":"https:\/\/nabytoklaguna.sk\/sk\/wp-json\/wp\/v2\/media\/69707"}],"wp:attachment":[{"href":"https:\/\/nabytoklaguna.sk\/sk\/wp-json\/wp\/v2\/media?parent=119435"}],"wp:term":[{"taxonomy":"product_brand","embeddable":true,"href":"https:\/\/nabytoklaguna.sk\/sk\/wp-json\/wp\/v2\/product_brand?post=119435"},{"taxonomy":"product_cat","embeddable":true,"href":"https:\/\/nabytoklaguna.sk\/sk\/wp-json\/wp\/v2\/product_cat?post=119435"},{"taxonomy":"product_tag","embeddable":true,"href":"https:\/\/nabytoklaguna.sk\/sk\/wp-json\/wp\/v2\/product_tag?post=119435"}],"curies":[{"name":"wp","href":"https:\/\/api.w.org\/{rel}","templated":true}]}}

<p>Posteľ OTO sa hodí do dievčenských či chlapčenských izieb, no zapadne aj v izbe študenta. Jednolôžko s plochou na spanie 90&#215;200 cm oceníte vďaka vysúvacím nočným stolíkom a priestranným úložným priestorom v podobe dvoch šuplíkov. Posteľ je univerzálna, to znamená že si šuplíky viete umiestniť pod posteľ zo strany, z ktorej potrebujete. Posteľ je vyrobená z kvalitnej laminátovej drevotriesky vo farebnom prevedení buk. Posteľ je dodávaná bez matraca a roštu.</p>
<ul>
<li><b>Materiál:</b> laminovaná drevotrieska</li>
<li><b>Farba: </b>buk</li>
<li><b>Rozmery (ŠxHxV):</b> 97&#215;205,6&#215;100 cm</li>
<li><b>Výška po rošt: </b>51 cm</li>
<li>Moderná a praktická</li>
<li>S úložným priestorom</li>
<li>Dva šuplíky</li>
<li>Vysúvací nočný stolík</li>
<li>Univerzálna</li>
<li>S možnosťou umiestniť nočný stolík a šuplíky z pravej alebo ľavej strany</li>
<li>Dodávaná bez matraca a roštu</li>
<li>Možnosť dokúpiť matrac a rošt z našej ponuky</li>
<li>Dodávaná v demonte</li>
</ul>

<p>Posteľ OTO sa hodí do dievčenských či chlapčenských izieb, no zapadne aj v izbe študenta. Jednolôžko s plochou na spanie 90&#215;200 cm oceníte vďaka vysúvacím nočným stolíkom a priestranným úložným priestorom v podobe dvoch šuplíkov. Posteľ je univerzálna, to znamená že si šuplíky viete umiestniť pod posteľ zo strany, z ktorej potrebujete. Posteľ je vyrobená&#8230;</p>
