{"id":119540,"date":"2023-04-22T18:40:00","date_gmt":"2023-04-22T16:40:00","guid":{"rendered":"https:\/\/nabytoklaguna.sk\/sk\/?post_type=product&#038;p=119540"},"modified":"2023-11-06T16:47:21","modified_gmt":"2023-11-06T15:47:21","slug":"artelb-milano-i","status":"publish","type":"product","link":"https:\/\/nabytoklaguna.sk\/sk\/produkt\/artelb-milano-i\/","title":{"rendered":"MILANO I"},"content":{"rendered":"<p>Stoli\u010dka z mas\u00edvneho dreva v preveden\u00ed orech. Po\u0165ahov\u00e1 l\u00e1tka je na v\u00fdber z pon\u00fakan\u00e9ho vzorkovn\u00edka. Za l\u00e1tku 28, 29, 30, 31, 32, 33, 34, 35, 36 je doplatok 3,- \u20ac.\u00a0 Farbu dreva je mo\u017en\u00e9 vybra\u0165 z ponuky: orech, grafit, sonoma, dub grandson, biela, \u010dierna.<\/p>\n<p>Rozmery: \u0161xvxh: 43&#215;48\/94&#215;40 cm.<\/p>\n","protected":false},"excerpt":{"rendered":"<p>Stoli\u010dka z mas\u00edvneho dreva v preveden\u00ed orech. Po\u0165ahov\u00e1 l\u00e1tka je na v\u00fdber z pon\u00fakan\u00e9ho vzorkovn\u00edka. Za l\u00e1tku 28, 29, 30, 31, 32, 33, 34, 35, 36 je doplatok 3,- \u20ac.\u00a0 Farbu dreva je mo\u017en\u00e9 vybra\u0165 z ponuky: orech, grafit, sonoma, dub grandson, biela, \u010dierna. Rozmery: \u0161xvxh: 43&#215;48\/94&#215;40 cm.<\/p>\n","protected":false},"featured_media":6287,"comment_status":"closed","ping_status":"closed","template":"","meta":{"_seopress_robots_primary_cat":"238","_seopress_titles_title":"","_seopress_titles_desc":"","_seopress_robots_index":""},"product_brand":[],"product_cat":[238],"product_tag":[],"class_list":{"0":"post-119540","1":"product","2":"type-product","3":"status-publish","4":"has-post-thumbnail","6":"product_cat-drevene-stolicky","8":"first","9":"onbackorder","10":"shipping-taxable","11":"purchasable","12":"product-type-simple"},"_links":{"self":[{"href":"https:\/\/nabytoklaguna.sk\/sk\/wp-json\/wp\/v2\/product\/119540","targetHints":{"allow":["GET"]}}],"collection":[{"href":"https:\/\/nabytoklaguna.sk\/sk\/wp-json\/wp\/v2\/product"}],"about":[{"href":"https:\/\/nabytoklaguna.sk\/sk\/wp-json\/wp\/v2\/types\/product"}],"replies":[{"embeddable":true,"href":"https:\/\/nabytoklaguna.sk\/sk\/wp-json\/wp\/v2\/comments?post=119540"}],"wp:featuredmedia":[{"embeddable":true,"href":"https:\/\/nabytoklaguna.sk\/sk\/wp-json\/wp\/v2\/media\/6287"}],"wp:attachment":[{"href":"https:\/\/nabytoklaguna.sk\/sk\/wp-json\/wp\/v2\/media?parent=119540"}],"wp:term":[{"taxonomy":"product_brand","embeddable":true,"href":"https:\/\/nabytoklaguna.sk\/sk\/wp-json\/wp\/v2\/product_brand?post=119540"},{"taxonomy":"product_cat","embeddable":true,"href":"https:\/\/nabytoklaguna.sk\/sk\/wp-json\/wp\/v2\/product_cat?post=119540"},{"taxonomy":"product_tag","embeddable":true,"href":"https:\/\/nabytoklaguna.sk\/sk\/wp-json\/wp\/v2\/product_tag?post=119540"}],"curies":[{"name":"wp","href":"https:\/\/api.w.org\/{rel}","templated":true}]}}

<p>Stolička z masívneho dreva v prevedení orech. Poťahová látka je na výber z ponúkaného vzorkovníka. Za látku 28, 29, 30, 31, 32, 33, 34, 35, 36 je doplatok 3,- €.  Farbu dreva je možné vybrať z ponuky: orech, grafit, sonoma, dub grandson, biela, čierna.</p>
<p>Rozmery: šxvxh: 43&#215;48/94&#215;40 cm.</p>

<p>Stolička z masívneho dreva v prevedení orech. Poťahová látka je na výber z ponúkaného vzorkovníka. Za látku 28, 29, 30, 31, 32, 33, 34, 35, 36 je doplatok 3,- €.  Farbu dreva je možné vybrať z ponuky: orech, grafit, sonoma, dub grandson, biela, čierna. Rozmery: šxvxh: 43&#215;48/94&#215;40 cm.</p>
