{"id":119551,"date":"2023-04-22T18:40:00","date_gmt":"2023-04-22T18:40:00","guid":{"rendered":"https:\/\/nabytoklaguna.sk\/sk\/?post_type=product&#038;p=119551"},"modified":"2023-08-23T17:23:48","modified_gmt":"2023-08-23T15:23:48","slug":"modena-ii","status":"publish","type":"product","link":"https:\/\/nabytoklaguna.sk\/sk\/produkt\/modena-ii\/","title":{"rendered":"MODENA II"},"content":{"rendered":"<p>Rozkladac\u00ed st\u00f4l z bukov\u00e9ho mas\u00edvu. Pl\u00e1t lamino\/ABS. Mo\u017enos\u0165 v\u00fdberu farby pod\u013ea ponuky: orech, jel\u0161a, venge, biela, sonoma, wenge a grafit.<\/p>\n<p>V preveden\u00ed wenge a grafit pr\u00edplatok 24,- eur.<\/p>\n<p>Rozmery: \u0161xvxd: 90x78x160\/200 cm.<\/p>\n","protected":false},"excerpt":{"rendered":"<p>Rozkladac\u00ed st\u00f4l z bukov\u00e9ho mas\u00edvu. Pl\u00e1t lamino\/ABS. Mo\u017enos\u0165 v\u00fdberu farby pod\u013ea ponuky: orech, jel\u0161a, venge, biela, sonoma, wenge a grafit. V preveden\u00ed wenge a grafit pr\u00edplatok 24,- eur. Rozmery: \u0161xvxd: 90x78x160\/200 cm.<\/p>\n","protected":false},"featured_media":6562,"comment_status":"closed","ping_status":"closed","template":"","meta":{"_seopress_robots_primary_cat":"244","_seopress_titles_title":"","_seopress_titles_desc":"","_seopress_robots_index":""},"product_brand":[],"product_cat":[244],"product_tag":[],"class_list":{"0":"post-119551","1":"product","2":"type-product","3":"status-publish","4":"has-post-thumbnail","6":"product_cat-drevene-stoly","8":"first","9":"onbackorder","10":"shipping-taxable","11":"purchasable","12":"product-type-simple"},"_links":{"self":[{"href":"https:\/\/nabytoklaguna.sk\/sk\/wp-json\/wp\/v2\/product\/119551","targetHints":{"allow":["GET"]}}],"collection":[{"href":"https:\/\/nabytoklaguna.sk\/sk\/wp-json\/wp\/v2\/product"}],"about":[{"href":"https:\/\/nabytoklaguna.sk\/sk\/wp-json\/wp\/v2\/types\/product"}],"replies":[{"embeddable":true,"href":"https:\/\/nabytoklaguna.sk\/sk\/wp-json\/wp\/v2\/comments?post=119551"}],"wp:featuredmedia":[{"embeddable":true,"href":"https:\/\/nabytoklaguna.sk\/sk\/wp-json\/wp\/v2\/media\/6562"}],"wp:attachment":[{"href":"https:\/\/nabytoklaguna.sk\/sk\/wp-json\/wp\/v2\/media?parent=119551"}],"wp:term":[{"taxonomy":"product_brand","embeddable":true,"href":"https:\/\/nabytoklaguna.sk\/sk\/wp-json\/wp\/v2\/product_brand?post=119551"},{"taxonomy":"product_cat","embeddable":true,"href":"https:\/\/nabytoklaguna.sk\/sk\/wp-json\/wp\/v2\/product_cat?post=119551"},{"taxonomy":"product_tag","embeddable":true,"href":"https:\/\/nabytoklaguna.sk\/sk\/wp-json\/wp\/v2\/product_tag?post=119551"}],"curies":[{"name":"wp","href":"https:\/\/api.w.org\/{rel}","templated":true}]}}

<p>Rozkladací stôl z bukového masívu. Plát lamino/ABS. Možnosť výberu farby podľa ponuky: orech, jelša, venge, biela, sonoma, wenge a grafit.</p>
<p>V prevedení wenge a grafit príplatok 24,- eur.</p>
<p>Rozmery: šxvxd: 90x78x160/200 cm.</p>

<p>Rozkladací stôl z bukového masívu. Plát lamino/ABS. Možnosť výberu farby podľa ponuky: orech, jelša, venge, biela, sonoma, wenge a grafit. V prevedení wenge a grafit príplatok 24,- eur. Rozmery: šxvxd: 90x78x160/200 cm.</p>
