{"id":119552,"date":"2023-04-22T18:40:00","date_gmt":"2023-04-22T18:40:00","guid":{"rendered":"https:\/\/nabytoklaguna.sk\/sk\/?post_type=product&#038;p=119552"},"modified":"2025-10-09T12:14:04","modified_gmt":"2025-10-09T10:14:04","slug":"boss-4-d","status":"publish","type":"product","link":"https:\/\/nabytoklaguna.sk\/sk\/produkt\/boss-4-d\/","title":{"rendered":"BOSS 4 D"},"content":{"rendered":"<p>Stoli\u010dka z bukov\u00e9ho mas\u00edvu.<\/p>\n<p><strong>Farba dreva je na v\u00fdber z ponuky<\/strong>: biela, \u010dierna, dub grandson, grafit, ka\u0161m\u00edr, orech, orech svetl\u00fd, sonoma, wenge, jel\u0161a<\/p>\n<p><strong>Materi\u00e1l: mas\u00edv buk\u00a0<\/strong><\/p>\n<p>Rozmer:<\/p>\n<div class=\"elementor-element elementor-element-5555c0d elementor-widget elementor-widget-text-editor\" data-id=\"5555c0d\" data-element_type=\"text-editor.default\">\n<div class=\"elementor-widget-container\">\n<div class=\"elementor-text-editor elementor-clearfix\">\n<p>V\u00fd\u0161ka: 94 cm<\/p>\n<\/div>\n<\/div>\n<\/div>\n<div class=\"elementor-element elementor-element-018ab9f elementor-widget elementor-widget-text-editor\" data-id=\"018ab9f\" data-element_type=\"text-editor.default\">\n<div class=\"elementor-widget-container\">\n<div class=\"elementor-text-editor elementor-clearfix\">\n<p>\u0160\u00edrka: 43 cm<\/p>\n<\/div>\n<\/div>\n<\/div>\n<div class=\"elementor-element elementor-element-6112556 elementor-widget elementor-widget-text-editor\" data-id=\"6112556\" data-element_type=\"text-editor.default\">\n<div class=\"elementor-widget-container\">\n<div class=\"elementor-text-editor elementor-clearfix\">\n<p>D\u013a\u017eka: 40 cm<\/p>\n<\/div>\n<\/div>\n<\/div>\n<div class=\"elementor-element elementor-element-9e4c5e7 elementor-widget elementor-widget-text-editor\" data-id=\"9e4c5e7\" data-element_type=\"text-editor.default\">\n<div class=\"elementor-widget-container\">\n<div class=\"elementor-text-editor elementor-clearfix\">\n<p>V\u00fd\u0161ka sedadla: 45 cm<\/p>\n<\/div>\n<\/div>\n<\/div>\n","protected":false},"excerpt":{"rendered":"<p>Stoli\u010dka z bukov\u00e9ho mas\u00edvu. Farba dreva je na v\u00fdber z ponuky: biela, \u010dierna, dub grandson, grafit, ka\u0161m\u00edr, orech, orech svetl\u00fd, sonoma, wenge, jel\u0161a Materi\u00e1l: mas\u00edv buk\u00a0 Rozmer: V\u00fd\u0161ka: 94 cm \u0160\u00edrka: 43 cm D\u013a\u017eka: 40 cm V\u00fd\u0161ka sedadla: 45 cm<\/p>\n","protected":false},"featured_media":6251,"comment_status":"closed","ping_status":"closed","template":"","meta":{"_seopress_robots_primary_cat":"238","_seopress_titles_title":"","_seopress_titles_desc":"","_seopress_robots_index":""},"product_brand":[],"product_cat":[238],"product_tag":[],"class_list":{"0":"post-119552","1":"product","2":"type-product","3":"status-publish","4":"has-post-thumbnail","6":"product_cat-drevene-stolicky","8":"first","9":"onbackorder","10":"shipping-taxable","11":"purchasable","12":"product-type-simple"},"_links":{"self":[{"href":"https:\/\/nabytoklaguna.sk\/sk\/wp-json\/wp\/v2\/product\/119552","targetHints":{"allow":["GET"]}}],"collection":[{"href":"https:\/\/nabytoklaguna.sk\/sk\/wp-json\/wp\/v2\/product"}],"about":[{"href":"https:\/\/nabytoklaguna.sk\/sk\/wp-json\/wp\/v2\/types\/product"}],"replies":[{"embeddable":true,"href":"https:\/\/nabytoklaguna.sk\/sk\/wp-json\/wp\/v2\/comments?post=119552"}],"wp:featuredmedia":[{"embeddable":true,"href":"https:\/\/nabytoklaguna.sk\/sk\/wp-json\/wp\/v2\/media\/6251"}],"wp:attachment":[{"href":"https:\/\/nabytoklaguna.sk\/sk\/wp-json\/wp\/v2\/media?parent=119552"}],"wp:term":[{"taxonomy":"product_brand","embeddable":true,"href":"https:\/\/nabytoklaguna.sk\/sk\/wp-json\/wp\/v2\/product_brand?post=119552"},{"taxonomy":"product_cat","embeddable":true,"href":"https:\/\/nabytoklaguna.sk\/sk\/wp-json\/wp\/v2\/product_cat?post=119552"},{"taxonomy":"product_tag","embeddable":true,"href":"https:\/\/nabytoklaguna.sk\/sk\/wp-json\/wp\/v2\/product_tag?post=119552"}],"curies":[{"name":"wp","href":"https:\/\/api.w.org\/{rel}","templated":true}]}}

<p>Stolička z bukového masívu.</p>
<p><strong>Farba dreva je na výber z ponuky</strong>: biela, čierna, dub grandson, grafit, kašmír, orech, orech svetlý, sonoma, wenge, jelša</p>
<p><strong>Materiál: masív buk </strong></p>
<p>Rozmer:</p>
<div class="elementor-element elementor-element-5555c0d elementor-widget elementor-widget-text-editor" data-id="5555c0d" data-element_type="text-editor.default">
<div class="elementor-widget-container">
<div class="elementor-text-editor elementor-clearfix">
<p>Výška: 94 cm</p>
</div>
</div>
</div>
<div class="elementor-element elementor-element-018ab9f elementor-widget elementor-widget-text-editor" data-id="018ab9f" data-element_type="text-editor.default">
<div class="elementor-widget-container">
<div class="elementor-text-editor elementor-clearfix">
<p>Šírka: 43 cm</p>
</div>
</div>
</div>
<div class="elementor-element elementor-element-6112556 elementor-widget elementor-widget-text-editor" data-id="6112556" data-element_type="text-editor.default">
<div class="elementor-widget-container">
<div class="elementor-text-editor elementor-clearfix">
<p>Dĺžka: 40 cm</p>
</div>
</div>
</div>
<div class="elementor-element elementor-element-9e4c5e7 elementor-widget elementor-widget-text-editor" data-id="9e4c5e7" data-element_type="text-editor.default">
<div class="elementor-widget-container">
<div class="elementor-text-editor elementor-clearfix">
<p>Výška sedadla: 45 cm</p>
</div>
</div>
</div>

<p>Stolička z bukového masívu. Farba dreva je na výber z ponuky: biela, čierna, dub grandson, grafit, kašmír, orech, orech svetlý, sonoma, wenge, jelša Materiál: masív buk  Rozmer: Výška: 94 cm Šírka: 43 cm Dĺžka: 40 cm Výška sedadla: 45 cm</p>
