{"id":119555,"date":"2023-04-22T18:40:00","date_gmt":"2023-04-22T18:40:00","guid":{"rendered":"https:\/\/nabytoklaguna.sk\/sk\/?post_type=product&#038;p=119555"},"modified":"2023-08-23T17:23:48","modified_gmt":"2023-08-23T15:23:48","slug":"modena-i","status":"publish","type":"product","link":"https:\/\/nabytoklaguna.sk\/sk\/produkt\/modena-i\/","title":{"rendered":"MODENA I"},"content":{"rendered":"<p>Rozkladac\u00ed st\u00f4l z mas\u00edvu v preveden\u00ed orech. Pl\u00e1t lamino\/ABS hrana. Mo\u017enos\u0165 v\u00fdberu farby pod\u013ea ponuky: orech, jel\u0161a, biela, sonoma, lefkas, wenge a grafit.<\/p>\n<p>Prevedenia grafit a wenge s pr\u00edplatkom 24,- \u20ac.<\/p>\n<p>Rozmery: \u0161xvxd: 80x78x140\/180 cm.<\/p>\n","protected":false},"excerpt":{"rendered":"<p>Rozkladac\u00ed st\u00f4l z mas\u00edvu v preveden\u00ed orech. Pl\u00e1t lamino\/ABS hrana. Mo\u017enos\u0165 v\u00fdberu farby pod\u013ea ponuky: orech, jel\u0161a, biela, sonoma, lefkas, wenge a grafit. Prevedenia grafit a wenge s pr\u00edplatkom 24,- \u20ac. Rozmery: \u0161xvxd: 80x78x140\/180 cm.<\/p>\n","protected":false},"featured_media":6566,"comment_status":"closed","ping_status":"closed","template":"","meta":{"_seopress_robots_primary_cat":"244","_seopress_titles_title":"","_seopress_titles_desc":"","_seopress_robots_index":""},"product_brand":[],"product_cat":[244],"product_tag":[],"class_list":{"0":"post-119555","1":"product","2":"type-product","3":"status-publish","4":"has-post-thumbnail","6":"product_cat-drevene-stoly","8":"first","9":"onbackorder","10":"shipping-taxable","11":"purchasable","12":"product-type-simple"},"_links":{"self":[{"href":"https:\/\/nabytoklaguna.sk\/sk\/wp-json\/wp\/v2\/product\/119555","targetHints":{"allow":["GET"]}}],"collection":[{"href":"https:\/\/nabytoklaguna.sk\/sk\/wp-json\/wp\/v2\/product"}],"about":[{"href":"https:\/\/nabytoklaguna.sk\/sk\/wp-json\/wp\/v2\/types\/product"}],"replies":[{"embeddable":true,"href":"https:\/\/nabytoklaguna.sk\/sk\/wp-json\/wp\/v2\/comments?post=119555"}],"wp:featuredmedia":[{"embeddable":true,"href":"https:\/\/nabytoklaguna.sk\/sk\/wp-json\/wp\/v2\/media\/6566"}],"wp:attachment":[{"href":"https:\/\/nabytoklaguna.sk\/sk\/wp-json\/wp\/v2\/media?parent=119555"}],"wp:term":[{"taxonomy":"product_brand","embeddable":true,"href":"https:\/\/nabytoklaguna.sk\/sk\/wp-json\/wp\/v2\/product_brand?post=119555"},{"taxonomy":"product_cat","embeddable":true,"href":"https:\/\/nabytoklaguna.sk\/sk\/wp-json\/wp\/v2\/product_cat?post=119555"},{"taxonomy":"product_tag","embeddable":true,"href":"https:\/\/nabytoklaguna.sk\/sk\/wp-json\/wp\/v2\/product_tag?post=119555"}],"curies":[{"name":"wp","href":"https:\/\/api.w.org\/{rel}","templated":true}]}}

<p>Rozkladací stôl z masívu v prevedení orech. Plát lamino/ABS hrana. Možnosť výberu farby podľa ponuky: orech, jelša, biela, sonoma, lefkas, wenge a grafit.</p>
<p>Prevedenia grafit a wenge s príplatkom 24,- €.</p>
<p>Rozmery: šxvxd: 80x78x140/180 cm.</p>

<p>Rozkladací stôl z masívu v prevedení orech. Plát lamino/ABS hrana. Možnosť výberu farby podľa ponuky: orech, jelša, biela, sonoma, lefkas, wenge a grafit. Prevedenia grafit a wenge s príplatkom 24,- €. Rozmery: šxvxd: 80x78x140/180 cm.</p>
