{"id":119559,"date":"2023-04-22T18:40:00","date_gmt":"2023-04-22T16:40:00","guid":{"rendered":"https:\/\/nabytoklaguna.sk\/sk\/?post_type=product&#038;p=119559"},"modified":"2025-10-01T14:31:39","modified_gmt":"2025-10-01T12:31:39","slug":"venus-ii","status":"publish","type":"product","link":"https:\/\/nabytoklaguna.sk\/sk\/produkt\/venus-ii\/","title":{"rendered":"VENUS II"},"content":{"rendered":"<p>Rozkladac\u00ed st\u00f4l <strong>VENUS II<\/strong>. Mo\u017enos\u0165 v\u00fdberu farby dreva z ponuky: orech, biela, jel\u0161a, grandson, ga\u0161tan, sonoma, a grafit. V\u00fdber farby nap\u00ed\u0161te do pozn\u00e1mky pri objedn\u00e1vke.<\/p>\n<p><strong>Materi\u00e1l :<\/strong><\/p>\n<p>nohy stola bukov\u00fd mas\u00edv,<\/p>\n<p>pl\u00e1t stola lamino, ABS hrana.<\/p>\n<p>&nbsp;<\/p>\n<p><strong>Rozmer:<\/strong><\/p>\n<div class=\"elementor-element elementor-element-5555c0d elementor-widget elementor-widget-text-editor\" data-id=\"5555c0d\" data-element_type=\"text-editor.default\">\n<div class=\"elementor-widget-container\">\n<div class=\"elementor-text-editor elementor-clearfix\">\n<p>V\u00fd\u0161ka: 76 cm<\/p>\n<\/div>\n<\/div>\n<\/div>\n<div class=\"elementor-element elementor-element-018ab9f elementor-widget elementor-widget-text-editor\" data-id=\"018ab9f\" data-element_type=\"text-editor.default\">\n<div class=\"elementor-widget-container\">\n<div class=\"elementor-text-editor elementor-clearfix\">\n<p>\u0160\u00edrka: 80 cm<\/p>\n<\/div>\n<\/div>\n<\/div>\n<div class=\"elementor-element elementor-element-6112556 elementor-widget elementor-widget-text-editor\" data-id=\"6112556\" data-element_type=\"text-editor.default\">\n<div class=\"elementor-widget-container\">\n<div class=\"elementor-text-editor elementor-clearfix\">\n<p>D\u013a\u017eka: 140\/180 cm<\/p>\n<\/div>\n<\/div>\n<\/div>\n<p>&nbsp;<\/p>\n","protected":false},"excerpt":{"rendered":"<p>Rozkladac\u00ed st\u00f4l VENUS II. Mo\u017enos\u0165 v\u00fdberu farby dreva z ponuky: orech, biela, jel\u0161a, grandson, ga\u0161tan, sonoma, a grafit. V\u00fdber farby nap\u00ed\u0161te do pozn\u00e1mky pri objedn\u00e1vke. Materi\u00e1l : nohy stola bukov\u00fd mas\u00edv, pl\u00e1t stola lamino, ABS hrana. &nbsp; Rozmer: V\u00fd\u0161ka: 76 cm \u0160\u00edrka: 80 cm D\u013a\u017eka: 140\/180 cm &nbsp;<\/p>\n","protected":false},"featured_media":6445,"comment_status":"closed","ping_status":"closed","template":"","meta":{"_seopress_robots_primary_cat":"244","_seopress_titles_title":"","_seopress_titles_desc":"","_seopress_robots_index":""},"product_brand":[],"product_cat":[244],"product_tag":[],"class_list":{"0":"post-119559","1":"product","2":"type-product","3":"status-publish","4":"has-post-thumbnail","6":"product_cat-drevene-stoly","8":"first","9":"onbackorder","10":"shipping-taxable","11":"purchasable","12":"product-type-simple"},"_links":{"self":[{"href":"https:\/\/nabytoklaguna.sk\/sk\/wp-json\/wp\/v2\/product\/119559","targetHints":{"allow":["GET"]}}],"collection":[{"href":"https:\/\/nabytoklaguna.sk\/sk\/wp-json\/wp\/v2\/product"}],"about":[{"href":"https:\/\/nabytoklaguna.sk\/sk\/wp-json\/wp\/v2\/types\/product"}],"replies":[{"embeddable":true,"href":"https:\/\/nabytoklaguna.sk\/sk\/wp-json\/wp\/v2\/comments?post=119559"}],"wp:featuredmedia":[{"embeddable":true,"href":"https:\/\/nabytoklaguna.sk\/sk\/wp-json\/wp\/v2\/media\/6445"}],"wp:attachment":[{"href":"https:\/\/nabytoklaguna.sk\/sk\/wp-json\/wp\/v2\/media?parent=119559"}],"wp:term":[{"taxonomy":"product_brand","embeddable":true,"href":"https:\/\/nabytoklaguna.sk\/sk\/wp-json\/wp\/v2\/product_brand?post=119559"},{"taxonomy":"product_cat","embeddable":true,"href":"https:\/\/nabytoklaguna.sk\/sk\/wp-json\/wp\/v2\/product_cat?post=119559"},{"taxonomy":"product_tag","embeddable":true,"href":"https:\/\/nabytoklaguna.sk\/sk\/wp-json\/wp\/v2\/product_tag?post=119559"}],"curies":[{"name":"wp","href":"https:\/\/api.w.org\/{rel}","templated":true}]}}

<p>Rozkladací stôl <strong>VENUS II</strong>. Možnosť výberu farby dreva z ponuky: orech, biela, jelša, grandson, gaštan, sonoma, a grafit. Výber farby napíšte do poznámky pri objednávke.</p>
<p><strong>Materiál :</strong></p>
<p>nohy stola bukový masív,</p>
<p>plát stola lamino, ABS hrana.</p>
<p>&nbsp;</p>
<p><strong>Rozmer:</strong></p>
<div class="elementor-element elementor-element-5555c0d elementor-widget elementor-widget-text-editor" data-id="5555c0d" data-element_type="text-editor.default">
<div class="elementor-widget-container">
<div class="elementor-text-editor elementor-clearfix">
<p>Výška: 76 cm</p>
</div>
</div>
</div>
<div class="elementor-element elementor-element-018ab9f elementor-widget elementor-widget-text-editor" data-id="018ab9f" data-element_type="text-editor.default">
<div class="elementor-widget-container">
<div class="elementor-text-editor elementor-clearfix">
<p>Šírka: 80 cm</p>
</div>
</div>
</div>
<div class="elementor-element elementor-element-6112556 elementor-widget elementor-widget-text-editor" data-id="6112556" data-element_type="text-editor.default">
<div class="elementor-widget-container">
<div class="elementor-text-editor elementor-clearfix">
<p>Dĺžka: 140/180 cm</p>
</div>
</div>
</div>
<p>&nbsp;</p>

<p>Rozkladací stôl VENUS II. Možnosť výberu farby dreva z ponuky: orech, biela, jelša, grandson, gaštan, sonoma, a grafit. Výber farby napíšte do poznámky pri objednávke. Materiál : nohy stola bukový masív, plát stola lamino, ABS hrana. &nbsp; Rozmer: Výška: 76 cm Šírka: 80 cm Dĺžka: 140/180 cm &nbsp;</p>
