{"id":119567,"date":"2023-04-22T18:40:00","date_gmt":"2023-04-22T16:40:00","guid":{"rendered":"https:\/\/nabytoklaguna.sk\/sk\/?post_type=product&#038;p=119567"},"modified":"2025-10-01T14:11:40","modified_gmt":"2025-10-01T12:11:40","slug":"jedalensky-stol-max-x","status":"publish","type":"product","link":"https:\/\/nabytoklaguna.sk\/sk\/produkt\/jedalensky-stol-max-x\/","title":{"rendered":"MAX X"},"content":{"rendered":"<p>Rozkladac\u00ed st\u00f4l<strong> MAX X. <\/strong>Mo\u017enos\u0165 v\u00fdberu farebn\u00e9ho prevedenia. V\u00fdber farby nap\u00ed\u0161te do pozn\u00e1mky pri objedn\u00e1vke.<\/p>\n<p>Farba vrchnej dosky:\u00a0 biela,\u00a0 sonoma,\u00a0 dub grandson,\u00a0 artisan.<\/p>\n<p>Farba n\u00f4h: biela, sonoma, dub grandson,\u00a0 \u010dierna,\u00a0 buk pr\u00edrodn\u00fd.<\/p>\n<p><strong>Materi\u00e1l :<\/strong><\/p>\n<p>nohy stola bukov\u00fd mas\u00edv,<\/p>\n<p>pl\u00e1t stola lamino, ABS hrana.<\/p>\n<p><strong>Rozmer:<\/strong><\/p>\n<div class=\"elementor-element elementor-element-5555c0d elementor-widget elementor-widget-text-editor\" data-id=\"5555c0d\" data-element_type=\"text-editor.default\">\n<div class=\"elementor-widget-container\">\n<div class=\"elementor-text-editor elementor-clearfix\">\n<p>V\u00fd\u0161ka: 78 cm<\/p>\n<\/div>\n<\/div>\n<\/div>\n<div class=\"elementor-element elementor-element-018ab9f elementor-widget elementor-widget-text-editor\" data-id=\"018ab9f\" data-element_type=\"text-editor.default\">\n<div class=\"elementor-widget-container\">\n<div class=\"elementor-text-editor elementor-clearfix\">\n<p>\u0160\u00edrka: 70 cm<\/p>\n<\/div>\n<\/div>\n<\/div>\n<div class=\"elementor-element elementor-element-6112556 elementor-widget elementor-widget-text-editor\" data-id=\"6112556\" data-element_type=\"text-editor.default\">\n<div class=\"elementor-widget-container\">\n<div class=\"elementor-text-editor elementor-clearfix\">\n<p>D\u013a\u017eka: 120\/160 cm<\/p>\n<\/div>\n<\/div>\n<\/div>\n","protected":false},"excerpt":{"rendered":"<p>Rozkladac\u00ed st\u00f4l MAX X. Mo\u017enos\u0165 v\u00fdberu farebn\u00e9ho prevedenia. V\u00fdber farby nap\u00ed\u0161te do pozn\u00e1mky pri objedn\u00e1vke. Farba vrchnej dosky:\u00a0 biela,\u00a0 sonoma,\u00a0 dub grandson,\u00a0 artisan. Farba n\u00f4h: biela, sonoma, dub grandson,\u00a0 \u010dierna,\u00a0 buk pr\u00edrodn\u00fd. Materi\u00e1l : nohy stola bukov\u00fd mas\u00edv, pl\u00e1t stola lamino, ABS hrana. Rozmer: V\u00fd\u0161ka: 78 cm \u0160\u00edrka: 70 cm D\u013a\u017eka: 120\/160 cm<\/p>\n","protected":false},"featured_media":6413,"comment_status":"closed","ping_status":"closed","template":"","meta":{"_seopress_robots_primary_cat":"244","_seopress_titles_title":"","_seopress_titles_desc":"","_seopress_robots_index":""},"product_brand":[],"product_cat":[244],"product_tag":[],"class_list":{"0":"post-119567","1":"product","2":"type-product","3":"status-publish","4":"has-post-thumbnail","6":"product_cat-drevene-stoly","8":"first","9":"onbackorder","10":"shipping-taxable","11":"purchasable","12":"product-type-simple"},"_links":{"self":[{"href":"https:\/\/nabytoklaguna.sk\/sk\/wp-json\/wp\/v2\/product\/119567","targetHints":{"allow":["GET"]}}],"collection":[{"href":"https:\/\/nabytoklaguna.sk\/sk\/wp-json\/wp\/v2\/product"}],"about":[{"href":"https:\/\/nabytoklaguna.sk\/sk\/wp-json\/wp\/v2\/types\/product"}],"replies":[{"embeddable":true,"href":"https:\/\/nabytoklaguna.sk\/sk\/wp-json\/wp\/v2\/comments?post=119567"}],"wp:featuredmedia":[{"embeddable":true,"href":"https:\/\/nabytoklaguna.sk\/sk\/wp-json\/wp\/v2\/media\/6413"}],"wp:attachment":[{"href":"https:\/\/nabytoklaguna.sk\/sk\/wp-json\/wp\/v2\/media?parent=119567"}],"wp:term":[{"taxonomy":"product_brand","embeddable":true,"href":"https:\/\/nabytoklaguna.sk\/sk\/wp-json\/wp\/v2\/product_brand?post=119567"},{"taxonomy":"product_cat","embeddable":true,"href":"https:\/\/nabytoklaguna.sk\/sk\/wp-json\/wp\/v2\/product_cat?post=119567"},{"taxonomy":"product_tag","embeddable":true,"href":"https:\/\/nabytoklaguna.sk\/sk\/wp-json\/wp\/v2\/product_tag?post=119567"}],"curies":[{"name":"wp","href":"https:\/\/api.w.org\/{rel}","templated":true}]}}

<p>Rozkladací stôl<strong> MAX X. </strong>Možnosť výberu farebného prevedenia. Výber farby napíšte do poznámky pri objednávke.</p>
<p>Farba vrchnej dosky:  biela,  sonoma,  dub grandson,  artisan.</p>
<p>Farba nôh: biela, sonoma, dub grandson,  čierna,  buk prírodný.</p>
<p><strong>Materiál :</strong></p>
<p>nohy stola bukový masív,</p>
<p>plát stola lamino, ABS hrana.</p>
<p><strong>Rozmer:</strong></p>
<div class="elementor-element elementor-element-5555c0d elementor-widget elementor-widget-text-editor" data-id="5555c0d" data-element_type="text-editor.default">
<div class="elementor-widget-container">
<div class="elementor-text-editor elementor-clearfix">
<p>Výška: 78 cm</p>
</div>
</div>
</div>
<div class="elementor-element elementor-element-018ab9f elementor-widget elementor-widget-text-editor" data-id="018ab9f" data-element_type="text-editor.default">
<div class="elementor-widget-container">
<div class="elementor-text-editor elementor-clearfix">
<p>Šírka: 70 cm</p>
</div>
</div>
</div>
<div class="elementor-element elementor-element-6112556 elementor-widget elementor-widget-text-editor" data-id="6112556" data-element_type="text-editor.default">
<div class="elementor-widget-container">
<div class="elementor-text-editor elementor-clearfix">
<p>Dĺžka: 120/160 cm</p>
</div>
</div>
</div>

<p>Rozkladací stôl MAX X. Možnosť výberu farebného prevedenia. Výber farby napíšte do poznámky pri objednávke. Farba vrchnej dosky:  biela,  sonoma,  dub grandson,  artisan. Farba nôh: biela, sonoma, dub grandson,  čierna,  buk prírodný. Materiál : nohy stola bukový masív, plát stola lamino, ABS hrana. Rozmer: Výška: 78 cm Šírka: 70 cm Dĺžka: 120/160 cm</p>
