{"id":119572,"date":"2023-04-22T18:40:00","date_gmt":"2023-04-22T16:40:00","guid":{"rendered":"https:\/\/nabytoklaguna.sk\/sk\/?post_type=product&#038;p=119572"},"modified":"2023-11-06T16:39:01","modified_gmt":"2023-11-06T15:39:01","slug":"nilo-ii","status":"publish","type":"product","link":"https:\/\/nabytoklaguna.sk\/sk\/produkt\/nilo-ii\/","title":{"rendered":"NILO II"},"content":{"rendered":"<p>Kvalitn\u00e1 stoli\u010dka z mas\u00edvneho bukov\u00e9ho dreva. Po\u0165ahov\u00e1 l\u00e1tka je na v\u00fdber z pon\u00fakan\u00e9ho vzorkovn\u00edka. Za l\u00e1tku 28, 29X, 30, 31, 32, 33, 34, 35, 36 je doplatok 3,- \u20ac.\u00a0 Farbu dreva je mo\u017en\u00e9 vybra\u0165 z ponuky: orech, biela, sonoma, jel\u0161a, ga\u0161tan, wenge, dub grandson, \u010dierna.<\/p>\n<p>Materi\u00e1l: mas\u00edv buk\/\u010dal\u00fanenie.<\/p>\n<p>Rozmer:<\/p>\n<div class=\"elementor-element elementor-element-5555c0d elementor-widget elementor-widget-text-editor\" data-id=\"5555c0d\" data-element_type=\"text-editor.default\">\n<div class=\"elementor-widget-container\">\n<div class=\"elementor-text-editor elementor-clearfix\">\n<p>V\u00fd\u0161ka: 96 cm<\/p>\n<\/div>\n<\/div>\n<\/div>\n<div class=\"elementor-element elementor-element-018ab9f elementor-widget elementor-widget-text-editor\" data-id=\"018ab9f\" data-element_type=\"text-editor.default\">\n<div class=\"elementor-widget-container\">\n<div class=\"elementor-text-editor elementor-clearfix\">\n<p>\u0160\u00edrka: 43 cm<\/p>\n<\/div>\n<\/div>\n<\/div>\n<div class=\"elementor-element elementor-element-6112556 elementor-widget elementor-widget-text-editor\" data-id=\"6112556\" data-element_type=\"text-editor.default\">\n<div class=\"elementor-widget-container\">\n<div class=\"elementor-text-editor elementor-clearfix\">\n<p>D\u013a\u017eka: 40 cm<\/p>\n<\/div>\n<\/div>\n<\/div>\n<div class=\"elementor-element elementor-element-9e4c5e7 elementor-widget elementor-widget-text-editor\" data-id=\"9e4c5e7\" data-element_type=\"text-editor.default\">\n<div class=\"elementor-widget-container\">\n<div class=\"elementor-text-editor elementor-clearfix\">\n<p>V\u00fd\u0161ka sedadla: 48 cm<\/p>\n<\/div>\n<\/div>\n<\/div>\n","protected":false},"excerpt":{"rendered":"<p>Kvalitn\u00e1 stoli\u010dka z mas\u00edvneho bukov\u00e9ho dreva. Po\u0165ahov\u00e1 l\u00e1tka je na v\u00fdber z pon\u00fakan\u00e9ho vzorkovn\u00edka. Za l\u00e1tku 28, 29X, 30, 31, 32, 33, 34, 35, 36 je doplatok 3,- \u20ac.\u00a0 Farbu dreva je mo\u017en\u00e9 vybra\u0165 z ponuky: orech, biela, sonoma, jel\u0161a, ga\u0161tan, wenge, dub grandson, \u010dierna. Materi\u00e1l: mas\u00edv buk\/\u010dal\u00fanenie. Rozmer: V\u00fd\u0161ka: 96 cm \u0160\u00edrka: 43 cm&#8230;<\/p>\n","protected":false},"featured_media":6211,"comment_status":"closed","ping_status":"closed","template":"","meta":{"_seopress_robots_primary_cat":"238","_seopress_titles_title":"","_seopress_titles_desc":"","_seopress_robots_index":""},"product_brand":[],"product_cat":[238],"product_tag":[],"class_list":{"0":"post-119572","1":"product","2":"type-product","3":"status-publish","4":"has-post-thumbnail","6":"product_cat-drevene-stolicky","8":"first","9":"onbackorder","10":"shipping-taxable","11":"purchasable","12":"product-type-simple"},"_links":{"self":[{"href":"https:\/\/nabytoklaguna.sk\/sk\/wp-json\/wp\/v2\/product\/119572","targetHints":{"allow":["GET"]}}],"collection":[{"href":"https:\/\/nabytoklaguna.sk\/sk\/wp-json\/wp\/v2\/product"}],"about":[{"href":"https:\/\/nabytoklaguna.sk\/sk\/wp-json\/wp\/v2\/types\/product"}],"replies":[{"embeddable":true,"href":"https:\/\/nabytoklaguna.sk\/sk\/wp-json\/wp\/v2\/comments?post=119572"}],"wp:featuredmedia":[{"embeddable":true,"href":"https:\/\/nabytoklaguna.sk\/sk\/wp-json\/wp\/v2\/media\/6211"}],"wp:attachment":[{"href":"https:\/\/nabytoklaguna.sk\/sk\/wp-json\/wp\/v2\/media?parent=119572"}],"wp:term":[{"taxonomy":"product_brand","embeddable":true,"href":"https:\/\/nabytoklaguna.sk\/sk\/wp-json\/wp\/v2\/product_brand?post=119572"},{"taxonomy":"product_cat","embeddable":true,"href":"https:\/\/nabytoklaguna.sk\/sk\/wp-json\/wp\/v2\/product_cat?post=119572"},{"taxonomy":"product_tag","embeddable":true,"href":"https:\/\/nabytoklaguna.sk\/sk\/wp-json\/wp\/v2\/product_tag?post=119572"}],"curies":[{"name":"wp","href":"https:\/\/api.w.org\/{rel}","templated":true}]}}

<p>Kvalitná stolička z masívneho bukového dreva. Poťahová látka je na výber z ponúkaného vzorkovníka. Za látku 28, 29X, 30, 31, 32, 33, 34, 35, 36 je doplatok 3,- €.  Farbu dreva je možné vybrať z ponuky: orech, biela, sonoma, jelša, gaštan, wenge, dub grandson, čierna.</p>
<p>Materiál: masív buk/čalúnenie.</p>
<p>Rozmer:</p>
<div class="elementor-element elementor-element-5555c0d elementor-widget elementor-widget-text-editor" data-id="5555c0d" data-element_type="text-editor.default">
<div class="elementor-widget-container">
<div class="elementor-text-editor elementor-clearfix">
<p>Výška: 96 cm</p>
</div>
</div>
</div>
<div class="elementor-element elementor-element-018ab9f elementor-widget elementor-widget-text-editor" data-id="018ab9f" data-element_type="text-editor.default">
<div class="elementor-widget-container">
<div class="elementor-text-editor elementor-clearfix">
<p>Šírka: 43 cm</p>
</div>
</div>
</div>
<div class="elementor-element elementor-element-6112556 elementor-widget elementor-widget-text-editor" data-id="6112556" data-element_type="text-editor.default">
<div class="elementor-widget-container">
<div class="elementor-text-editor elementor-clearfix">
<p>Dĺžka: 40 cm</p>
</div>
</div>
</div>
<div class="elementor-element elementor-element-9e4c5e7 elementor-widget elementor-widget-text-editor" data-id="9e4c5e7" data-element_type="text-editor.default">
<div class="elementor-widget-container">
<div class="elementor-text-editor elementor-clearfix">
<p>Výška sedadla: 48 cm</p>
</div>
</div>
</div>

<p>Kvalitná stolička z masívneho bukového dreva. Poťahová látka je na výber z ponúkaného vzorkovníka. Za látku 28, 29X, 30, 31, 32, 33, 34, 35, 36 je doplatok 3,- €.  Farbu dreva je možné vybrať z ponuky: orech, biela, sonoma, jelša, gaštan, wenge, dub grandson, čierna. Materiál: masív buk/čalúnenie. Rozmer: Výška: 96 cm Šírka: 43 cm&#8230;</p>
