{"id":119583,"date":"2023-04-22T18:40:00","date_gmt":"2023-04-22T18:40:00","guid":{"rendered":"https:\/\/nabytoklaguna.sk\/sk\/?post_type=product&#038;p=119583"},"modified":"2025-05-26T15:14:10","modified_gmt":"2025-05-26T13:14:10","slug":"tempo-kondela-promo","status":"publish","type":"product","link":"https:\/\/nabytoklaguna.sk\/sk\/produkt\/tempo-kondela-promo\/","title":{"rendered":"K PROMO"},"content":{"rendered":"<p>Kuchynsk\u00e1 zostava PROMO sa zmest\u00ed do men\u0161\u00edch bytov\u00fdch kuch\u00fd\u0148 ale nestrat\u00ed sa ani v rodinnom dome! M\u00f4\u017eete ju kombinova\u0165 s r\u00f4znymi kuchynsk\u00fdmi kompletmi pre jej nautr\u00e1lnu farbu v preveden\u00ed dub sonoma. Korpus kuchyne je v bielej farbe. V skrink\u00e1ch je dostato\u010dn\u00fd \u00falo\u017en\u00fd priestor, ktor\u00fd zabezpe\u010d\u00ed, aby ste mali v\u0161etko v\u017edy po ruke, na spr\u00e1vnom mieste, pripraven\u00e9 na pou\u017eitie, \u010do je v ka\u017edej kuchyni to najd\u00f4le\u017eitej\u0161ie. \u010ci u\u017e pre sk\u00fasen\u00e9 gazdinky, mlad\u00fa dvojicu, alebo pre spolo\u010dn\u00e9 varenie s de\u0165mi&#8230; Jej dizajn sa hod\u00ed do r\u00f4znych farebn\u00fdch a materi\u00e1lov\u00fdch miestnost\u00ed, kde dostato\u010dne vynikne a nikde nebude p\u00f4sobi\u0165 ru\u0161ivo. Ka\u017ed\u00e9 r\u00e1no V\u00e1s presved\u010d\u00ed svojimi praktick\u00fdmi vlastnos\u0165ami o tom, \u017ee V\u00e1s \u010dak\u00e1 skvel\u00fd de\u0148! Drezov\u00e1 skrinka je dod\u00e1van\u00e1 bez pracovnej dosky. Je vyroben\u00e1 z kvalitnej laminovanej drevotriesky. K tejto kuchynskej zostave si m\u00f4\u017eete zak\u00fapi\u0165 univerz\u00e1lny drez v cene 74 Eur z na\u0161ej ponuky. Horn\u00fd rozmer aj s digestorovou skrinkou je 260 cm, doln\u00fd rozmer je 200 cm. Kuchynsk\u00e1 zostava je dod\u00e1van\u00e1 bez spotrebi\u010dov a doplnkov z obr\u00e1zku.<\/p>\n<p><strong>Hmotnos\u0165:<\/strong> 135,8 kg<\/p>\n<p><strong>Po\u010det bal\u00edkov:<\/strong> 11<\/p>\n","protected":false},"excerpt":{"rendered":"<p>Kuchynsk\u00e1 zostava PROMO sa zmest\u00ed do men\u0161\u00edch bytov\u00fdch kuch\u00fd\u0148 ale nestrat\u00ed sa ani v rodinnom dome! M\u00f4\u017eete ju kombinova\u0165 s r\u00f4znymi kuchynsk\u00fdmi kompletmi pre jej nautr\u00e1lnu farbu v preveden\u00ed dub sonoma. Korpus kuchyne je v bielej farbe. V skrink\u00e1ch je dostato\u010dn\u00fd \u00falo\u017en\u00fd priestor, ktor\u00fd zabezpe\u010d\u00ed, aby ste mali v\u0161etko v\u017edy po ruke, na spr\u00e1vnom mieste,&#8230;<\/p>\n","protected":false},"featured_media":4561,"comment_status":"closed","ping_status":"closed","template":"","meta":{"_seopress_robots_primary_cat":"177","_seopress_titles_title":"","_seopress_titles_desc":"","_seopress_robots_index":""},"product_brand":[],"product_cat":[177],"product_tag":[],"class_list":{"0":"post-119583","1":"product","2":"type-product","3":"status-publish","4":"has-post-thumbnail","6":"product_cat-kuchyne-top","8":"first","9":"onbackorder","10":"shipping-taxable","11":"purchasable","12":"product-type-simple"},"_links":{"self":[{"href":"https:\/\/nabytoklaguna.sk\/sk\/wp-json\/wp\/v2\/product\/119583","targetHints":{"allow":["GET"]}}],"collection":[{"href":"https:\/\/nabytoklaguna.sk\/sk\/wp-json\/wp\/v2\/product"}],"about":[{"href":"https:\/\/nabytoklaguna.sk\/sk\/wp-json\/wp\/v2\/types\/product"}],"replies":[{"embeddable":true,"href":"https:\/\/nabytoklaguna.sk\/sk\/wp-json\/wp\/v2\/comments?post=119583"}],"wp:featuredmedia":[{"embeddable":true,"href":"https:\/\/nabytoklaguna.sk\/sk\/wp-json\/wp\/v2\/media\/4561"}],"wp:attachment":[{"href":"https:\/\/nabytoklaguna.sk\/sk\/wp-json\/wp\/v2\/media?parent=119583"}],"wp:term":[{"taxonomy":"product_brand","embeddable":true,"href":"https:\/\/nabytoklaguna.sk\/sk\/wp-json\/wp\/v2\/product_brand?post=119583"},{"taxonomy":"product_cat","embeddable":true,"href":"https:\/\/nabytoklaguna.sk\/sk\/wp-json\/wp\/v2\/product_cat?post=119583"},{"taxonomy":"product_tag","embeddable":true,"href":"https:\/\/nabytoklaguna.sk\/sk\/wp-json\/wp\/v2\/product_tag?post=119583"}],"curies":[{"name":"wp","href":"https:\/\/api.w.org\/{rel}","templated":true}]}}

<p>Kuchynská zostava PROMO sa zmestí do menších bytových kuchýň ale nestratí sa ani v rodinnom dome! Môžete ju kombinovať s rôznymi kuchynskými kompletmi pre jej nautrálnu farbu v prevedení dub sonoma. Korpus kuchyne je v bielej farbe. V skrinkách je dostatočný úložný priestor, ktorý zabezpečí, aby ste mali všetko vždy po ruke, na správnom mieste, pripravené na použitie, čo je v každej kuchyni to najdôležitejšie. Či už pre skúsené gazdinky, mladú dvojicu, alebo pre spoločné varenie s deťmi&#8230; Jej dizajn sa hodí do rôznych farebných a materiálových miestností, kde dostatočne vynikne a nikde nebude pôsobiť rušivo. Každé ráno Vás presvedčí svojimi praktickými vlastnosťami o tom, že Vás čaká skvelý deň! Drezová skrinka je dodávaná bez pracovnej dosky. Je vyrobená z kvalitnej laminovanej drevotriesky. K tejto kuchynskej zostave si môžete zakúpiť univerzálny drez v cene 74 Eur z našej ponuky. Horný rozmer aj s digestorovou skrinkou je 260 cm, dolný rozmer je 200 cm. Kuchynská zostava je dodávaná bez spotrebičov a doplnkov z obrázku.</p>
<p><strong>Hmotnosť:</strong> 135,8 kg</p>
<p><strong>Počet balíkov:</strong> 11</p>

<p>Kuchynská zostava PROMO sa zmestí do menších bytových kuchýň ale nestratí sa ani v rodinnom dome! Môžete ju kombinovať s rôznymi kuchynskými kompletmi pre jej nautrálnu farbu v prevedení dub sonoma. Korpus kuchyne je v bielej farbe. V skrinkách je dostatočný úložný priestor, ktorý zabezpečí, aby ste mali všetko vždy po ruke, na správnom mieste,&#8230;</p>
