{"id":119652,"date":"2023-04-22T20:12:00","date_gmt":"2023-04-22T20:12:00","guid":{"rendered":"https:\/\/nabytoklaguna.sk\/sk\/?post_type=product&#038;p=119652"},"modified":"2025-02-24T13:36:12","modified_gmt":"2025-02-24T12:36:12","slug":"aut-ak-313-grey2","status":"publish","type":"product","link":"https:\/\/nabytoklaguna.sk\/sk\/produkt\/aut-ak-313-grey2\/","title":{"rendered":"AUT AK-313 GREY2"},"content":{"rendered":"<p>Minimalistick\u00e9 kreslo v \u0161kandin\u00e1vskom \u0161t\u00fdle &#8211; vysok\u00fd sed\u00e1k, \u00fazke a vysok\u00e9 podr\u00fa\u010dky, stroh\u00e9 pre\u0161itie operadla. Po\u0165ah je z tmavo \u0161edej l\u00e1tky, kostra z mas\u00edvneho dreva, v\u00fdpl\u0148 z kvalitnej PU peny. V mieste sed\u00e1ku s\u00fa pre zv\u00fd\u0161enie komfortu sedenia elastick\u00e9 pruhy. K\u00f3nick\u00e9 dreven\u00e9 nohy s\u00fa z mas\u00edvneho kau\u010dukovn\u00edka, v pr\u00edrodnom odtieni lakovan\u00e9 transparentn\u00fdm lakom.\u00a0 Nohy s\u00fa vybaven\u00e9 plastov\u00fdmi klz\u00e1kmi, zadn\u00e9 s\u00fa navy\u0161e rektifikovate\u013en\u00e9. Svetl\u00e1 v\u00fd\u0161ka kresla je 22 cm, v\u00fd\u0161ka podr\u00fa\u010dok je pohodln\u00fdch 62 cm a ich \u0161\u00edrka 8 cm.<\/p>\n<div class=\"parametry-zbozi\">\n<table style=\"width: 100%; height: 1007px;\">\n<tbody>\n<tr style=\"height: 74px;\">\n<td class=\"popis\" style=\"height: 74px;\">Karton1:<\/td>\n<td style=\"height: 74px;\">16<br \/>\n78x78x87<\/td>\n<\/tr>\n<tr style=\"height: 10px;\">\n<td class=\"popis\" style=\"height: 10px;\"><\/td>\n<td style=\"height: 10px;\"><\/td>\n<\/tr>\n<tr style=\"height: 50px;\">\n<td class=\"popis\" style=\"height: 50px;\">Demontovan\u00e9:<\/td>\n<td style=\"height: 50px;\">\u00c1no<\/td>\n<\/tr>\n<tr style=\"height: 50px;\">\n<td class=\"popis\" style=\"height: 50px;\">Typ podno\u017ee:<\/td>\n<td style=\"height: 50px;\">4 nohy<\/td>\n<\/tr>\n<tr style=\"height: 50px;\">\n<td class=\"popis\" style=\"height: 50px;\">Rozmer nohy:<\/td>\n<td style=\"height: 50px;\">pr.4,5\/3,5&#215;22 cm<\/td>\n<\/tr>\n<tr style=\"height: 50px;\">\n<td class=\"popis\" style=\"height: 50px;\">Materi\u00e1l n\u00f4h:<\/td>\n<td style=\"height: 50px;\">Mas\u00edv kau\u010dukovn\u00edk<\/td>\n<\/tr>\n<tr style=\"height: 50px;\">\n<td class=\"popis\" style=\"height: 50px;\">V\u00fd\u0161ka (cm):<\/td>\n<td style=\"height: 50px;\">103<\/td>\n<\/tr>\n<tr style=\"height: 50px;\">\n<td class=\"popis\" style=\"height: 50px;\">\u0160\u00edrka (cm):<\/td>\n<td style=\"height: 50px;\">77<\/td>\n<\/tr>\n<tr style=\"height: 50px;\">\n<td class=\"popis\" style=\"height: 50px;\">H\u013abka (cm):<\/td>\n<td style=\"height: 50px;\">81<\/td>\n<\/tr>\n<tr style=\"height: 50px;\">\n<td class=\"popis\" style=\"height: 50px;\">Nosnos\u0165 (kg):<\/td>\n<td style=\"height: 50px;\">130<\/td>\n<\/tr>\n<tr style=\"height: 50px;\">\n<td class=\"popis\" style=\"height: 50px;\">V\u00fd\u0161ka sedu:<\/td>\n<td style=\"height: 50px;\">41 cm<\/td>\n<\/tr>\n<tr style=\"height: 50px;\">\n<td class=\"popis\" style=\"height: 50px;\">\u0160\u00edrka sedu:<\/td>\n<td style=\"height: 50px;\">54 cm<\/td>\n<\/tr>\n<tr style=\"height: 50px;\">\n<td class=\"popis\" style=\"height: 50px;\">H\u013abka sedu:<\/td>\n<td style=\"height: 50px;\">52 cm<\/td>\n<\/tr>\n<tr style=\"height: 50px;\">\n<td class=\"popis\" style=\"height: 50px;\">Po\u010det balen\u00ed:<\/td>\n<td style=\"height: 50px;\">1<\/td>\n<\/tr>\n<tr style=\"height: 50px;\">\n<td class=\"popis\" style=\"height: 50px;\">Materi\u00e1l sed\u00e1ku:<\/td>\n<td style=\"height: 50px;\">L\u00e1tka<\/td>\n<\/tr>\n<tr style=\"height: 74px;\">\n<td class=\"popis\" style=\"height: 74px;\">Materi\u00e1l kostry:<\/td>\n<td style=\"height: 74px;\">Masiv, PU pena<\/td>\n<\/tr>\n<tr style=\"height: 50px;\">\n<td class=\"popis\" style=\"height: 50px;\">\u0160t\u00fdl:<\/td>\n<td style=\"height: 50px;\">\u0160kandin\u00e1vsky<\/td>\n<\/tr>\n<tr style=\"height: 50px;\">\n<td class=\"popis\" style=\"height: 50px;\">Martindale:<\/td>\n<td style=\"height: 50px;\">20 000 ot.<\/td>\n<\/tr>\n<tr style=\"height: 50px;\">\n<td class=\"popis\" style=\"height: 50px;\">Zlo\u017eenie po\u0165ahu:<\/td>\n<td style=\"height: 50px;\">100% polyester<\/td>\n<\/tr>\n<tr style=\"height: 49px;\">\n<td class=\"popis\" style=\"height: 49px;\">Farbaa:<\/td>\n<td style=\"height: 49px;\">\u0160ed\u00e1<\/td>\n<\/tr>\n<\/tbody>\n<\/table>\n<hr \/>\n<\/div>\n<div class=\"obrazky\">\n<h3>OBR\u00c1ZKY<\/h3>\n<\/div>\n","protected":false},"excerpt":{"rendered":"<p>Minimalistick\u00e9 kreslo v \u0161kandin\u00e1vskom \u0161t\u00fdle &#8211; vysok\u00fd sed\u00e1k, \u00fazke a vysok\u00e9 podr\u00fa\u010dky, stroh\u00e9 pre\u0161itie operadla. Po\u0165ah je z tmavo \u0161edej l\u00e1tky, kostra z mas\u00edvneho dreva, v\u00fdpl\u0148 z kvalitnej PU peny. V mieste sed\u00e1ku s\u00fa pre zv\u00fd\u0161enie komfortu sedenia elastick\u00e9 pruhy. K\u00f3nick\u00e9 dreven\u00e9 nohy s\u00fa z mas\u00edvneho kau\u010dukovn\u00edka, v pr\u00edrodnom odtieni lakovan\u00e9 transparentn\u00fdm lakom.\u00a0 Nohy s\u00fa&#8230;<\/p>\n","protected":false},"featured_media":94918,"comment_status":"closed","ping_status":"closed","template":"","meta":{"_seopress_robots_primary_cat":"none","_seopress_titles_title":"","_seopress_titles_desc":"","_seopress_robots_index":""},"product_brand":[],"product_cat":[231],"product_tag":[],"class_list":{"0":"post-119652","1":"product","2":"type-product","3":"status-publish","4":"has-post-thumbnail","6":"product_cat-kresla","8":"first","9":"onbackorder","10":"shipping-taxable","11":"purchasable","12":"product-type-simple"},"_links":{"self":[{"href":"https:\/\/nabytoklaguna.sk\/sk\/wp-json\/wp\/v2\/product\/119652","targetHints":{"allow":["GET"]}}],"collection":[{"href":"https:\/\/nabytoklaguna.sk\/sk\/wp-json\/wp\/v2\/product"}],"about":[{"href":"https:\/\/nabytoklaguna.sk\/sk\/wp-json\/wp\/v2\/types\/product"}],"replies":[{"embeddable":true,"href":"https:\/\/nabytoklaguna.sk\/sk\/wp-json\/wp\/v2\/comments?post=119652"}],"wp:featuredmedia":[{"embeddable":true,"href":"https:\/\/nabytoklaguna.sk\/sk\/wp-json\/wp\/v2\/media\/94918"}],"wp:attachment":[{"href":"https:\/\/nabytoklaguna.sk\/sk\/wp-json\/wp\/v2\/media?parent=119652"}],"wp:term":[{"taxonomy":"product_brand","embeddable":true,"href":"https:\/\/nabytoklaguna.sk\/sk\/wp-json\/wp\/v2\/product_brand?post=119652"},{"taxonomy":"product_cat","embeddable":true,"href":"https:\/\/nabytoklaguna.sk\/sk\/wp-json\/wp\/v2\/product_cat?post=119652"},{"taxonomy":"product_tag","embeddable":true,"href":"https:\/\/nabytoklaguna.sk\/sk\/wp-json\/wp\/v2\/product_tag?post=119652"}],"curies":[{"name":"wp","href":"https:\/\/api.w.org\/{rel}","templated":true}]}}

<p>Minimalistické kreslo v škandinávskom štýle &#8211; vysoký sedák, úzke a vysoké podrúčky, strohé prešitie operadla. Poťah je z tmavo šedej látky, kostra z masívneho dreva, výplň z kvalitnej PU peny. V mieste sedáku sú pre zvýšenie komfortu sedenia elastické pruhy. Kónické drevené nohy sú z masívneho kaučukovníka, v prírodnom odtieni lakované transparentným lakom.  Nohy sú vybavené plastovými klzákmi, zadné sú navyše rektifikovateľné. Svetlá výška kresla je 22 cm, výška podrúčok je pohodlných 62 cm a ich šírka 8 cm.</p>
<div class="parametry-zbozi">
<table style="width: 100%; height: 1007px;">
<tbody>
<tr style="height: 74px;">
<td class="popis" style="height: 74px;">Karton1:</td>
<td style="height: 74px;">16<br />
78x78x87</td>
</tr>
<tr style="height: 10px;">
<td class="popis" style="height: 10px;"></td>
<td style="height: 10px;"></td>
</tr>
<tr style="height: 50px;">
<td class="popis" style="height: 50px;">Demontované:</td>
<td style="height: 50px;">Áno</td>
</tr>
<tr style="height: 50px;">
<td class="popis" style="height: 50px;">Typ podnože:</td>
<td style="height: 50px;">4 nohy</td>
</tr>
<tr style="height: 50px;">
<td class="popis" style="height: 50px;">Rozmer nohy:</td>
<td style="height: 50px;">pr.4,5/3,5&#215;22 cm</td>
</tr>
<tr style="height: 50px;">
<td class="popis" style="height: 50px;">Materiál nôh:</td>
<td style="height: 50px;">Masív kaučukovník</td>
</tr>
<tr style="height: 50px;">
<td class="popis" style="height: 50px;">Výška (cm):</td>
<td style="height: 50px;">103</td>
</tr>
<tr style="height: 50px;">
<td class="popis" style="height: 50px;">Šírka (cm):</td>
<td style="height: 50px;">77</td>
</tr>
<tr style="height: 50px;">
<td class="popis" style="height: 50px;">Hĺbka (cm):</td>
<td style="height: 50px;">81</td>
</tr>
<tr style="height: 50px;">
<td class="popis" style="height: 50px;">Nosnosť (kg):</td>
<td style="height: 50px;">130</td>
</tr>
<tr style="height: 50px;">
<td class="popis" style="height: 50px;">Výška sedu:</td>
<td style="height: 50px;">41 cm</td>
</tr>
<tr style="height: 50px;">
<td class="popis" style="height: 50px;">Šírka sedu:</td>
<td style="height: 50px;">54 cm</td>
</tr>
<tr style="height: 50px;">
<td class="popis" style="height: 50px;">Hĺbka sedu:</td>
<td style="height: 50px;">52 cm</td>
</tr>
<tr style="height: 50px;">
<td class="popis" style="height: 50px;">Počet balení:</td>
<td style="height: 50px;">1</td>
</tr>
<tr style="height: 50px;">
<td class="popis" style="height: 50px;">Materiál sedáku:</td>
<td style="height: 50px;">Látka</td>
</tr>
<tr style="height: 74px;">
<td class="popis" style="height: 74px;">Materiál kostry:</td>
<td style="height: 74px;">Masiv, PU pena</td>
</tr>
<tr style="height: 50px;">
<td class="popis" style="height: 50px;">Štýl:</td>
<td style="height: 50px;">Škandinávsky</td>
</tr>
<tr style="height: 50px;">
<td class="popis" style="height: 50px;">Martindale:</td>
<td style="height: 50px;">20 000 ot.</td>
</tr>
<tr style="height: 50px;">
<td class="popis" style="height: 50px;">Zloženie poťahu:</td>
<td style="height: 50px;">100% polyester</td>
</tr>
<tr style="height: 49px;">
<td class="popis" style="height: 49px;">Farbaa:</td>
<td style="height: 49px;">Šedá</td>
</tr>
</tbody>
</table>
<hr />
</div>
<div class="obrazky">
<h3>OBRÁZKY</h3>
</div>

<p>Minimalistické kreslo v škandinávskom štýle &#8211; vysoký sedák, úzke a vysoké podrúčky, strohé prešitie operadla. Poťah je z tmavo šedej látky, kostra z masívneho dreva, výplň z kvalitnej PU peny. V mieste sedáku sú pre zvýšenie komfortu sedenia elastické pruhy. Kónické drevené nohy sú z masívneho kaučukovníka, v prírodnom odtieni lakované transparentným lakom.  Nohy sú&#8230;</p>
