{"id":119653,"date":"2023-04-22T20:12:00","date_gmt":"2023-04-22T20:12:00","guid":{"rendered":"https:\/\/nabytoklaguna.sk\/sk\/?post_type=product&#038;p=119653"},"modified":"2025-02-24T13:35:06","modified_gmt":"2025-02-24T12:35:06","slug":"aut-ak-317","status":"publish","type":"product","link":"https:\/\/nabytoklaguna.sk\/sk\/produkt\/aut-ak-317\/","title":{"rendered":"AUT AK-317"},"content":{"rendered":"<p>Retro kreslo &#8211; u\u0161iak s vysok\u00fdm pohodln\u00fdm sed\u00e1kom, vysok\u00fdmi opierkami r\u00fak a pre\u0161\u00edvan\u00fdm zaoblen\u00fdm operadlom. To v\u0161etko je doplnen\u00e9 \u00fazkymi kovov\u00fdmi k\u00f3nick\u00fdmi nohami v chr\u00f3movom preveden\u00ed, ktor\u00e9 opticky od\u013eah\u010duj\u00fa mohutnos\u0165 kresla. Po\u0165ah je z pr\u00edjemnej l\u00e1tky, kostra kresla z mas\u00edvu. V\u00fdpl\u0148 z kvalitnej PU peny, sed\u00e1k vystu\u017een\u00fd elastick\u00fdmi popruhmi.\u00a0Zadn\u00e9 nohy s\u00fa rektifikovate\u013en\u00e9, \u010do zabezpe\u010duje stabilitu kresla.<\/p>\n<p>Svetl\u00e1 v\u00fd\u0161ka kresla je 23 cm, v\u00fd\u0161ka podr\u00fa\u010diek 66 cm a \u0161\u00edrka 8 cm<\/p>\n<p>&nbsp;<\/p>\n<table>\n<tbody>\n<tr>\n<td class=\"popis\">Karton1:<\/td>\n<td>16,5<br \/>\n80x77x84<\/td>\n<\/tr>\n<tr>\n<td class=\"popis\">V\u00fd\u0161ka (cm):<\/td>\n<td>106<\/td>\n<\/tr>\n<tr>\n<td class=\"popis\">\u0160\u00edrka (cm):<\/td>\n<td>76<\/td>\n<\/tr>\n<tr>\n<td class=\"popis\">H\u013abka (cm):<\/td>\n<td>77<\/td>\n<\/tr>\n<tr>\n<td class=\"popis\">Nosnos\u0165 (kg):<\/td>\n<td>130<\/td>\n<\/tr>\n<tr>\n<td class=\"popis\">V\u00fd\u0161ka sedu:<\/td>\n<td>45 cm<\/td>\n<\/tr>\n<tr>\n<td class=\"popis\">\u0160\u00edrka sedu:<\/td>\n<td>51 cm<\/td>\n<\/tr>\n<tr>\n<td class=\"popis\">H\u013abka sedu:<\/td>\n<td>55 cm<\/td>\n<\/tr>\n<tr>\n<td class=\"popis\">Po\u010det balen\u00ed:<\/td>\n<td>1<\/td>\n<\/tr>\n<tr>\n<td class=\"popis\">Materi\u00e1l sed\u00e1ku:<\/td>\n<td>L\u00e1tka<\/td>\n<\/tr>\n<tr>\n<td class=\"popis\">Materi\u00e1l kostry:<\/td>\n<td>Mas\u00edv<br \/>\nPU pena<\/td>\n<\/tr>\n<tr>\n<td class=\"popis\">\u0160t\u00fdl:<\/td>\n<td>Retro<\/td>\n<\/tr>\n<tr>\n<td class=\"popis\">Dekor:<\/td>\n<td><\/td>\n<\/tr>\n<tr>\n<td class=\"popis\">Demontovan\u00e9:<\/td>\n<td>\u00c1no<\/td>\n<\/tr>\n<tr>\n<td class=\"popis\">Typ podno\u017ee:<\/td>\n<td>4 nohy<\/td>\n<\/tr>\n<tr>\n<td class=\"popis\">Rozmer nohy:<\/td>\n<td>pr.3\/2&#215;24 cm<\/td>\n<\/tr>\n<tr>\n<td class=\"popis\">Materi\u00e1l nohou:<\/td>\n<td>Chrom<br \/>\nKov<\/td>\n<\/tr>\n<tr>\n<td class=\"popis\">Martindale:<\/td>\n<td>20 000 ot.<\/td>\n<\/tr>\n<tr>\n<td class=\"popis\">Zlo\u017een\u00ed po\u0165ahu:<\/td>\n<td>100% polyester<\/td>\n<\/tr>\n<tr>\n<td class=\"popis\">Farba:<\/td>\n<td>modr\u00e1 alebo siv\u00e1<\/td>\n<\/tr>\n<\/tbody>\n<\/table>\n<p>&nbsp;<\/p>\n","protected":false},"excerpt":{"rendered":"<p>Retro kreslo &#8211; u\u0161iak s vysok\u00fdm pohodln\u00fdm sed\u00e1kom, vysok\u00fdmi opierkami r\u00fak a pre\u0161\u00edvan\u00fdm zaoblen\u00fdm operadlom. To v\u0161etko je doplnen\u00e9 \u00fazkymi kovov\u00fdmi k\u00f3nick\u00fdmi nohami v chr\u00f3movom preveden\u00ed, ktor\u00e9 opticky od\u013eah\u010duj\u00fa mohutnos\u0165 kresla. Po\u0165ah je z pr\u00edjemnej l\u00e1tky, kostra kresla z mas\u00edvu. V\u00fdpl\u0148 z kvalitnej PU peny, sed\u00e1k vystu\u017een\u00fd elastick\u00fdmi popruhmi.\u00a0Zadn\u00e9 nohy s\u00fa rektifikovate\u013en\u00e9, \u010do zabezpe\u010duje stabilitu&#8230;<\/p>\n","protected":false},"featured_media":94925,"comment_status":"closed","ping_status":"closed","template":"","meta":{"_seopress_robots_primary_cat":"none","_seopress_titles_title":"","_seopress_titles_desc":"","_seopress_robots_index":""},"product_brand":[],"product_cat":[231],"product_tag":[],"class_list":{"0":"post-119653","1":"product","2":"type-product","3":"status-publish","4":"has-post-thumbnail","6":"product_cat-kresla","7":"pa_farba-svetlomodra","8":"pa_farba-siva","10":"first","11":"onbackorder","12":"shipping-taxable","13":"purchasable","14":"product-type-simple"},"_links":{"self":[{"href":"https:\/\/nabytoklaguna.sk\/sk\/wp-json\/wp\/v2\/product\/119653","targetHints":{"allow":["GET"]}}],"collection":[{"href":"https:\/\/nabytoklaguna.sk\/sk\/wp-json\/wp\/v2\/product"}],"about":[{"href":"https:\/\/nabytoklaguna.sk\/sk\/wp-json\/wp\/v2\/types\/product"}],"replies":[{"embeddable":true,"href":"https:\/\/nabytoklaguna.sk\/sk\/wp-json\/wp\/v2\/comments?post=119653"}],"wp:featuredmedia":[{"embeddable":true,"href":"https:\/\/nabytoklaguna.sk\/sk\/wp-json\/wp\/v2\/media\/94925"}],"wp:attachment":[{"href":"https:\/\/nabytoklaguna.sk\/sk\/wp-json\/wp\/v2\/media?parent=119653"}],"wp:term":[{"taxonomy":"product_brand","embeddable":true,"href":"https:\/\/nabytoklaguna.sk\/sk\/wp-json\/wp\/v2\/product_brand?post=119653"},{"taxonomy":"product_cat","embeddable":true,"href":"https:\/\/nabytoklaguna.sk\/sk\/wp-json\/wp\/v2\/product_cat?post=119653"},{"taxonomy":"product_tag","embeddable":true,"href":"https:\/\/nabytoklaguna.sk\/sk\/wp-json\/wp\/v2\/product_tag?post=119653"}],"curies":[{"name":"wp","href":"https:\/\/api.w.org\/{rel}","templated":true}]}}

<p>Retro kreslo &#8211; ušiak s vysokým pohodlným sedákom, vysokými opierkami rúk a prešívaným zaobleným operadlom. To všetko je doplnené úzkymi kovovými kónickými nohami v chrómovom prevedení, ktoré opticky odľahčujú mohutnosť kresla. Poťah je z príjemnej látky, kostra kresla z masívu. Výplň z kvalitnej PU peny, sedák vystužený elastickými popruhmi. Zadné nohy sú rektifikovateľné, čo zabezpečuje stabilitu kresla.</p>
<p>Svetlá výška kresla je 23 cm, výška podrúčiek 66 cm a šírka 8 cm</p>
<p>&nbsp;</p>
<table>
<tbody>
<tr>
<td class="popis">Karton1:</td>
<td>16,5<br />
80x77x84</td>
</tr>
<tr>
<td class="popis">Výška (cm):</td>
<td>106</td>
</tr>
<tr>
<td class="popis">Šírka (cm):</td>
<td>76</td>
</tr>
<tr>
<td class="popis">Hĺbka (cm):</td>
<td>77</td>
</tr>
<tr>
<td class="popis">Nosnosť (kg):</td>
<td>130</td>
</tr>
<tr>
<td class="popis">Výška sedu:</td>
<td>45 cm</td>
</tr>
<tr>
<td class="popis">Šírka sedu:</td>
<td>51 cm</td>
</tr>
<tr>
<td class="popis">Hĺbka sedu:</td>
<td>55 cm</td>
</tr>
<tr>
<td class="popis">Počet balení:</td>
<td>1</td>
</tr>
<tr>
<td class="popis">Materiál sedáku:</td>
<td>Látka</td>
</tr>
<tr>
<td class="popis">Materiál kostry:</td>
<td>Masív<br />
PU pena</td>
</tr>
<tr>
<td class="popis">Štýl:</td>
<td>Retro</td>
</tr>
<tr>
<td class="popis">Dekor:</td>
<td></td>
</tr>
<tr>
<td class="popis">Demontované:</td>
<td>Áno</td>
</tr>
<tr>
<td class="popis">Typ podnože:</td>
<td>4 nohy</td>
</tr>
<tr>
<td class="popis">Rozmer nohy:</td>
<td>pr.3/2&#215;24 cm</td>
</tr>
<tr>
<td class="popis">Materiál nohou:</td>
<td>Chrom<br />
Kov</td>
</tr>
<tr>
<td class="popis">Martindale:</td>
<td>20 000 ot.</td>
</tr>
<tr>
<td class="popis">Zložení poťahu:</td>
<td>100% polyester</td>
</tr>
<tr>
<td class="popis">Farba:</td>
<td>modrá alebo sivá</td>
</tr>
</tbody>
</table>
<p>&nbsp;</p>

<p>Retro kreslo &#8211; ušiak s vysokým pohodlným sedákom, vysokými opierkami rúk a prešívaným zaobleným operadlom. To všetko je doplnené úzkymi kovovými kónickými nohami v chrómovom prevedení, ktoré opticky odľahčujú mohutnosť kresla. Poťah je z príjemnej látky, kostra kresla z masívu. Výplň z kvalitnej PU peny, sedák vystužený elastickými popruhmi. Zadné nohy sú rektifikovateľné, čo zabezpečuje stabilitu&#8230;</p>
