{"id":119670,"date":"2023-04-22T20:12:00","date_gmt":"2023-04-22T20:12:00","guid":{"rendered":"https:\/\/nabytoklaguna.sk\/sk\/?post_type=product&#038;p=119670"},"modified":"2026-01-13T16:23:33","modified_gmt":"2026-01-13T15:23:33","slug":"k-kurtis","status":"publish","type":"product","link":"https:\/\/nabytoklaguna.sk\/sk\/produkt\/k-kurtis\/","title":{"rendered":"K KURTIS"},"content":{"rendered":"<p>Konferen\u010dn\u00fd stol\u00edk je najpraktickej\u0161\u00edm prvkom izby a d\u00f4le\u017eit\u00e9 je, aby zapadol do cel\u00e9ho interi\u00e9ru a to V\u00e1m spln\u00ed dokonale stol\u00edk KURTIS. Vyroben\u00fd je v kombin\u00e1cii tvrden\u00e9ho skla a \u010diernej farby v\u010faka \u010domu p\u00f4sob\u00ed elegantne. Pote\u0161te seba a svojich bl\u00edzkych, stol\u00edk tu bude v\u017edy pre V\u00e1s<\/p>\n<p>VLASTNOSTI<\/p>\n<div class=\"text\">\n<ul>\n<li><b>Materi\u00e1l:<\/b> tvrden\u00e9 sklo\/kov<\/li>\n<li><b>Farba:<\/b>\u00a0\u010dierna<\/li>\n<li><b>Rozmery (\u0160xHxV):<\/b>\u00a060x60x40 cm<\/li>\n<li>Dizajnov\u00fd<\/li>\n<li>\u010cierne tvrden\u00e9 sklo<\/li>\n<li>Hr\u00fabka skla: 5 mm<\/li>\n<li>Kovov\u00e9 nohy<\/li>\n<li>Dod\u00e1van\u00e9 v demonte<\/li>\n<\/ul>\n<\/div>\n","protected":false},"excerpt":{"rendered":"<p>Konferen\u010dn\u00fd stol\u00edk je najpraktickej\u0161\u00edm prvkom izby a d\u00f4le\u017eit\u00e9 je, aby zapadol do cel\u00e9ho interi\u00e9ru a to V\u00e1m spln\u00ed dokonale stol\u00edk KURTIS. Vyroben\u00fd je v kombin\u00e1cii tvrden\u00e9ho skla a \u010diernej farby v\u010faka \u010domu p\u00f4sob\u00ed elegantne. Pote\u0161te seba a svojich bl\u00edzkych, stol\u00edk tu bude v\u017edy pre V\u00e1s VLASTNOSTI Materi\u00e1l: tvrden\u00e9 sklo\/kov Farba:\u00a0\u010dierna Rozmery (\u0160xHxV):\u00a060x60x40 cm Dizajnov\u00fd \u010cierne&#8230;<\/p>\n","protected":false},"featured_media":95705,"comment_status":"closed","ping_status":"closed","template":"","meta":{"_seopress_robots_primary_cat":"none","_seopress_titles_title":"","_seopress_titles_desc":"","_seopress_robots_index":""},"product_brand":[],"product_cat":[221],"product_tag":[],"class_list":{"0":"post-119670","1":"product","2":"type-product","3":"status-publish","4":"has-post-thumbnail","6":"product_cat-konferencne-stoliky","8":"first","9":"onbackorder","10":"shipping-taxable","11":"purchasable","12":"product-type-simple"},"_links":{"self":[{"href":"https:\/\/nabytoklaguna.sk\/sk\/wp-json\/wp\/v2\/product\/119670","targetHints":{"allow":["GET"]}}],"collection":[{"href":"https:\/\/nabytoklaguna.sk\/sk\/wp-json\/wp\/v2\/product"}],"about":[{"href":"https:\/\/nabytoklaguna.sk\/sk\/wp-json\/wp\/v2\/types\/product"}],"replies":[{"embeddable":true,"href":"https:\/\/nabytoklaguna.sk\/sk\/wp-json\/wp\/v2\/comments?post=119670"}],"wp:featuredmedia":[{"embeddable":true,"href":"https:\/\/nabytoklaguna.sk\/sk\/wp-json\/wp\/v2\/media\/95705"}],"wp:attachment":[{"href":"https:\/\/nabytoklaguna.sk\/sk\/wp-json\/wp\/v2\/media?parent=119670"}],"wp:term":[{"taxonomy":"product_brand","embeddable":true,"href":"https:\/\/nabytoklaguna.sk\/sk\/wp-json\/wp\/v2\/product_brand?post=119670"},{"taxonomy":"product_cat","embeddable":true,"href":"https:\/\/nabytoklaguna.sk\/sk\/wp-json\/wp\/v2\/product_cat?post=119670"},{"taxonomy":"product_tag","embeddable":true,"href":"https:\/\/nabytoklaguna.sk\/sk\/wp-json\/wp\/v2\/product_tag?post=119670"}],"curies":[{"name":"wp","href":"https:\/\/api.w.org\/{rel}","templated":true}]}}

<p>Konferenčný stolík je najpraktickejším prvkom izby a dôležité je, aby zapadol do celého interiéru a to Vám splní dokonale stolík KURTIS. Vyrobený je v kombinácii tvrdeného skla a čiernej farby vďaka čomu pôsobí elegantne. Potešte seba a svojich blízkych, stolík tu bude vždy pre Vás</p>
<p>VLASTNOSTI</p>
<div class="text">
<ul>
<li><b>Materiál:</b> tvrdené sklo/kov</li>
<li><b>Farba:</b> čierna</li>
<li><b>Rozmery (ŠxHxV):</b> 60x60x40 cm</li>
<li>Dizajnový</li>
<li>Čierne tvrdené sklo</li>
<li>Hrúbka skla: 5 mm</li>
<li>Kovové nohy</li>
<li>Dodávané v demonte</li>
</ul>
</div>

<p>Konferenčný stolík je najpraktickejším prvkom izby a dôležité je, aby zapadol do celého interiéru a to Vám splní dokonale stolík KURTIS. Vyrobený je v kombinácii tvrdeného skla a čiernej farby vďaka čomu pôsobí elegantne. Potešte seba a svojich blízkych, stolík tu bude vždy pre Vás VLASTNOSTI Materiál: tvrdené sklo/kov Farba: čierna Rozmery (ŠxHxV): 60x60x40 cm Dizajnový Čierne&#8230;</p>
