{"id":119671,"date":"2023-04-22T20:12:00","date_gmt":"2023-04-22T20:12:00","guid":{"rendered":"https:\/\/nabytoklaguna.sk\/sk\/?post_type=product&#038;p=119671"},"modified":"2026-01-13T15:20:37","modified_gmt":"2026-01-13T14:20:37","slug":"k-teyo-2","status":"publish","type":"product","link":"https:\/\/nabytoklaguna.sk\/sk\/produkt\/k-teyo-2\/","title":{"rendered":"K TEYO"},"content":{"rendered":"<p>Modern\u00fd konferen\u010dn\u00fd stol\u00edk TEYO vhodn\u00fd do modernej \u010di klasickej dom\u00e1cnosti. Pon\u00faka \u00falo\u017en\u00fd priestor v podobe jednej police, ktor\u00fa m\u00f4\u017eete vyu\u017ei\u0165 na ulo\u017eenie nov\u00edn \u010di \u010dasopisov. Vyroben\u00fd je z kvalitnej laminovane DTD v preveden\u00ed dub sonoma. Konferen\u010dn\u00fd stol\u00edk je vhodn\u00fd do ob\u00fdvacej izby \u010di kancel\u00e1rie<\/p>\n<p>VLASTNOSTI<\/p>\n<div class=\"text\">\n<ul>\n<li><b>Materi\u00e1l<\/b>: DTD laminovan\u00e1<\/li>\n<li><b>Prevedenie<\/b>: dub sonoma<\/li>\n<li><b>Rozmery(\u0160xHxV)<\/b>: 120x59x55 cm<\/li>\n<li><b>Hr\u00fabka materi\u00e1lu:<\/b>\u00a016 mm<\/li>\n<li>Jedna polica<\/li>\n<li>Otvoren\u00e1 polica<\/li>\n<li>Dod\u00e1van\u00e9 v<\/li>\n<\/ul>\n<\/div>\n","protected":false},"excerpt":{"rendered":"<p>Modern\u00fd konferen\u010dn\u00fd stol\u00edk TEYO vhodn\u00fd do modernej \u010di klasickej dom\u00e1cnosti. Pon\u00faka \u00falo\u017en\u00fd priestor v podobe jednej police, ktor\u00fa m\u00f4\u017eete vyu\u017ei\u0165 na ulo\u017eenie nov\u00edn \u010di \u010dasopisov. Vyroben\u00fd je z kvalitnej laminovane DTD v preveden\u00ed dub sonoma. Konferen\u010dn\u00fd stol\u00edk je vhodn\u00fd do ob\u00fdvacej izby \u010di kancel\u00e1rie VLASTNOSTI Materi\u00e1l: DTD laminovan\u00e1 Prevedenie: dub sonoma Rozmery(\u0160xHxV): 120x59x55 cm Hr\u00fabka&#8230;<\/p>\n","protected":false},"featured_media":95712,"comment_status":"closed","ping_status":"closed","template":"","meta":{"_seopress_robots_primary_cat":"none","_seopress_titles_title":"","_seopress_titles_desc":"","_seopress_robots_index":""},"product_brand":[],"product_cat":[221],"product_tag":[],"class_list":{"0":"post-119671","1":"product","2":"type-product","3":"status-publish","4":"has-post-thumbnail","6":"product_cat-konferencne-stoliky","8":"first","9":"onbackorder","10":"shipping-taxable","11":"purchasable","12":"product-type-simple"},"_links":{"self":[{"href":"https:\/\/nabytoklaguna.sk\/sk\/wp-json\/wp\/v2\/product\/119671","targetHints":{"allow":["GET"]}}],"collection":[{"href":"https:\/\/nabytoklaguna.sk\/sk\/wp-json\/wp\/v2\/product"}],"about":[{"href":"https:\/\/nabytoklaguna.sk\/sk\/wp-json\/wp\/v2\/types\/product"}],"replies":[{"embeddable":true,"href":"https:\/\/nabytoklaguna.sk\/sk\/wp-json\/wp\/v2\/comments?post=119671"}],"wp:featuredmedia":[{"embeddable":true,"href":"https:\/\/nabytoklaguna.sk\/sk\/wp-json\/wp\/v2\/media\/95712"}],"wp:attachment":[{"href":"https:\/\/nabytoklaguna.sk\/sk\/wp-json\/wp\/v2\/media?parent=119671"}],"wp:term":[{"taxonomy":"product_brand","embeddable":true,"href":"https:\/\/nabytoklaguna.sk\/sk\/wp-json\/wp\/v2\/product_brand?post=119671"},{"taxonomy":"product_cat","embeddable":true,"href":"https:\/\/nabytoklaguna.sk\/sk\/wp-json\/wp\/v2\/product_cat?post=119671"},{"taxonomy":"product_tag","embeddable":true,"href":"https:\/\/nabytoklaguna.sk\/sk\/wp-json\/wp\/v2\/product_tag?post=119671"}],"curies":[{"name":"wp","href":"https:\/\/api.w.org\/{rel}","templated":true}]}}

<p>Moderný konferenčný stolík TEYO vhodný do modernej či klasickej domácnosti. Ponúka úložný priestor v podobe jednej police, ktorú môžete využiť na uloženie novín či časopisov. Vyrobený je z kvalitnej laminovane DTD v prevedení dub sonoma. Konferenčný stolík je vhodný do obývacej izby či kancelárie</p>
<p>VLASTNOSTI</p>
<div class="text">
<ul>
<li><b>Materiál</b>: DTD laminovaná</li>
<li><b>Prevedenie</b>: dub sonoma</li>
<li><b>Rozmery(ŠxHxV)</b>: 120x59x55 cm</li>
<li><b>Hrúbka materiálu:</b> 16 mm</li>
<li>Jedna polica</li>
<li>Otvorená polica</li>
<li>Dodávané v</li>
</ul>
</div>

<p>Moderný konferenčný stolík TEYO vhodný do modernej či klasickej domácnosti. Ponúka úložný priestor v podobe jednej police, ktorú môžete využiť na uloženie novín či časopisov. Vyrobený je z kvalitnej laminovane DTD v prevedení dub sonoma. Konferenčný stolík je vhodný do obývacej izby či kancelárie VLASTNOSTI Materiál: DTD laminovaná Prevedenie: dub sonoma Rozmery(ŠxHxV): 120x59x55 cm Hrúbka&#8230;</p>
