{"id":119696,"date":"2023-04-22T20:12:00","date_gmt":"2023-04-22T20:12:00","guid":{"rendered":"https:\/\/nabytoklaguna.sk\/sk\/?post_type=product&#038;p=119696"},"modified":"2025-09-11T09:50:19","modified_gmt":"2025-09-11T07:50:19","slug":"tk-fiji","status":"publish","type":"product","link":"https:\/\/nabytoklaguna.sk\/sk\/produkt\/tk-fiji\/","title":{"rendered":"K FIJI"},"content":{"rendered":"<p>\u0160t\u00fdlov\u00e1 ob\u00fdvacia stena FIJI V\u00e1s zaujme hne\u010f na prv\u00fd poh\u013ead. V\u00fdrazn\u00e1 je sympatick\u00fdm v\u00fdzorom a ladn\u00fdmi krivkami. Vyroben\u00e1 je z kvalitnej laminovanej DTD. Ob\u00fdvacia stena pon\u00faka mno\u017estvo \u00falo\u017en\u00e9ho priestoru. Vyr\u00e1ba sa v modernom farebnom preveden\u00ed dub wotan\/biela<\/p>\n<p>&nbsp;<\/p>\n<p>VLASTNOSTI<\/p>\n<div class=\"text\">\n<ul>\n<li><b>Materi\u00e1l:<\/b>\u00a0DTD laminovan\u00e1<\/li>\n<li><b>Farba:<\/b>\u00a0dub wotan\/biela<\/li>\n<li><b>Ob\u00fdvacia stena (\u0160xHxV):<\/b>240x38x145 cm<\/li>\n<li>RTV skrinka<\/li>\n<li>Policov\u00e1 skrinka<\/li>\n<li>Poli\u010dka<\/li>\n<li>Otvoren\u00fd \u00falo\u017en\u00fd priestor<\/li>\n<li>S \u00fachytkami<\/li>\n<li>Dod\u00e1van\u00e9 v demonte<\/li>\n<\/ul>\n<\/div>\n","protected":false},"excerpt":{"rendered":"<p>\u0160t\u00fdlov\u00e1 ob\u00fdvacia stena FIJI V\u00e1s zaujme hne\u010f na prv\u00fd poh\u013ead. V\u00fdrazn\u00e1 je sympatick\u00fdm v\u00fdzorom a ladn\u00fdmi krivkami. Vyroben\u00e1 je z kvalitnej laminovanej DTD. Ob\u00fdvacia stena pon\u00faka mno\u017estvo \u00falo\u017en\u00e9ho priestoru. Vyr\u00e1ba sa v modernom farebnom preveden\u00ed dub wotan\/biela &nbsp; VLASTNOSTI Materi\u00e1l:\u00a0DTD laminovan\u00e1 Farba:\u00a0dub wotan\/biela Ob\u00fdvacia stena (\u0160xHxV):240x38x145 cm RTV skrinka Policov\u00e1 skrinka Poli\u010dka Otvoren\u00fd \u00falo\u017en\u00fd priestor&#8230;<\/p>\n","protected":false},"featured_media":98376,"comment_status":"closed","ping_status":"closed","template":"","meta":{"_seopress_robots_primary_cat":"none","_seopress_titles_title":"","_seopress_titles_desc":"","_seopress_robots_index":""},"product_brand":[],"product_cat":[182,251],"product_tag":[],"class_list":{"0":"post-119696","1":"product","2":"type-product","3":"status-publish","4":"has-post-thumbnail","6":"product_cat-obyvacie-steny","7":"product_cat-steny","9":"first","10":"onbackorder","11":"shipping-taxable","12":"purchasable","13":"product-type-simple"},"_links":{"self":[{"href":"https:\/\/nabytoklaguna.sk\/sk\/wp-json\/wp\/v2\/product\/119696","targetHints":{"allow":["GET"]}}],"collection":[{"href":"https:\/\/nabytoklaguna.sk\/sk\/wp-json\/wp\/v2\/product"}],"about":[{"href":"https:\/\/nabytoklaguna.sk\/sk\/wp-json\/wp\/v2\/types\/product"}],"replies":[{"embeddable":true,"href":"https:\/\/nabytoklaguna.sk\/sk\/wp-json\/wp\/v2\/comments?post=119696"}],"wp:featuredmedia":[{"embeddable":true,"href":"https:\/\/nabytoklaguna.sk\/sk\/wp-json\/wp\/v2\/media\/98376"}],"wp:attachment":[{"href":"https:\/\/nabytoklaguna.sk\/sk\/wp-json\/wp\/v2\/media?parent=119696"}],"wp:term":[{"taxonomy":"product_brand","embeddable":true,"href":"https:\/\/nabytoklaguna.sk\/sk\/wp-json\/wp\/v2\/product_brand?post=119696"},{"taxonomy":"product_cat","embeddable":true,"href":"https:\/\/nabytoklaguna.sk\/sk\/wp-json\/wp\/v2\/product_cat?post=119696"},{"taxonomy":"product_tag","embeddable":true,"href":"https:\/\/nabytoklaguna.sk\/sk\/wp-json\/wp\/v2\/product_tag?post=119696"}],"curies":[{"name":"wp","href":"https:\/\/api.w.org\/{rel}","templated":true}]}}

<p>Štýlová obývacia stena FIJI Vás zaujme hneď na prvý pohľad. Výrazná je sympatickým výzorom a ladnými krivkami. Vyrobená je z kvalitnej laminovanej DTD. Obývacia stena ponúka množstvo úložného priestoru. Vyrába sa v modernom farebnom prevedení dub wotan/biela</p>
<p>&nbsp;</p>
<p>VLASTNOSTI</p>
<div class="text">
<ul>
<li><b>Materiál:</b> DTD laminovaná</li>
<li><b>Farba:</b> dub wotan/biela</li>
<li><b>Obývacia stena (ŠxHxV):</b>240x38x145 cm</li>
<li>RTV skrinka</li>
<li>Policová skrinka</li>
<li>Polička</li>
<li>Otvorený úložný priestor</li>
<li>S úchytkami</li>
<li>Dodávané v demonte</li>
</ul>
</div>

<p>Štýlová obývacia stena FIJI Vás zaujme hneď na prvý pohľad. Výrazná je sympatickým výzorom a ladnými krivkami. Vyrobená je z kvalitnej laminovanej DTD. Obývacia stena ponúka množstvo úložného priestoru. Vyrába sa v modernom farebnom prevedení dub wotan/biela &nbsp; VLASTNOSTI Materiál: DTD laminovaná Farba: dub wotan/biela Obývacia stena (ŠxHxV):240x38x145 cm RTV skrinka Policová skrinka Polička Otvorený úložný priestor&#8230;</p>
