{"id":119716,"date":"2023-04-22T20:12:00","date_gmt":"2023-04-22T20:12:00","guid":{"rendered":"https:\/\/nabytoklaguna.sk\/sk\/?post_type=product&#038;p=119716"},"modified":"2026-04-16T16:55:27","modified_gmt":"2026-04-16T14:55:27","slug":"k-harper","status":"publish","type":"product","link":"https:\/\/nabytoklaguna.sk\/sk\/produkt\/k-harper\/","title":{"rendered":"K HARPER"},"content":{"rendered":"<p>Hojdacie a relaxa\u010dn\u00e9 kreslo HARPER, ktor\u00e9 je vyroben\u00e9 z kvalitn\u00e9ho dreva. Sedadlo a operadlo je \u010dal\u00fanen\u00e9 l\u00e1tkou v sivom farebnom preveden\u00ed. Pevn\u00e1 kon\u0161trukcia, ktor\u00e1 sp\u00e1ja sedaciu \u010das\u0165 a no\u017ei\u010dky je z kovu v \u010diernej farbe. Kreslo je dod\u00e1van\u00e9 s dekorat\u00edvnym vank\u00fa\u0161om.<\/p>\n<ul>\n<li><b>Materi\u00e1l:<\/b>\u00a0l\u00e1tka\/drevo\/kov<\/li>\n<li><b>Farba:<\/b>\u00a0 siv\u00e1\/pr\u00edrodn\u00e9\/\u010dierne<\/li>\n<li><b>Rozmery (\u0160xHxV):<\/b>75x83x110 cm<\/li>\n<li><b>V\u00fd\u0161ka sedu:<\/b>50 cm<\/li>\n<li><b>H\u013abka sedu:<\/b>56 cm<\/li>\n<li>\u010cal\u00fanen\u00e9<\/li>\n<li>Hojdacie<\/li>\n<li>Relaxa\u010dn\u00e9<\/li>\n<li>Pevn\u00e1 kovov\u00e1 kon\u0161trukcia<\/li>\n<li>S vank\u00fa\u0161ikom<\/li>\n<li>Dod\u00e1van\u00e9 v demonte<\/li>\n<\/ul>\n","protected":false},"excerpt":{"rendered":"<p>Hojdacie a relaxa\u010dn\u00e9 kreslo HARPER, ktor\u00e9 je vyroben\u00e9 z kvalitn\u00e9ho dreva. Sedadlo a operadlo je \u010dal\u00fanen\u00e9 l\u00e1tkou v sivom farebnom preveden\u00ed. Pevn\u00e1 kon\u0161trukcia, ktor\u00e1 sp\u00e1ja sedaciu \u010das\u0165 a no\u017ei\u010dky je z kovu v \u010diernej farbe. Kreslo je dod\u00e1van\u00e9 s dekorat\u00edvnym vank\u00fa\u0161om. Materi\u00e1l:\u00a0l\u00e1tka\/drevo\/kov Farba:\u00a0 siv\u00e1\/pr\u00edrodn\u00e9\/\u010dierne Rozmery (\u0160xHxV):75x83x110 cm V\u00fd\u0161ka sedu:50 cm H\u013abka sedu:56 cm \u010cal\u00fanen\u00e9 Hojdacie&#8230;<\/p>\n","protected":false},"featured_media":127765,"comment_status":"closed","ping_status":"closed","template":"","meta":{"_seopress_robots_primary_cat":"231","_seopress_titles_title":"","_seopress_titles_desc":"","_seopress_robots_index":""},"product_brand":[],"product_cat":[230,231],"product_tag":[],"class_list":{"0":"post-119716","1":"product","2":"type-product","3":"status-publish","4":"has-post-thumbnail","6":"product_cat-hojdacie-kresla","7":"product_cat-kresla","8":"pa_farba-hnedosiva","9":"pa_farba-siva","11":"first","12":"onbackorder","13":"shipping-taxable","14":"purchasable","15":"product-type-simple"},"_links":{"self":[{"href":"https:\/\/nabytoklaguna.sk\/sk\/wp-json\/wp\/v2\/product\/119716","targetHints":{"allow":["GET"]}}],"collection":[{"href":"https:\/\/nabytoklaguna.sk\/sk\/wp-json\/wp\/v2\/product"}],"about":[{"href":"https:\/\/nabytoklaguna.sk\/sk\/wp-json\/wp\/v2\/types\/product"}],"replies":[{"embeddable":true,"href":"https:\/\/nabytoklaguna.sk\/sk\/wp-json\/wp\/v2\/comments?post=119716"}],"wp:featuredmedia":[{"embeddable":true,"href":"https:\/\/nabytoklaguna.sk\/sk\/wp-json\/wp\/v2\/media\/127765"}],"wp:attachment":[{"href":"https:\/\/nabytoklaguna.sk\/sk\/wp-json\/wp\/v2\/media?parent=119716"}],"wp:term":[{"taxonomy":"product_brand","embeddable":true,"href":"https:\/\/nabytoklaguna.sk\/sk\/wp-json\/wp\/v2\/product_brand?post=119716"},{"taxonomy":"product_cat","embeddable":true,"href":"https:\/\/nabytoklaguna.sk\/sk\/wp-json\/wp\/v2\/product_cat?post=119716"},{"taxonomy":"product_tag","embeddable":true,"href":"https:\/\/nabytoklaguna.sk\/sk\/wp-json\/wp\/v2\/product_tag?post=119716"}],"curies":[{"name":"wp","href":"https:\/\/api.w.org\/{rel}","templated":true}]}}

<p>Hojdacie a relaxačné kreslo HARPER, ktoré je vyrobené z kvalitného dreva. Sedadlo a operadlo je čalúnené látkou v sivom farebnom prevedení. Pevná konštrukcia, ktorá spája sedaciu časť a nožičky je z kovu v čiernej farbe. Kreslo je dodávané s dekoratívnym vankúšom.</p>
<ul>
<li><b>Materiál:</b> látka/drevo/kov</li>
<li><b>Farba:</b>  sivá/prírodné/čierne</li>
<li><b>Rozmery (ŠxHxV):</b>75x83x110 cm</li>
<li><b>Výška sedu:</b>50 cm</li>
<li><b>Hĺbka sedu:</b>56 cm</li>
<li>Čalúnené</li>
<li>Hojdacie</li>
<li>Relaxačné</li>
<li>Pevná kovová konštrukcia</li>
<li>S vankúšikom</li>
<li>Dodávané v demonte</li>
</ul>

<p>Hojdacie a relaxačné kreslo HARPER, ktoré je vyrobené z kvalitného dreva. Sedadlo a operadlo je čalúnené látkou v sivom farebnom prevedení. Pevná konštrukcia, ktorá spája sedaciu časť a nožičky je z kovu v čiernej farbe. Kreslo je dodávané s dekoratívnym vankúšom. Materiál: látka/drevo/kov Farba:  sivá/prírodné/čierne Rozmery (ŠxHxV):75x83x110 cm Výška sedu:50 cm Hĺbka sedu:56 cm Čalúnené Hojdacie&#8230;</p>
