{"id":119721,"date":"2023-04-22T20:12:00","date_gmt":"2023-04-22T20:12:00","guid":{"rendered":"https:\/\/nabytoklaguna.sk\/sk\/?post_type=product&#038;p=119721"},"modified":"2026-03-24T12:08:09","modified_gmt":"2026-03-24T11:08:09","slug":"tempo-kondela-atene-typ-7","status":"publish","type":"product","link":"https:\/\/nabytoklaguna.sk\/sk\/produkt\/tempo-kondela-atene-typ-7\/","title":{"rendered":"K ATENE TYP 7"},"content":{"rendered":"<p>Komoda ATENE TYP 7 do 4 \u0161upl\u00edkmi.\u00a0 Je vyroben\u00e1 z kvalitnej MDF v bielej farbe.<\/p>\n<ul>\n<li><b>Materi\u00e1l:<\/b>\u00a0MDF<\/li>\n<li><b>Farba:<\/b>\u00a0biela<\/li>\n<li><b>Rozmery (\u0160xHxV):<\/b>\u00a030x30x81,5 cm<\/li>\n<li>4-\u0161upl\u00edkov\u00e1<\/li>\n<li>Dod\u00e1van\u00e9 v demonte<\/li>\n<\/ul>\n","protected":false},"excerpt":{"rendered":"<p>Komoda ATENE TYP 7 do 4 \u0161upl\u00edkmi.\u00a0 Je vyroben\u00e1 z kvalitnej MDF v bielej farbe. Materi\u00e1l:\u00a0MDF Farba:\u00a0biela Rozmery (\u0160xHxV):\u00a030x30x81,5 cm 4-\u0161upl\u00edkov\u00e1 Dod\u00e1van\u00e9 v demonte<\/p>\n","protected":false},"featured_media":66872,"comment_status":"closed","ping_status":"closed","template":"","meta":{"_seopress_robots_primary_cat":"222","_seopress_titles_title":"","_seopress_titles_desc":"","_seopress_robots_index":""},"product_brand":[],"product_cat":[222],"product_tag":[],"class_list":{"0":"post-119721","1":"product","2":"type-product","3":"status-publish","4":"has-post-thumbnail","6":"product_cat-komody","8":"first","9":"onbackorder","10":"shipping-taxable","11":"purchasable","12":"product-type-simple"},"_links":{"self":[{"href":"https:\/\/nabytoklaguna.sk\/sk\/wp-json\/wp\/v2\/product\/119721","targetHints":{"allow":["GET"]}}],"collection":[{"href":"https:\/\/nabytoklaguna.sk\/sk\/wp-json\/wp\/v2\/product"}],"about":[{"href":"https:\/\/nabytoklaguna.sk\/sk\/wp-json\/wp\/v2\/types\/product"}],"replies":[{"embeddable":true,"href":"https:\/\/nabytoklaguna.sk\/sk\/wp-json\/wp\/v2\/comments?post=119721"}],"wp:featuredmedia":[{"embeddable":true,"href":"https:\/\/nabytoklaguna.sk\/sk\/wp-json\/wp\/v2\/media\/66872"}],"wp:attachment":[{"href":"https:\/\/nabytoklaguna.sk\/sk\/wp-json\/wp\/v2\/media?parent=119721"}],"wp:term":[{"taxonomy":"product_brand","embeddable":true,"href":"https:\/\/nabytoklaguna.sk\/sk\/wp-json\/wp\/v2\/product_brand?post=119721"},{"taxonomy":"product_cat","embeddable":true,"href":"https:\/\/nabytoklaguna.sk\/sk\/wp-json\/wp\/v2\/product_cat?post=119721"},{"taxonomy":"product_tag","embeddable":true,"href":"https:\/\/nabytoklaguna.sk\/sk\/wp-json\/wp\/v2\/product_tag?post=119721"}],"curies":[{"name":"wp","href":"https:\/\/api.w.org\/{rel}","templated":true}]}}

<p>Komoda ATENE TYP 7 do 4 šuplíkmi.  Je vyrobená z kvalitnej MDF v bielej farbe.</p>
<ul>
<li><b>Materiál:</b> MDF</li>
<li><b>Farba:</b> biela</li>
<li><b>Rozmery (ŠxHxV):</b> 30x30x81,5 cm</li>
<li>4-šuplíková</li>
<li>Dodávané v demonte</li>
</ul>

<p>Komoda ATENE TYP 7 do 4 šuplíkmi.  Je vyrobená z kvalitnej MDF v bielej farbe. Materiál: MDF Farba: biela Rozmery (ŠxHxV): 30x30x81,5 cm 4-šuplíková Dodávané v demonte</p>
