{"id":119726,"date":"2023-04-22T20:12:00","date_gmt":"2023-04-22T20:12:00","guid":{"rendered":"https:\/\/nabytoklaguna.sk\/sk\/?post_type=product&#038;p=119726"},"modified":"2026-01-13T14:59:08","modified_gmt":"2026-01-13T13:59:08","slug":"k-nancer","status":"publish","type":"product","link":"https:\/\/nabytoklaguna.sk\/sk\/produkt\/k-nancer\/","title":{"rendered":"K NANCER typ 2"},"content":{"rendered":"<p>Netradi\u010dn\u00fd pr\u00edru\u010dn\u00fd stol\u00edk NANCER, ktor\u00fd je origin\u00e1lny svoj\u00edm dizajnom. \u010cierna kovov\u00e1 kon\u0161trukcia, ktor\u00e1 zabezpe\u010duje stabilitu vyzer\u00e1 ve\u013emi luxusne. Vrchn\u00e1 \u010das\u0165 je vyroben\u00e1 z MDF v pr\u00edrodnom preveden\u00ed a je sn\u00edmate\u013en\u00e1, tak\u017ee m\u00e1te aj dostatok \u00falo\u017en\u00e9ho priestoru.<\/p>\n<ul>\n<li><b>Materi\u00e1l:<\/b>\u00a0MDF\/kov<\/li>\n<li><b>Farba:<\/b>\u00a0pr\u00edrodn\u00e1\/\u010dierna<\/li>\n<li><b>Rozmery (\u0160xHxV):<\/b>\u00a040x40x40 cm<\/li>\n<li>S \u00falo\u017en\u00fdm priestorom<\/li>\n<li>Sn\u00edmate\u013en\u00e1 doska<\/li>\n<li>Dod\u00e1van\u00e9 v demonte<\/li>\n<\/ul>\n","protected":false},"excerpt":{"rendered":"<p>Netradi\u010dn\u00fd pr\u00edru\u010dn\u00fd stol\u00edk NANCER, ktor\u00fd je origin\u00e1lny svoj\u00edm dizajnom. \u010cierna kovov\u00e1 kon\u0161trukcia, ktor\u00e1 zabezpe\u010duje stabilitu vyzer\u00e1 ve\u013emi luxusne. Vrchn\u00e1 \u010das\u0165 je vyroben\u00e1 z MDF v pr\u00edrodnom preveden\u00ed a je sn\u00edmate\u013en\u00e1, tak\u017ee m\u00e1te aj dostatok \u00falo\u017en\u00e9ho priestoru. Materi\u00e1l:\u00a0MDF\/kov Farba:\u00a0pr\u00edrodn\u00e1\/\u010dierna Rozmery (\u0160xHxV):\u00a040x40x40 cm S \u00falo\u017en\u00fdm priestorom Sn\u00edmate\u013en\u00e1 doska Dod\u00e1van\u00e9 v demonte<\/p>\n","protected":false},"featured_media":66947,"comment_status":"closed","ping_status":"closed","template":"","meta":{"_seopress_robots_primary_cat":"221","_seopress_titles_title":"","_seopress_titles_desc":"","_seopress_robots_index":""},"product_brand":[],"product_cat":[221],"product_tag":[],"class_list":{"0":"post-119726","1":"product","2":"type-product","3":"status-publish","4":"has-post-thumbnail","6":"product_cat-konferencne-stoliky","8":"first","9":"onbackorder","10":"shipping-taxable","11":"purchasable","12":"product-type-simple"},"_links":{"self":[{"href":"https:\/\/nabytoklaguna.sk\/sk\/wp-json\/wp\/v2\/product\/119726","targetHints":{"allow":["GET"]}}],"collection":[{"href":"https:\/\/nabytoklaguna.sk\/sk\/wp-json\/wp\/v2\/product"}],"about":[{"href":"https:\/\/nabytoklaguna.sk\/sk\/wp-json\/wp\/v2\/types\/product"}],"replies":[{"embeddable":true,"href":"https:\/\/nabytoklaguna.sk\/sk\/wp-json\/wp\/v2\/comments?post=119726"}],"wp:featuredmedia":[{"embeddable":true,"href":"https:\/\/nabytoklaguna.sk\/sk\/wp-json\/wp\/v2\/media\/66947"}],"wp:attachment":[{"href":"https:\/\/nabytoklaguna.sk\/sk\/wp-json\/wp\/v2\/media?parent=119726"}],"wp:term":[{"taxonomy":"product_brand","embeddable":true,"href":"https:\/\/nabytoklaguna.sk\/sk\/wp-json\/wp\/v2\/product_brand?post=119726"},{"taxonomy":"product_cat","embeddable":true,"href":"https:\/\/nabytoklaguna.sk\/sk\/wp-json\/wp\/v2\/product_cat?post=119726"},{"taxonomy":"product_tag","embeddable":true,"href":"https:\/\/nabytoklaguna.sk\/sk\/wp-json\/wp\/v2\/product_tag?post=119726"}],"curies":[{"name":"wp","href":"https:\/\/api.w.org\/{rel}","templated":true}]}}

<p>Netradičný príručný stolík NANCER, ktorý je originálny svojím dizajnom. Čierna kovová konštrukcia, ktorá zabezpečuje stabilitu vyzerá veľmi luxusne. Vrchná časť je vyrobená z MDF v prírodnom prevedení a je snímateľná, takže máte aj dostatok úložného priestoru.</p>
<ul>
<li><b>Materiál:</b> MDF/kov</li>
<li><b>Farba:</b> prírodná/čierna</li>
<li><b>Rozmery (ŠxHxV):</b> 40x40x40 cm</li>
<li>S úložným priestorom</li>
<li>Snímateľná doska</li>
<li>Dodávané v demonte</li>
</ul>

<p>Netradičný príručný stolík NANCER, ktorý je originálny svojím dizajnom. Čierna kovová konštrukcia, ktorá zabezpečuje stabilitu vyzerá veľmi luxusne. Vrchná časť je vyrobená z MDF v prírodnom prevedení a je snímateľná, takže máte aj dostatok úložného priestoru. Materiál: MDF/kov Farba: prírodná/čierna Rozmery (ŠxHxV): 40x40x40 cm S úložným priestorom Snímateľná doska Dodávané v demonte</p>
