{"id":119727,"date":"2023-04-22T20:12:00","date_gmt":"2023-04-22T20:12:00","guid":{"rendered":"https:\/\/nabytoklaguna.sk\/sk\/?post_type=product&#038;p=119727"},"modified":"2026-01-13T13:59:42","modified_gmt":"2026-01-13T12:59:42","slug":"k-nando","status":"publish","type":"product","link":"https:\/\/nabytoklaguna.sk\/sk\/produkt\/k-nando\/","title":{"rendered":"K NANDO"},"content":{"rendered":"<p>Pr\u00edru\u010dn\u00fd stol\u00edk NANDO je jednoduch\u00fd a z\u00e1rove\u0148 aj svie\u017ei a zapadne do ka\u017ed\u00e9ho interi\u00e9ru. \u010cierna kovov\u00e1 kon\u0161trukcia v kombin\u00e1cii s pr\u00edrodnou MDF vyzer\u00e1 moderne a nad\u010dasovo. Vrchn\u00e1 doska je sn\u00edmate\u013en\u00e1, teda m\u00e1te aj dostatok \u00falo\u017en\u00e9ho priestoru.<\/p>\n<ul>\n<li><b>Materi\u00e1l:<\/b>\u00a0MDF\/kov<\/li>\n<li><b>Farba:<\/b>\u00a0pr\u00edrodn\u00e1-vzor\/\u010dierna<\/li>\n<li><b>Rozmery (\u0160xHxV):<\/b>\u00a045x45x48 cm<\/li>\n<li>S \u00falo\u017en\u00fdm priestorom<\/li>\n<li>Sn\u00edmate\u013en\u00e1 doska<\/li>\n<li>Dod\u00e1van\u00e9 v demonte<\/li>\n<\/ul>\n","protected":false},"excerpt":{"rendered":"<p>Pr\u00edru\u010dn\u00fd stol\u00edk NANDO je jednoduch\u00fd a z\u00e1rove\u0148 aj svie\u017ei a zapadne do ka\u017ed\u00e9ho interi\u00e9ru. \u010cierna kovov\u00e1 kon\u0161trukcia v kombin\u00e1cii s pr\u00edrodnou MDF vyzer\u00e1 moderne a nad\u010dasovo. Vrchn\u00e1 doska je sn\u00edmate\u013en\u00e1, teda m\u00e1te aj dostatok \u00falo\u017en\u00e9ho priestoru. Materi\u00e1l:\u00a0MDF\/kov Farba:\u00a0pr\u00edrodn\u00e1-vzor\/\u010dierna Rozmery (\u0160xHxV):\u00a045x45x48 cm S \u00falo\u017en\u00fdm priestorom Sn\u00edmate\u013en\u00e1 doska Dod\u00e1van\u00e9 v demonte<\/p>\n","protected":false},"featured_media":66952,"comment_status":"closed","ping_status":"closed","template":"","meta":{"_seopress_robots_primary_cat":"221","_seopress_titles_title":"","_seopress_titles_desc":"","_seopress_robots_index":""},"product_brand":[],"product_cat":[221],"product_tag":[],"class_list":{"0":"post-119727","1":"product","2":"type-product","3":"status-publish","4":"has-post-thumbnail","6":"product_cat-konferencne-stoliky","8":"first","9":"onbackorder","10":"shipping-taxable","11":"purchasable","12":"product-type-simple"},"_links":{"self":[{"href":"https:\/\/nabytoklaguna.sk\/sk\/wp-json\/wp\/v2\/product\/119727","targetHints":{"allow":["GET"]}}],"collection":[{"href":"https:\/\/nabytoklaguna.sk\/sk\/wp-json\/wp\/v2\/product"}],"about":[{"href":"https:\/\/nabytoklaguna.sk\/sk\/wp-json\/wp\/v2\/types\/product"}],"replies":[{"embeddable":true,"href":"https:\/\/nabytoklaguna.sk\/sk\/wp-json\/wp\/v2\/comments?post=119727"}],"wp:featuredmedia":[{"embeddable":true,"href":"https:\/\/nabytoklaguna.sk\/sk\/wp-json\/wp\/v2\/media\/66952"}],"wp:attachment":[{"href":"https:\/\/nabytoklaguna.sk\/sk\/wp-json\/wp\/v2\/media?parent=119727"}],"wp:term":[{"taxonomy":"product_brand","embeddable":true,"href":"https:\/\/nabytoklaguna.sk\/sk\/wp-json\/wp\/v2\/product_brand?post=119727"},{"taxonomy":"product_cat","embeddable":true,"href":"https:\/\/nabytoklaguna.sk\/sk\/wp-json\/wp\/v2\/product_cat?post=119727"},{"taxonomy":"product_tag","embeddable":true,"href":"https:\/\/nabytoklaguna.sk\/sk\/wp-json\/wp\/v2\/product_tag?post=119727"}],"curies":[{"name":"wp","href":"https:\/\/api.w.org\/{rel}","templated":true}]}}

<p>Príručný stolík NANDO je jednoduchý a zároveň aj svieži a zapadne do každého interiéru. Čierna kovová konštrukcia v kombinácii s prírodnou MDF vyzerá moderne a nadčasovo. Vrchná doska je snímateľná, teda máte aj dostatok úložného priestoru.</p>
<ul>
<li><b>Materiál:</b> MDF/kov</li>
<li><b>Farba:</b> prírodná-vzor/čierna</li>
<li><b>Rozmery (ŠxHxV):</b> 45x45x48 cm</li>
<li>S úložným priestorom</li>
<li>Snímateľná doska</li>
<li>Dodávané v demonte</li>
</ul>

<p>Príručný stolík NANDO je jednoduchý a zároveň aj svieži a zapadne do každého interiéru. Čierna kovová konštrukcia v kombinácii s prírodnou MDF vyzerá moderne a nadčasovo. Vrchná doska je snímateľná, teda máte aj dostatok úložného priestoru. Materiál: MDF/kov Farba: prírodná-vzor/čierna Rozmery (ŠxHxV): 45x45x48 cm S úložným priestorom Snímateľná doska Dodávané v demonte</p>
