{"id":119732,"date":"2023-04-22T20:12:00","date_gmt":"2023-04-22T20:12:00","guid":{"rendered":"https:\/\/nabytoklaguna.sk\/sk\/?post_type=product&#038;p=119732"},"modified":"2025-04-10T14:01:07","modified_gmt":"2025-04-10T12:01:07","slug":"tempo-kondela-pula","status":"publish","type":"product","link":"https:\/\/nabytoklaguna.sk\/sk\/produkt\/tempo-kondela-pula\/","title":{"rendered":"K PULA"},"content":{"rendered":"<p>Dizajnov\u00fd, netradi\u010dn\u00fd a modern\u00fd konferen\u010dn\u00fd stol\u00edk PULA, ktor\u00fd v\u00e1m pon\u00faka dostatok \u00falo\u017en\u00e9ho priestoru. Vyroben\u00fd je z DTD laminovanej vo farebnej kombin\u00e1cii dub sonoma, biela. Ocen\u00edte aj v\u00fd\u0161kovo nastavite\u013en\u00fa vrchn\u00fa dosku.<\/p>\n<ul>\n<li><b>Materi\u00e1l:<\/b>\u00a0DTD laminovan\u00e1<\/li>\n<li><b>Farba:<\/b>\u00a0dub sonoma\/biela<\/li>\n<li><b>Rozmery le\u0148o\u0161ka (\u0160xHxV):<\/b>\u00a098x50x43\/54 cm<\/li>\n<li>V\u00fd\u0161kovo nastavite\u013en\u00e1 vrchn\u00e1 doska<\/li>\n<li>S ru\u010dn\u00fdm zdv\u00edhac\u00edm mechanizmom<\/li>\n<li>S \u00falo\u017en\u00fdm priestorom pod vrchnou doskou<\/li>\n<li>S policou<\/li>\n<li>Dod\u00e1van\u00e9 v demonte<\/li>\n<\/ul>\n","protected":false},"excerpt":{"rendered":"<p>Dizajnov\u00fd, netradi\u010dn\u00fd a modern\u00fd konferen\u010dn\u00fd stol\u00edk PULA, ktor\u00fd v\u00e1m pon\u00faka dostatok \u00falo\u017en\u00e9ho priestoru. Vyroben\u00fd je z DTD laminovanej vo farebnej kombin\u00e1cii dub sonoma, biela. Ocen\u00edte aj v\u00fd\u0161kovo nastavite\u013en\u00fa vrchn\u00fa dosku. Materi\u00e1l:\u00a0DTD laminovan\u00e1 Farba:\u00a0dub sonoma\/biela Rozmery le\u0148o\u0161ka (\u0160xHxV):\u00a098x50x43\/54 cm V\u00fd\u0161kovo nastavite\u013en\u00e1 vrchn\u00e1 doska S ru\u010dn\u00fdm zdv\u00edhac\u00edm mechanizmom S \u00falo\u017en\u00fdm priestorom pod vrchnou doskou S policou Dod\u00e1van\u00e9&#8230;<\/p>\n","protected":false},"featured_media":67055,"comment_status":"closed","ping_status":"closed","template":"","meta":{"_seopress_robots_primary_cat":"182","_seopress_titles_title":"","_seopress_titles_desc":"","_seopress_robots_index":""},"product_brand":[],"product_cat":[182,221],"product_tag":[],"class_list":{"0":"post-119732","1":"product","2":"type-product","3":"status-publish","4":"has-post-thumbnail","6":"product_cat-obyvacie-steny","7":"product_cat-konferencne-stoliky","9":"first","10":"onbackorder","11":"shipping-taxable","12":"purchasable","13":"product-type-simple"},"_links":{"self":[{"href":"https:\/\/nabytoklaguna.sk\/sk\/wp-json\/wp\/v2\/product\/119732","targetHints":{"allow":["GET"]}}],"collection":[{"href":"https:\/\/nabytoklaguna.sk\/sk\/wp-json\/wp\/v2\/product"}],"about":[{"href":"https:\/\/nabytoklaguna.sk\/sk\/wp-json\/wp\/v2\/types\/product"}],"replies":[{"embeddable":true,"href":"https:\/\/nabytoklaguna.sk\/sk\/wp-json\/wp\/v2\/comments?post=119732"}],"wp:featuredmedia":[{"embeddable":true,"href":"https:\/\/nabytoklaguna.sk\/sk\/wp-json\/wp\/v2\/media\/67055"}],"wp:attachment":[{"href":"https:\/\/nabytoklaguna.sk\/sk\/wp-json\/wp\/v2\/media?parent=119732"}],"wp:term":[{"taxonomy":"product_brand","embeddable":true,"href":"https:\/\/nabytoklaguna.sk\/sk\/wp-json\/wp\/v2\/product_brand?post=119732"},{"taxonomy":"product_cat","embeddable":true,"href":"https:\/\/nabytoklaguna.sk\/sk\/wp-json\/wp\/v2\/product_cat?post=119732"},{"taxonomy":"product_tag","embeddable":true,"href":"https:\/\/nabytoklaguna.sk\/sk\/wp-json\/wp\/v2\/product_tag?post=119732"}],"curies":[{"name":"wp","href":"https:\/\/api.w.org\/{rel}","templated":true}]}}

<p>Dizajnový, netradičný a moderný konferenčný stolík PULA, ktorý vám ponúka dostatok úložného priestoru. Vyrobený je z DTD laminovanej vo farebnej kombinácii dub sonoma, biela. Oceníte aj výškovo nastaviteľnú vrchnú dosku.</p>
<ul>
<li><b>Materiál:</b> DTD laminovaná</li>
<li><b>Farba:</b> dub sonoma/biela</li>
<li><b>Rozmery leňoška (ŠxHxV):</b> 98x50x43/54 cm</li>
<li>Výškovo nastaviteľná vrchná doska</li>
<li>S ručným zdvíhacím mechanizmom</li>
<li>S úložným priestorom pod vrchnou doskou</li>
<li>S policou</li>
<li>Dodávané v demonte</li>
</ul>

<p>Dizajnový, netradičný a moderný konferenčný stolík PULA, ktorý vám ponúka dostatok úložného priestoru. Vyrobený je z DTD laminovanej vo farebnej kombinácii dub sonoma, biela. Oceníte aj výškovo nastaviteľnú vrchnú dosku. Materiál: DTD laminovaná Farba: dub sonoma/biela Rozmery leňoška (ŠxHxV): 98x50x43/54 cm Výškovo nastaviteľná vrchná doska S ručným zdvíhacím mechanizmom S úložným priestorom pod vrchnou doskou S policou Dodávané&#8230;</p>
