{"id":119738,"date":"2023-04-22T20:12:00","date_gmt":"2023-04-22T20:12:00","guid":{"rendered":"https:\/\/nabytoklaguna.sk\/sk\/?post_type=product&#038;p=119738"},"modified":"2026-01-13T14:48:22","modified_gmt":"2026-01-13T13:48:22","slug":"k-amias","status":"publish","type":"product","link":"https:\/\/nabytoklaguna.sk\/sk\/produkt\/k-amias\/","title":{"rendered":"K AMIAS"},"content":{"rendered":"<p>Elegantn\u00fd set dvoch stol\u00edkov AMIAS si zamilujete na prv\u00fd poh\u013ead. Vyroben\u00fd je z MDF s PVC f\u00f3liou v \u010diernej farbe, nohy s\u00fa z chr\u00f3mu.<\/p>\n<ul>\n<li><b>Materi\u00e1l:<\/b>\u00a0MDF s PVC f\u00f3liou\/chr\u00f3m<\/li>\n<li><b>Farba:<\/b>\u00a0\u010dierna\/chr\u00f3mov\u00e1<\/li>\n<li><b>Rozmery v\u00e4\u010d\u0161ieho stol\u00edka (\u0160xHxV):<\/b>\u00a075x75x37 cm<\/li>\n<li><b>Rozmery men\u0161ieho stol\u00edka (\u0160xHxV):<\/b>\u00a065x65x32 cm<\/li>\n<li>Set dvoch konferen\u010dn\u00fdch stol\u00edkov<\/li>\n<li>Dod\u00e1van\u00e9 v demonte<\/li>\n<\/ul>\n","protected":false},"excerpt":{"rendered":"<p>Elegantn\u00fd set dvoch stol\u00edkov AMIAS si zamilujete na prv\u00fd poh\u013ead. Vyroben\u00fd je z MDF s PVC f\u00f3liou v \u010diernej farbe, nohy s\u00fa z chr\u00f3mu. Materi\u00e1l:\u00a0MDF s PVC f\u00f3liou\/chr\u00f3m Farba:\u00a0\u010dierna\/chr\u00f3mov\u00e1 Rozmery v\u00e4\u010d\u0161ieho stol\u00edka (\u0160xHxV):\u00a075x75x37 cm Rozmery men\u0161ieho stol\u00edka (\u0160xHxV):\u00a065x65x32 cm Set dvoch konferen\u010dn\u00fdch stol\u00edkov Dod\u00e1van\u00e9 v demonte<\/p>\n","protected":false},"featured_media":67156,"comment_status":"closed","ping_status":"closed","template":"","meta":{"_seopress_robots_primary_cat":"182","_seopress_titles_title":"","_seopress_titles_desc":"","_seopress_robots_index":""},"product_brand":[],"product_cat":[221],"product_tag":[],"class_list":{"0":"post-119738","1":"product","2":"type-product","3":"status-publish","4":"has-post-thumbnail","6":"product_cat-konferencne-stoliky","8":"first","9":"onbackorder","10":"shipping-taxable","11":"purchasable","12":"product-type-simple"},"_links":{"self":[{"href":"https:\/\/nabytoklaguna.sk\/sk\/wp-json\/wp\/v2\/product\/119738","targetHints":{"allow":["GET"]}}],"collection":[{"href":"https:\/\/nabytoklaguna.sk\/sk\/wp-json\/wp\/v2\/product"}],"about":[{"href":"https:\/\/nabytoklaguna.sk\/sk\/wp-json\/wp\/v2\/types\/product"}],"replies":[{"embeddable":true,"href":"https:\/\/nabytoklaguna.sk\/sk\/wp-json\/wp\/v2\/comments?post=119738"}],"wp:featuredmedia":[{"embeddable":true,"href":"https:\/\/nabytoklaguna.sk\/sk\/wp-json\/wp\/v2\/media\/67156"}],"wp:attachment":[{"href":"https:\/\/nabytoklaguna.sk\/sk\/wp-json\/wp\/v2\/media?parent=119738"}],"wp:term":[{"taxonomy":"product_brand","embeddable":true,"href":"https:\/\/nabytoklaguna.sk\/sk\/wp-json\/wp\/v2\/product_brand?post=119738"},{"taxonomy":"product_cat","embeddable":true,"href":"https:\/\/nabytoklaguna.sk\/sk\/wp-json\/wp\/v2\/product_cat?post=119738"},{"taxonomy":"product_tag","embeddable":true,"href":"https:\/\/nabytoklaguna.sk\/sk\/wp-json\/wp\/v2\/product_tag?post=119738"}],"curies":[{"name":"wp","href":"https:\/\/api.w.org\/{rel}","templated":true}]}}

<p>Elegantný set dvoch stolíkov AMIAS si zamilujete na prvý pohľad. Vyrobený je z MDF s PVC fóliou v čiernej farbe, nohy sú z chrómu.</p>
<ul>
<li><b>Materiál:</b> MDF s PVC fóliou/chróm</li>
<li><b>Farba:</b> čierna/chrómová</li>
<li><b>Rozmery väčšieho stolíka (ŠxHxV):</b> 75x75x37 cm</li>
<li><b>Rozmery menšieho stolíka (ŠxHxV):</b> 65x65x32 cm</li>
<li>Set dvoch konferenčných stolíkov</li>
<li>Dodávané v demonte</li>
</ul>

<p>Elegantný set dvoch stolíkov AMIAS si zamilujete na prvý pohľad. Vyrobený je z MDF s PVC fóliou v čiernej farbe, nohy sú z chrómu. Materiál: MDF s PVC fóliou/chróm Farba: čierna/chrómová Rozmery väčšieho stolíka (ŠxHxV): 75x75x37 cm Rozmery menšieho stolíka (ŠxHxV): 65x65x32 cm Set dvoch konferenčných stolíkov Dodávané v demonte</p>
